808
CXUS51 KRLX 011724
CLMBKW


CLIMATE REPORT
NATIONAL WEATHER SERVICE CHARLESTON WV
122 PM EDT TUE JUL 1 2014

...................................

...THE BECKLEY CLIMATE SUMMARY FOR THE MONTH OF JUNE 2014...

CLIMATE NORMAL PERIOD 1981 TO 2010
CLIMATE RECORD PERIOD 1963 TO 2014

WEATHER         OBSERVED          NORMAL  DEPART  LAST YEAR`S
                 VALUE   DATE(S)  VALUE   FROM    VALUE  DATE(S)
                                          NORMAL
................................................................
TEMPERATURE (F)
RECORD
 HIGH              96   06/29/2012
 LOW               32   06/11/1972
HIGHEST            85   06/18                         84
                        06/16
LOWEST             48   06/07                         51
                        06/06
AVG. MAXIMUM     79.4              77.0     2.4     77.5
AVG. MINIMUM     60.7              57.8     2.9     59.9
MEAN             70.0              67.4     2.6     68.7
DAYS MAX >= 90      0               0.0     0.0        0
DAYS MAX <= 32      0               0.0     0.0        0
DAYS MIN <= 32      0               0.0     0.0        0
DAYS MIN <= 0       0               0.0     0.0        0

PRECIPITATION (INCHES)
RECORD
 MAXIMUM         8.03   1950
 MINIMUM         1.26   1999
TOTALS           3.86              4.00   -0.14     4.82
DAILY AVG.       0.13              0.13    0.00     0.16
DAYS >= .01        13              13.2    -0.2       17
DAYS >= .10         9               8.5     0.5       12
DAYS >= .50         2               2.8    -0.8        3
DAYS >= 1.00        1               0.7     0.3        0
GREATEST
 24 HR. TOTAL    1.21   06/12 TO 06/13           06/17 TO 06/18
                                                          06/30 TO 06/30
                                                          06/30 TO 06/30

SNOWFALL (INCHES)
RECORDS
 TOTAL             MM   MM
TOTALS            0.0               0.0     0.0      0.0
SINCE 7/1        76.3              62.0    14.3     72.0
SNOWDEPTH AVG.      0                MM      MM        0
DAYS >= 1.0         0               0.0     0.0        0
GREATEST
 SNOW DEPTH         0   MM                             0
 24 HR TOTAL      0.0   06/30 TO 06/30               0.0

DEGREE_DAYS
HEATING TOTAL      12                39     -27        7
 SINCE 7/1       5443              5340     103     5275
COOLING TOTAL     171               111      60      125
 SINCE 1/1        246               152      94      192
.................................................

WIND (MPH)
AVERAGE WIND SPEED              6.1
HIGHEST WIND SPEED/DIRECTION    32/270    DATE  06/11
HIGHEST GUST SPEED/DIRECTION    46/270    DATE  06/11

SKY COVER
POSSIBLE SUNSHINE (PERCENT)   MM
AVERAGE SKY COVER           0.40
NUMBER OF DAYS FAIR           12
NUMBER OF DAYS PC             16
NUMBER OF DAYS CLOUDY          2

AVERAGE RH (PERCENT)     71

WEATHER CONDITIONS. NUMBER OF DAYS WITH
THUNDERSTORM              0     MIXED PRECIP               0
HEAVY RAIN                7     RAIN                       6
LIGHT RAIN               14     FREEZING RAIN              0
LT FREEZING RAIN          0     HAIL                       0
HEAVY SNOW                0     SNOW                       0
LIGHT SNOW                0     SLEET                      0
FOG                      20     FOG W/VIS <= 1/4 MILE      7
HAZE                      3

-  INDICATES NEGATIVE NUMBERS.
R  INDICATES RECORD WAS SET OR TIED.
MM INDICATES DATA IS MISSING.
T  INDICATES TRACE AMOUNT.

$$




U.S. Dept. of Commerce
NOAA National Weather Service
1325 East West Highway
Silver Spring, MD 20910
E-mail: w-nws.webmaster@noaa.gov
Page last modified: May 16, 2007
NATIONAL WEATHER SERVICE: for Safety, for Work, for Fun - FOR LIFE