468
CXUS51 KRLX 041347
CLMBKW


CLIMATE REPORT
NATIONAL WEATHER SERVICE CHARLESTON WV
945 AM EDT SAT OCT 4 2014

...................................

...THE BECKLEY CLIMATE SUMMARY FOR THE MONTH OF SEPTEMBER 2014...

CLIMATE NORMAL PERIOD 1981 TO 2010
CLIMATE RECORD PERIOD 1963 TO 2014

WEATHER         OBSERVED          NORMAL  DEPART  LAST YEAR`S
                 VALUE   DATE(S)  VALUE   FROM    VALUE  DATE(S)
                                          NORMAL
................................................................
TEMPERATURE (F)
RECORD
 HIGH              93   09/03/2011
 LOW               30   09/24/1983
HIGHEST            85   09/02                         84
LOWEST             39   09/23                         43
AVG. MAXIMUM     73.6              72.9     0.7     73.4
AVG. MINIMUM     57.1              53.4     3.7     54.2
MEAN             65.4              63.2     2.2     63.8
DAYS MAX >= 90      0               0.1    -0.1        0
DAYS MAX <= 32      0               0.0     0.0        0
DAYS MIN <= 32      0               0.1    -0.1        0
DAYS MIN <= 0       0               0.0     0.0        0

PRECIPITATION (INCHES)
RECORD
 MAXIMUM         8.27   1964
 MINIMUM         0.17   1914
TOTALS           2.22              3.01   -0.79     1.72
DAILY AVG.       0.07              0.10   -0.03     0.06
DAYS >= .01        10               9.6     0.4        9
DAYS >= .10         3               5.7    -2.7        3
DAYS >= .50         1               1.8    -0.8        1
DAYS >= 1.00        1               0.7     0.3        0
GREATEST
 24 HR. TOTAL    1.23   09/02 TO 09/02           09/21 TO 09/21
                                                          09/30 TO 09/30
                                                          09/30 TO 09/30

SNOWFALL (INCHES)
RECORDS
 TOTAL             MM   MM
TOTALS            0.0               0.0     0.0      0.0
SINCE 7/1         0.0               0.0     0.0      0.0
SNOWDEPTH AVG.      0                MM      MM        0
DAYS >= 1.0         0               0.0     0.0        0
GREATEST
 SNOW DEPTH         0   MM                             0
 24 HR TOTAL      0.0   09/30 TO 09/30               0.0

DEGREE_DAYS
HEATING TOTAL      59               113     -54       89
 SINCE 7/1         88               134     -46      109
COOLING TOTAL      78                57      21       57
 SINCE 1/1        602               550      52      600
.................................................

WIND (MPH)
AVERAGE WIND SPEED              5.7
HIGHEST WIND SPEED/DIRECTION    22/120    DATE  09/19
HIGHEST GUST SPEED/DIRECTION    29/120    DATE  09/19

SKY COVER
POSSIBLE SUNSHINE (PERCENT)   MM
AVERAGE SKY COVER           0.50
NUMBER OF DAYS FAIR           10
NUMBER OF DAYS PC             12
NUMBER OF DAYS CLOUDY          8

AVERAGE RH (PERCENT)     75

WEATHER CONDITIONS. NUMBER OF DAYS WITH
THUNDERSTORM              0     MIXED PRECIP               0
HEAVY RAIN                2     RAIN                       6
LIGHT RAIN               11     FREEZING RAIN              0
LT FREEZING RAIN          0     HAIL                       0
HEAVY SNOW                0     SNOW                       0
LIGHT SNOW                0     SLEET                      0
FOG                      20     FOG W/VIS <= 1/4 MILE      6
HAZE                      2

-  INDICATES NEGATIVE NUMBERS.
R  INDICATES RECORD WAS SET OR TIED.
MM INDICATES DATA IS MISSING.
T  INDICATES TRACE AMOUNT.

$$




U.S. Dept. of Commerce
NOAA National Weather Service
1325 East West Highway
Silver Spring, MD 20910
E-mail: w-nws.webmaster@noaa.gov
Page last modified: May 16, 2007
NATIONAL WEATHER SERVICE: for Safety, for Work, for Fun - FOR LIFE