109
CXUS51 KRLX 022211
CLMBKW


CLIMATE REPORT
NATIONAL WEATHER SERVICE CHARLESTON WV
510 PM EST TUE DEC 2 2014

...................................

...THE BECKLEY CLIMATE SUMMARY FOR THE MONTH OF NOVEMBER 2014...

CLIMATE NORMAL PERIOD 1981 TO 2010
CLIMATE RECORD PERIOD 1963 TO 2014

WEATHER         OBSERVED          NORMAL  DEPART  LAST YEAR`S
                 VALUE   DATE(S)  VALUE   FROM    VALUE  DATE(S)
                                          NORMAL
................................................................
TEMPERATURE (F)
RECORD
 HIGH              79   11/02/2004
                        11/04/2003
 LOW                4   11/25/1970
HIGHEST            71   11/11                         67
LOWEST              9   11/19                         12
AVG. MAXIMUM     47.3              53.0    -5.7     49.5
AVG. MINIMUM     29.1              34.8    -5.7     30.1
MEAN             38.2              43.9    -5.7     39.8
DAYS MAX >= 90      0               0.0     0.0        0
DAYS MAX <= 32      3               1.3     1.7        2
DAYS MIN <= 32     19              12.7     6.3       20
DAYS MIN <= 0       0               0.0     0.0        0

PRECIPITATION (INCHES)
RECORD
 MAXIMUM         6.68   2003
 MINIMUM         0.66   2001
TOTALS           2.20              2.95   -0.75     3.28
DAILY AVG.       0.07              0.10   -0.03     0.11
DAYS >= .01        11              12.2    -1.2       14
DAYS >= .10         7               6.6     0.4        7
DAYS >= .50         0               1.8    -1.8        2
DAYS >= 1.00        0               0.4    -0.4        1
GREATEST
 24 HR. TOTAL    0.55   11/16 TO 11/17           11/26 TO 11/27
                                                          11/27 TO 11/27
                                                          11/27 TO 11/27

SNOWFALL (INCHES)
RECORDS
 TOTAL           32.0   1913
TOTALS            3.7               2.6     1.1      6.5
SINCE 7/1         3.7               3.0     0.7      6.5
SNOWDEPTH AVG.      0                MM      MM        0
DAYS >= 1.0         1               0.9     0.1        3
GREATEST
 SNOW DEPTH         2   11/28                          5
 24 HR TOTAL      1.1   MM                           3.6

DEGREE_DAYS
HEATING TOTAL     797               634     163      749
 SINCE 7/1       1241              1140     101     1182
COOLING TOTAL       0                 1      -1        0
 SINCE 1/1        602               557      45      615
........................................................

WIND (MPH)
AVERAGE WIND SPEED              8.4
HIGHEST WIND SPEED/DIRECTION    37/220    DATE  11/24
HIGHEST GUST SPEED/DIRECTION    50/210    DATE  11/24

SKY COVER
POSSIBLE SUNSHINE (PERCENT)   MM
AVERAGE SKY COVER           0.60
NUMBER OF DAYS FAIR           10
NUMBER OF DAYS PC              8
NUMBER OF DAYS CLOUDY         12

AVERAGE RH (PERCENT)     62

WEATHER CONDITIONS. NUMBER OF DAYS WITH
THUNDERSTORM              0     MIXED PRECIP               0
HEAVY RAIN                0     RAIN                       5
LIGHT RAIN                9     FREEZING RAIN              0
LT FREEZING RAIN          0     HAIL                       0
HEAVY SNOW                0     SNOW                       2
LIGHT SNOW                9     SLEET                      0
FOG                      13     FOG W/VIS <= 1/4 MILE      4
HAZE                      3

-  INDICATES NEGATIVE NUMBERS.
R  INDICATES RECORD WAS SET OR TIED.
MM INDICATES DATA IS MISSING.
T  INDICATES TRACE AMOUNT.

$$




U.S. Dept. of Commerce
NOAA National Weather Service
1325 East West Highway
Silver Spring, MD 20910
E-mail: w-nws.webmaster@noaa.gov
Page last modified: May 16, 2007
NATIONAL WEATHER SERVICE: for Safety, for Work, for Fun - FOR LIFE