273
CXUS54 KBMX 011416
CLMBHM


CLIMATE REPORT
NATIONAL WEATHER SERVICE BIRMINGHAM, AL
914 AM CDT TUE JUL 1 2014

...................................

...THE BIRMINGHAM CLIMATE SUMMARY FOR THE MONTH OF JUNE 2014...

CLIMATE NORMAL PERIOD 1981 TO 2010
CLIMATE RECORD PERIOD 1895 TO 2014

WEATHER         OBSERVED          NORMAL  DEPART  LAST YEAR`S
                 VALUE   DATE(S)  VALUE   FROM    VALUE  DATE(S)
                                          NORMAL
................................................................
TEMPERATURE (F)
RECORD
 HIGH             106   06/29/1931
 LOW               42   06/01/1966
HIGHEST            92   06/30        MM      MM       94  06/12
                        06/21
                        06/20
LOWEST             64   06/14        MM      MM       64  06/15
AVG. MAXIMUM     87.1              87.7    -0.6     87.4
AVG. MINIMUM     69.6              67.7     1.9     70.1
MEAN             78.3                               78.8
DAYS MAX >= 90      9              10.6    -1.6        7
DAYS MAX <= 32      0               0.0     0.0        0
DAYS MIN <= 32      0               0.0     0.0        0
DAYS MIN <= 0       0               0.0     0.0        0

PRECIPITATION (INCHES)
RECORD
 MAXIMUM        12.09   1900
 MINIMUM         0.47   1931
TOTALS           4.81              4.38    0.43     8.66
DAILY AVG.       0.16              0.15    0.01     0.29
DAYS >= .01        12              11.0     1.0        9
DAYS >= .10         9               7.9     1.1        7
DAYS >= .50         4               3.3     0.7        5
DAYS >= 1.00        0               1.1    -1.1        3

DEGREE_DAYS
HEATING TOTAL       0                 1      -1        0
 SINCE 7/1       3000              2677     323     2658
COOLING TOTAL     406               382      24      421
 SINCE 1/1        699               664      35      686
.................................................................

WIND (MPH)
AVERAGE WIND SPEED              4.7
HIGHEST WIND SPEED/DIRECTION    38/330    DATE  06/16
HIGHEST GUST SPEED/DIRECTION    47/350    DATE  06/07

AVERAGE RH (PERCENT)     72

WEATHER CONDITIONS. NUMBER OF DAYS WITH
THUNDERSTORM              0     MIXED PRECIP               0
HEAVY RAIN                5     RAIN                       8
LIGHT RAIN               14     FREEZING RAIN              0
LT FREEZING RAIN          0     HAIL                       0
HEAVY SNOW                0     SNOW                       0
LIGHT SNOW                0     SLEET                      0
FOG                      15     FOG W/VIS <= 1/4 MILE      0
HAZE                      8

-  INDICATES NEGATIVE NUMBERS.
R  INDICATES RECORD WAS SET OR TIED.
MM INDICATES DATA IS MISSING.
T  INDICATES TRACE AMOUNT.

$$




U.S. Dept. of Commerce
NOAA National Weather Service
1325 East West Highway
Silver Spring, MD 20910
E-mail: w-nws.webmaster@noaa.gov
Page last modified: May 16, 2007
NATIONAL WEATHER SERVICE: for Safety, for Work, for Fun - FOR LIFE