437
CXUS54 KBMX 012134
CLMBHM


CLIMATE REPORT
NATIONAL WEATHER SERVICE BIRMINGHAM, AL
434 PM CDT FRI AUG 1 2014

...................................

...THE BIRMINGHAM CLIMATE SUMMARY FOR THE MONTH OF JULY 2014...

CLIMATE NORMAL PERIOD 1981 TO 2010
CLIMATE RECORD PERIOD 1895 TO 2014

WEATHER         OBSERVED          NORMAL  DEPART  LAST YEAR`S
                 VALUE   DATE(S)  VALUE   FROM    VALUE  DATE(S)
                                          NORMAL
................................................................
TEMPERATURE (F)
RECORD
 HIGH             107   07/29/1930
 LOW               51   07/15/1967
HIGHEST            97   07/27        MM      MM       93  07/17
LOWEST             57   07/30        MM      MM       66  07/26
                                                          07/13
                                                          07/02
AVG. MAXIMUM     89.0              90.8    -1.8     86.1
AVG. MINIMUM     68.4              71.4    -3.0     70.2
MEAN             78.7                               78.2
DAYS MAX >= 90     13              18.4    -5.4        6
DAYS MAX <= 32      0               0.0     0.0        0
DAYS MIN <= 32      0               0.0     0.0        0
DAYS MIN <= 0       0               0.0     0.0        0

PRECIPITATION (INCHES)
RECORD
 MAXIMUM        20.12   1916
 MINIMUM         0.30   1983
TOTALS           0.92              4.80   -3.88     8.80
DAILY AVG.       0.03              0.15   -0.12     0.28
DAYS >= .01         6              11.7    -5.7       17
DAYS >= .10         3               7.6    -4.6       11
DAYS >= .50         0               3.2    -3.2        5
DAYS >= 1.00        0               1.2    -1.2        3

DEGREE_DAYS
HEATING TOTAL       0                 0       0        0
 SINCE 7/1          0                 0       0        0
COOLING TOTAL     432               499     -67      416
 SINCE 1/1       1131              1163     -32     1102
.................................................................

WIND (MPH)
AVERAGE WIND SPEED              4.9
HIGHEST WIND SPEED/DIRECTION    30/310    DATE  07/14
HIGHEST GUST SPEED/DIRECTION    43/310    DATE  07/14

AVERAGE RH (PERCENT)     66

WEATHER CONDITIONS. NUMBER OF DAYS WITH
THUNDERSTORM              0     MIXED PRECIP               0
HEAVY RAIN                1     RAIN                       3
LIGHT RAIN                7     FREEZING RAIN              0
LT FREEZING RAIN          0     HAIL                       0
HEAVY SNOW                0     SNOW                       0
LIGHT SNOW                0     SLEET                      0
FOG                      11     FOG W/VIS <= 1/4 MILE      0
HAZE                      2

-  INDICATES NEGATIVE NUMBERS.
R  INDICATES RECORD WAS SET OR TIED.
MM INDICATES DATA IS MISSING.
T  INDICATES TRACE AMOUNT.

$$




U.S. Dept. of Commerce
NOAA National Weather Service
1325 East West Highway
Silver Spring, MD 20910
E-mail: w-nws.webmaster@noaa.gov
Page last modified: May 16, 2007
NATIONAL WEATHER SERVICE: for Safety, for Work, for Fun - FOR LIFE