214
CXUS54 KBMX 012124
CLMBHM


CLIMATE REPORT
NATIONAL WEATHER SERVICE BIRMINGHAM, AL
423 PM CDT TUE APR 1 2014

...................................

...THE BIRMINGHAM CLIMATE SUMMARY FOR THE MONTH OF MARCH 2014...

CLIMATE NORMAL PERIOD 1981 TO 2010
CLIMATE RECORD PERIOD 1895 TO 2014

WEATHER         OBSERVED          NORMAL  DEPART  LAST YEAR`S
                 VALUE   DATE(S)  VALUE   FROM    VALUE  DATE(S)
                                          NORMAL
................................................................
TEMPERATURE (F)
RECORD
 HIGH              90   03/21/1907
 LOW                2   03/14/1993
HIGHEST            78   03/31        MM      MM       76  03/18
                        03/22                             03/16
                        03/11                             03/15
LOWEST             25   03/26        MM      MM       26  03/07
AVG. MAXIMUM     64.7              66.7    -2.0     60.9
AVG. MINIMUM     40.7              43.7    -3.0     38.5
MEAN             52.7                               49.7
DAYS MAX >= 90      0               0.0     0.0        0
DAYS MAX <= 32      0               0.1    -0.1        0
DAYS MIN <= 32      6               3.7     2.3       12
DAYS MIN <= 0       0               0.0     0.0        0

PRECIPITATION (INCHES)
RECORD
 MAXIMUM        15.80   1980
 MINIMUM         0.32   1918
TOTALS           4.72              5.23   -0.51     5.19
DAILY AVG.       0.15              0.17   -0.02     0.17
DAYS >= .01        11              10.2     0.8        9
DAYS >= .10         8               6.9     1.1        6
DAYS >= .50         2               3.6    -1.6        2
DAYS >= 1.00        2               1.6     0.4        1

DEGREE_DAYS
HEATING TOTAL     373               322      51      467
 SINCE 7/1       2871              2512     359     2465
COOLING TOTAL       0                18     -18        1
 SINCE 1/1          3                22     -19        7
.................................................................

WIND (MPH)
AVERAGE WIND SPEED              6.2
HIGHEST WIND SPEED/DIRECTION    39/320    DATE  03/03
HIGHEST GUST SPEED/DIRECTION    48/310    DATE  03/03

AVERAGE RH (PERCENT)     63

WEATHER CONDITIONS. NUMBER OF DAYS WITH
THUNDERSTORM              0     MIXED PRECIP               0
HEAVY RAIN                4     RAIN                       8
LIGHT RAIN               10     FREEZING RAIN              0
LT FREEZING RAIN          0     HAIL                       0
HEAVY SNOW                0     SNOW                       0
LIGHT SNOW                0     SLEET                      0
FOG                      17     FOG W/VIS <= 1/4 MILE      0
HAZE                      8

-  INDICATES NEGATIVE NUMBERS.
R  INDICATES RECORD WAS SET OR TIED.
MM INDICATES DATA IS MISSING.
T  INDICATES TRACE AMOUNT.

$$




U.S. Dept. of Commerce
NOAA National Weather Service
1325 East West Highway
Silver Spring, MD 20910
E-mail: w-nws.webmaster@noaa.gov
Page last modified: May 16, 2007
NATIONAL WEATHER SERVICE: for Safety, for Work, for Fun - FOR LIFE