370
CXUS54 KBMX 011257
CLMBHM


CLIMATE REPORT
NATIONAL WEATHER SERVICE BIRMINGHAM, AL
757 AM CDT SAT NOV 1 2014

...................................

...THE BIRMINGHAM CLIMATE SUMMARY FOR THE MONTH OF OCTOBER 2014...

CLIMATE NORMAL PERIOD 1981 TO 2010
CLIMATE RECORD PERIOD 1895 TO 2014

WEATHER         OBSERVED          NORMAL  DEPART  LAST YEAR`S
                 VALUE   DATE(S)  VALUE   FROM    VALUE  DATE(S)
                                          NORMAL
................................................................
TEMPERATURE (F)
RECORD
 HIGH              94   10/06/1954
                        10/06/1941
                        10/05/1927
 LOW               27   10/28/1957
                        10/29/1952
                        10/29/1910
HIGHEST            88   10/09        MM      MM       89  10/05
                        10/08
                        10/02
LOWEST             39   10/31        MM      MM       34  10/26
AVG. MAXIMUM     78.0              75.3     2.7     76.0
AVG. MINIMUM     54.1              52.9     1.2     54.4
MEAN             66.1                               65.2
DAYS MAX >= 90      0               0.3    -0.3        0
DAYS MAX <= 32      0               0.0     0.0        0
DAYS MIN <= 32      0               0.3    -0.3        0
DAYS MIN <= 0       0               0.0     0.0        0

PRECIPITATION (INCHES)
RECORD
 MAXIMUM        11.90   1995
 MINIMUM         0.00   1924
TOTALS           3.66              3.44    0.22     1.96
DAILY AVG.       0.12              0.11    0.01     0.06
DAYS >= .01         7               7.6    -0.6        7
DAYS >= .10         6               4.9     1.1        4
DAYS >= .50         2               2.4    -0.4        2
DAYS >= 1.00        1               1.0     0.0        0

DEGREE_DAYS
HEATING TOTAL      87               118     -31       97
 SINCE 7/1         87               127     -40       97
COOLING TOTAL     127                90      37      109
 SINCE 1/1       2143              2040     103     1952
.................................................................

WIND (MPH)
AVERAGE WIND SPEED              6.0
HIGHEST WIND SPEED/DIRECTION    29/350    DATE  10/31
HIGHEST GUST SPEED/DIRECTION    40/350    DATE  10/31

AVERAGE RH (PERCENT)     66

WEATHER CONDITIONS. NUMBER OF DAYS WITH
THUNDERSTORM              0     MIXED PRECIP               0
HEAVY RAIN                5     RAIN                       5
LIGHT RAIN                7     FREEZING RAIN              0
LT FREEZING RAIN          0     HAIL                       0
HEAVY SNOW                0     SNOW                       0
LIGHT SNOW                0     SLEET                      0
FOG                      10     FOG W/VIS <= 1/4 MILE      1
HAZE                      2

-  INDICATES NEGATIVE NUMBERS.
R  INDICATES RECORD WAS SET OR TIED.
MM INDICATES DATA IS MISSING.
T  INDICATES TRACE AMOUNT.

$$




U.S. Dept. of Commerce
NOAA National Weather Service
1325 East West Highway
Silver Spring, MD 20910
E-mail: w-nws.webmaster@noaa.gov
Page last modified: May 16, 2007
NATIONAL WEATHER SERVICE: for Safety, for Work, for Fun - FOR LIFE