377
CXUS54 KBMX 031503
CLMBHM


CLIMATE REPORT
NATIONAL WEATHER SERVICE BIRMINGHAM, AL
901 AM CST WED DEC 3 2014

...................................

...THE BIRMINGHAM CLIMATE SUMMARY FOR THE MONTH OF NOVEMBER 2014...

CLIMATE NORMAL PERIOD 1981 TO 2010
CLIMATE RECORD PERIOD 1895 TO 2014

WEATHER         OBSERVED          NORMAL  DEPART  LAST YEAR`S
                 VALUE   DATE(S)  VALUE   FROM    VALUE  DATE(S)
                                          NORMAL
................................................................
TEMPERATURE (F)
RECORD
 HIGH              85   11/02/2003
                        11/01/2000
                        11/01/1998
 LOW                5   11/25/1950
HIGHEST            76   11/11        MM      MM       74  11/06
                                                          11/01
LOWEST             20   11/19        MM      MM       18  11/28
AVG. MAXIMUM     60.4              65.4    -5.0     61.6
AVG. MINIMUM     37.5              43.5    -6.0     39.5
MEAN             49.0                               50.5
DAYS MAX >= 90      0               0.0     0.0        0
DAYS MAX <= 32      0               0.0     0.0        0
DAYS MIN <= 32      9               4.7     4.3        9
DAYS MIN <= 0       0               0.0     0.0        0

PRECIPITATION (INCHES)
RECORD
 MAXIMUM        15.25   1948
 MINIMUM         0.01   1924
TOTALS           4.46              4.85   -0.39     4.12
DAILY AVG.       0.15              0.16   -0.01     0.14
DAYS >= .01         4               9.1    -5.1        9
DAYS >= .10         4               6.6    -2.6        5
DAYS >= .50         3               3.1    -0.1        2
DAYS >= 1.00        2               1.8     0.2        1

DEGREE_DAYS
HEATING TOTAL     475               331     144      431
 SINCE 7/1        562               458     104      528
COOLING TOTAL       0                15     -15        3
 SINCE 1/1       2143              2055      88     1955
.................................................................

WIND (MPH)
AVERAGE WIND SPEED              6.9
HIGHEST WIND SPEED/DIRECTION    24/210    DATE  11/24
HIGHEST GUST SPEED/DIRECTION    31/210    DATE  11/24

AVERAGE RH (PERCENT)     62

WEATHER CONDITIONS. NUMBER OF DAYS WITH
THUNDERSTORM              0     MIXED PRECIP               0
HEAVY RAIN                3     RAIN                       3
LIGHT RAIN                7     FREEZING RAIN              0
LT FREEZING RAIN          0     HAIL                       0
HEAVY SNOW                0     SNOW                       0
LIGHT SNOW                0     SLEET                      0
FOG                       5     FOG W/VIS <= 1/4 MILE      0
HAZE                      3

-  INDICATES NEGATIVE NUMBERS.
R  INDICATES RECORD WAS SET OR TIED.
MM INDICATES DATA IS MISSING.
T  INDICATES TRACE AMOUNT.

$$




U.S. Dept. of Commerce
NOAA National Weather Service
1325 East West Highway
Silver Spring, MD 20910
E-mail: w-nws.webmaster@noaa.gov
Page last modified: May 16, 2007
NATIONAL WEATHER SERVICE: for Safety, for Work, for Fun - FOR LIFE