643
CXUS54 KBMX 011319
CLMBHM


CLIMATE REPORT
NATIONAL WEATHER SERVICE BIRMINGHAM, AL
819 AM CDT MON SEP 1 2014

...................................

...THE BIRMINGHAM CLIMATE SUMMARY FOR THE MONTH OF AUGUST 2014...

CLIMATE NORMAL PERIOD 1981 TO 2010
CLIMATE RECORD PERIOD 1895 TO 2014

WEATHER         OBSERVED          NORMAL  DEPART  LAST YEAR`S
                 VALUE   DATE(S)  VALUE   FROM    VALUE  DATE(S)
                                          NORMAL
................................................................
TEMPERATURE (F)
RECORD
 HIGH             105   08/23/2007
                        08/15/2007
 LOW               51   08/31/1946
HIGHEST            99   08/07        MM      MM       95  08/31
LOWEST             62   08/15        MM      MM       63  08/27
AVG. MAXIMUM     92.1              90.6     1.5     86.5
AVG. MINIMUM     70.2              70.8    -0.6     70.4
MEAN             81.1                               78.4
DAYS MAX >= 90     25              17.1     7.9        8
DAYS MAX <= 32      0               0.0     0.0        0
DAYS MIN <= 32      0               0.0     0.0        0
DAYS MIN <= 0       0               0.0     0.0        0

PRECIPITATION (INCHES)
RECORD
 MAXIMUM        13.83   1901
 MINIMUM         0.38   1989
TOTALS           4.27              3.93    0.34     4.29
DAILY AVG.       0.14              0.13    0.01     0.14
DAYS >= .01         9               9.6    -0.6       13
DAYS >= .10         4               6.1    -2.1        7
DAYS >= .50         4               2.6     1.4        3
DAYS >= 1.00        2               1.2     0.8        1

DEGREE_DAYS
HEATING TOTAL       0                 0       0        0
 SINCE 7/1          0                 0       0        0
COOLING TOTAL     509               487      22      423
 SINCE 1/1       1640              1650     -10     1525
.................................................................

WIND (MPH)
AVERAGE WIND SPEED              4.5
HIGHEST WIND SPEED/DIRECTION    39/270    DATE  08/18
HIGHEST GUST SPEED/DIRECTION    46/270    DATE  08/18

AVERAGE RH (PERCENT)     64

WEATHER CONDITIONS. NUMBER OF DAYS WITH
THUNDERSTORM              0     MIXED PRECIP               0
HEAVY RAIN                5     RAIN                       5
LIGHT RAIN                5     FREEZING RAIN              0
LT FREEZING RAIN          0     HAIL                       0
HEAVY SNOW                0     SNOW                       0
LIGHT SNOW                0     SLEET                      0
FOG                       7     FOG W/VIS <= 1/4 MILE      1
HAZE                      1

-  INDICATES NEGATIVE NUMBERS.
R  INDICATES RECORD WAS SET OR TIED.
MM INDICATES DATA IS MISSING.
T  INDICATES TRACE AMOUNT.

$$




U.S. Dept. of Commerce
NOAA National Weather Service
1325 East West Highway
Silver Spring, MD 20910
E-mail: w-nws.webmaster@noaa.gov
Page last modified: May 16, 2007
NATIONAL WEATHER SERVICE: for Safety, for Work, for Fun - FOR LIFE