520
CXUS54 KAMA 071357
CLMBGD


CLIMATE REPORT
NATIONAL WEATHER SERVICE AMARILLO TX
852 AM CDT TUE OCT 7 2014

...................................

...THE BORGER CLIMATE SUMMARY FOR THE MONTH OF SEPTEMBER 2014...

CLIMATE NORMAL PERIOD 1981 TO 2013
CLIMATE RECORD PERIOD 1949 TO 2014

WEATHER         OBSERVED          NORMAL  DEPART  LAST YEAR`S
                 VALUE   DATE(S)  VALUE   FROM    VALUE  DATE(S)
                                          NORMAL
................................................................
TEMPERATURE (F)
HIGHEST            98   09/03                         99  09/07
LOWEST             46   09/13                         47  09/29
AVG. MAXIMUM     83.0              83.9    -0.9     88.5
AVG. MINIMUM     61.5              60.0     1.5     64.2
MEAN             72.2              72.0     0.2     76.4
DAYS MAX >= 90      6               7.6    -1.6       13
DAYS MAX <= 32      0               0.0     0.0        0
DAYS MIN <= 32      0               0.0     0.0        0
DAYS MIN <= 0       0               0.0     0.0        0

PRECIPITATION (INCHES)
TOTALS           1.82              2.38   -0.56     2.26
DAILY AVG.       0.06              0.08   -0.02     0.08
DAYS >= .01         5               6.1    -1.1        6
DAYS >= .10         3               3.4    -0.4        3
DAYS >= .50         2               1.3     0.7        1
DAYS >= 1.00        0               0.5    -0.5        1
GREATEST
 24 HR. TOTAL    1.51   09/05 TO 09/06

SNOWFALL (INCHES)
TOTALS            0.0                                0.0
SINCE 7/1         0.0                                0.0
DAYS >= TRACE       0                                  0
DAYS >= 1.0         0                                  0
GREATEST
 SNOW DEPTH         0
 24 HR TOTAL      0.0

DEGREE_DAYS
HEATING TOTAL      17                27     -10        3
 SINCE 7/1         18                28     -10        3
COOLING TOTAL     239               235       4      351
 SINCE 1/1       1973              1785     188     2162
.................................................................

WIND (MPH)
AVERAGE WIND SPEED              10.5
HIGHEST WIND SPEED/DIRECTION    29/020    DATE  09/12
HIGHEST GUST SPEED/DIRECTION    38/180    DATE  09/04

SKY COVER
POSSIBLE SUNSHINE (PERCENT)   MM
NUMBER OF DAYS FAIR           21
NUMBER OF DAYS PC              7
NUMBER OF DAYS CLOUDY          2

AVERAGE RH (PERCENT)     63

WEATHER CONDITIONS. NUMBER OF DAYS WITH
THUNDERSTORM              2     MIXED PRECIP               0
HEAVY RAIN                2     RAIN                       3
LIGHT RAIN                5     FREEZING RAIN              0
LT FREEZING RAIN          0     HEAVY SNOW                 0
SNOW                      0     LIGHT SNOW                 0
SLEET                     0     FOG                        5
FOG W/VIS <= 1/4 MILE     0     HAZE                       3

-  INDICATES NEGATIVE NUMBERS.
R  INDICATES RECORD WAS SET OR TIED.
MM INDICATES DATA IS MISSING.
T  INDICATES TRACE AMOUNT.

$$





U.S. Dept. of Commerce
NOAA National Weather Service
1325 East West Highway
Silver Spring, MD 20910
E-mail: w-nws.webmaster@noaa.gov
Page last modified: May 16, 2007
NATIONAL WEATHER SERVICE: for Safety, for Work, for Fun - FOR LIFE