059
CXUS54 KAMA 011531
CLMBGD


CLIMATE REPORT
NATIONAL WEATHER SERVICE AMARILLO TX
931 AM CST THU JAN 1 2015

...................................

...THE BORGER CLIMATE SUMMARY FOR THE MONTH OF DECEMBER 2014...

CLIMATE NORMAL PERIOD 1981 TO 2013
CLIMATE RECORD PERIOD 1949 TO 2014

WEATHER         OBSERVED          NORMAL  DEPART  LAST YEAR`S
                 VALUE   DATE(S)  VALUE   FROM    VALUE  DATE(S)
                                          NORMAL
................................................................
TEMPERATURE (F)
HIGHEST            71   12/13                         75  12/03
LOWEST              5   12/31                          5  12/07
AVG. MAXIMUM     51.4              50.3     1.1     50.7
AVG. MINIMUM     31.0              26.8     4.2     24.5
MEAN             41.2              38.5     2.7     37.6
DAYS MAX >= 90      0               0.0     0.0        0
DAYS MAX <= 32      2               2.6    -0.6        6
DAYS MIN <= 32     11              23.4   -12.4       24
DAYS MIN <= 0       0               0.1    -0.1        0

PRECIPITATION (INCHES)
TOTALS           0.14              0.77   -0.63     0.27
DAILY AVG.       0.00              0.02   -0.02     0.01
DAYS >= .01         3               4.4    -1.4        1
DAYS >= .10         0               2.1    -2.1        1
DAYS >= .50         0               0.5    -0.5        0
DAYS >= 1.00        0               0.0     0.0        0
GREATEST
 24 HR. TOTAL    0.09   12/04 TO 12/04

SNOWFALL (INCHES)
TOTALS            0.4                MM      MM      3.4
SINCE 7/1         2.3                MM      MM      7.2
DAYS >= TRACE       3                MM      MM        4
DAYS >= 1.0         0                MM      MM        1
GREATEST
 SNOW DEPTH         T   12/31
 24 HR TOTAL      0.4   MM

DEGREE_DAYS
HEATING TOTAL     731               820     -89      843
 SINCE 7/1       1416              1537    -121     1557
COOLING TOTAL       0                 0       0        0
 SINCE 1/1       2053              1839     214     2220
.................................................................

WIND (MPH)
AVERAGE WIND SPEED              9.3
HIGHEST WIND SPEED/DIRECTION    39/240    DATE  12/14
HIGHEST GUST SPEED/DIRECTION    50/240    DATE  12/14

SKY COVER
POSSIBLE SUNSHINE (PERCENT)   MM
NUMBER OF DAYS FAIR           16
NUMBER OF DAYS PC             10
NUMBER OF DAYS CLOUDY          5

AVERAGE RH (PERCENT)     60

WEATHER CONDITIONS. NUMBER OF DAYS WITH
THUNDERSTORM              0     MIXED PRECIP               0
HEAVY RAIN                0     RAIN                       0
LIGHT RAIN                6     FREEZING RAIN              0
LT FREEZING RAIN          0     HEAVY SNOW                 0
SNOW                      0     LIGHT SNOW                 2
SLEET                     0     FOG                       14
FOG W/VIS <= 1/4 MILE     2     HAZE                       7

-  INDICATES NEGATIVE NUMBERS.
R  INDICATES RECORD WAS SET OR TIED.
MM INDICATES DATA IS MISSING.
T  INDICATES TRACE AMOUNT.

$$




U.S. Dept. of Commerce
NOAA National Weather Service
1325 East West Highway
Silver Spring, MD 20910
E-mail: w-nws.webmaster@noaa.gov
Page last modified: May 16, 2007
NATIONAL WEATHER SERVICE: for Safety, for Work, for Fun - FOR LIFE