042
CXUS54 KAMA 012322
CLMBGD


CLIMATE REPORT
NATIONAL WEATHER SERVICE AMARILLO TX
618 PM CDT FRI AUG 1 2014

...................................

...THE BORGER CLIMATE SUMMARY FOR THE MONTH OF JULY 2014...

CLIMATE NORMAL PERIOD 1981 TO 2013
CLIMATE RECORD PERIOD 1949 TO 2014

WEATHER         OBSERVED          NORMAL  DEPART  LAST YEAR`S
                 VALUE   DATE(S)  VALUE   FROM    VALUE  DATE(S)
                                          NORMAL
................................................................
TEMPERATURE (F)
HIGHEST           104   07/26                        103  07/13
                        07/25
LOWEST             58   07/17                         57  07/02
AVG. MAXIMUM     90.7              94.1    -3.4     92.5
AVG. MINIMUM     69.1              69.8    -0.7     69.5
MEAN             79.9              82.0    -2.1     81.0
DAYS MAX >= 90     20              24.6    -4.6       21
DAYS MAX <= 32      0               0.0     0.0        0
DAYS MIN <= 32      0               0.0     0.0        0
DAYS MIN <= 0       0               0.0     0.0        0

PRECIPITATION (INCHES)
TOTALS           3.17              2.62    0.55     2.19
DAILY AVG.       0.10              0.08    0.02     0.07
DAYS >= .01         7               6.5     0.5       12
DAYS >= .10         4               4.4    -0.4        3
DAYS >= .50         3               1.6     1.4        2
DAYS >= 1.00        1               0.6     0.4        0
GREATEST
 24 HR. TOTAL    1.52   07/16

SNOWFALL (INCHES)
TOTALS            0.0                                0.0
SINCE 7/1         0.0                                0.0
DAYS >= TRACE       0                                  0
DAYS >= 1.0         0                                  0
GREATEST
 SNOW DEPTH         0
 24 HR TOTAL      0.0

DEGREE_DAYS
HEATING TOTAL       1                 0       1        0
 SINCE 7/1          1                 0       1        0
COOLING TOTAL     470               526     -56      504
 SINCE 1/1       1191              1081     110     1285
.................................................................

WIND (MPH)
AVERAGE WIND SPEED              10.6
HIGHEST WIND SPEED/DIRECTION    30/140    DATE  07/01
HIGHEST GUST SPEED/DIRECTION    38/140    DATE  07/01

SKY COVER
POSSIBLE SUNSHINE (PERCENT)   MM
NUMBER OF DAYS FAIR           23
NUMBER OF DAYS PC              6
NUMBER OF DAYS CLOUDY          2

AVERAGE RH (PERCENT)     54

WEATHER CONDITIONS. NUMBER OF DAYS WITH
THUNDERSTORM              8     MIXED PRECIP               0
HEAVY RAIN                4     RAIN                       4
LIGHT RAIN                9     FREEZING RAIN              0
LT FREEZING RAIN          0     HEAVY SNOW                 0
SNOW                      0     LIGHT SNOW                 0
SLEET                     0     FOG                        5
FOG W/VIS <= 1/4 MILE     0     HAZE                       0

-  INDICATES NEGATIVE NUMBERS.
R  INDICATES RECORD WAS SET OR TIED.
MM INDICATES DATA IS MISSING.
T  INDICATES TRACE AMOUNT.

$$





U.S. Dept. of Commerce
NOAA National Weather Service
1325 East West Highway
Silver Spring, MD 20910
E-mail: w-nws.webmaster@noaa.gov
Page last modified: May 16, 2007
NATIONAL WEATHER SERVICE: for Safety, for Work, for Fun - FOR LIFE