658
CXUS54 KAMA 011421
CLMBGD


CLIMATE REPORT
NATIONAL WEATHER SERVICE AMARILLO TX
917 AM CDT TUE APR 1 2014

...................................

...THE BORGER CLIMATE SUMMARY FOR THE MONTH OF MARCH 2014...

CLIMATE NORMAL PERIOD 1981 TO 2013
CLIMATE RECORD PERIOD 1949 TO 2014

WEATHER         OBSERVED          NORMAL  DEPART  LAST YEAR`S
                 VALUE   DATE(S)  VALUE   FROM    VALUE  DATE(S)
                                          NORMAL
................................................................
TEMPERATURE (F)
HIGHEST            81   03/20                         85  03/15
                        03/10
LOWEST              2   03/03                         22  03/26
                                                          03/24
AVG. MAXIMUM     63.3              62.9     0.4     64.3
AVG. MINIMUM     33.9              36.3    -2.4     35.7
MEAN             48.6              49.6    -1.0     50.0
DAYS MAX >= 90      0               0.2    -0.2        0
DAYS MAX <= 32      1               0.4     0.6        0
DAYS MIN <= 32     16               9.6     6.4       11
DAYS MIN <= 0       0               0.0     0.0        0

PRECIPITATION (INCHES)
TOTALS           0.07              1.41   -1.34     0.29
DAILY AVG.       0.00              0.05   -0.05     0.01
DAYS >= .01         3               6.0    -3.0        3
DAYS >= .10         0               3.1    -3.1        2
DAYS >= .50         0               1.1    -1.1        0
DAYS >= 1.00        0               0.2    -0.2        0
GREATEST
 24 HR. TOTAL    0.04   03/02 TO 03/02

SNOWFALL (INCHES)
TOTALS            1.0                MM      MM      0.3
SINCE 7/1        13.6                MM      MM     27.5
DAYS >= TRACE       3                MM      MM        2
DAYS >= 1.0         1                MM      MM        0
GREATEST
 SNOW DEPTH         1   03/03
 24 HR TOTAL      1.0   03/02 TO 03/02

DEGREE_DAYS
HEATING TOTAL     502               484      18      458
 SINCE 7/1       3580              3477     103     3180
COOLING TOTAL       2                 7      -5        0
 SINCE 1/1          2                 7      -5        0
.................................................................

WIND (MPH)
AVERAGE WIND SPEED              13.2
HIGHEST WIND SPEED/DIRECTION    43/360    DATE  03/15
HIGHEST GUST SPEED/DIRECTION    54/330    DATE  03/18

SKY COVER
POSSIBLE SUNSHINE (PERCENT)   MM
NUMBER OF DAYS FAIR           24
NUMBER OF DAYS PC              4
NUMBER OF DAYS CLOUDY          3

AVERAGE RH (PERCENT)     41

WEATHER CONDITIONS. NUMBER OF DAYS WITH
THUNDERSTORM              0     MIXED PRECIP               0
HEAVY RAIN                0     RAIN                       0
LIGHT RAIN                3     FREEZING RAIN              0
LT FREEZING RAIN          0     HEAVY SNOW                 1
SNOW                      1     LIGHT SNOW                 3
SLEET                     0     FOG                        4
FOG W/VIS <= 1/4 MILE     0     HAZE                       8

-  INDICATES NEGATIVE NUMBERS.
R  INDICATES RECORD WAS SET OR TIED.
MM INDICATES DATA IS MISSING.
T  INDICATES TRACE AMOUNT.

$$





U.S. Dept. of Commerce
NOAA National Weather Service
1325 East West Highway
Silver Spring, MD 20910
E-mail: w-nws.webmaster@noaa.gov
Page last modified: May 16, 2007
NATIONAL WEATHER SERVICE: for Safety, for Work, for Fun - FOR LIFE