373
CXUS54 KAMA 020239
CLMBGD


CLIMATE REPORT
NATIONAL WEATHER SERVICE AMARILLO TX
932 PM CDT SAT NOV 1 2014

...................................

...THE BORGER CLIMATE SUMMARY FOR THE MONTH OF OCTOBER 2014...

CLIMATE NORMAL PERIOD 1981 TO 2013
CLIMATE RECORD PERIOD 1949 TO 2014

WEATHER         OBSERVED          NORMAL  DEPART  LAST YEAR`S
                 VALUE   DATE(S)  VALUE   FROM    VALUE  DATE(S)
                                          NORMAL
................................................................
TEMPERATURE (F)
HIGHEST            93   10/08                         93  10/03
LOWEST             40   10/31                         32  10/18
                        10/29
AVG. MAXIMUM     77.7              72.9     4.8     74.4
AVG. MINIMUM     50.3              47.9     2.4     46.6
MEAN             64.0              60.4     3.6     60.5
DAYS MAX >= 90      3               1.1     1.9        2
DAYS MAX <= 32      0               0.0     0.0        0
DAYS MIN <= 32      0               1.0    -1.0        1
DAYS MIN <= 0       0               0.0     0.0        0

PRECIPITATION (INCHES)
TOTALS           0.85              1.72   -0.87     0.26
DAILY AVG.       0.03              0.06   -0.03     0.01
DAYS >= .01         5               5.1    -0.1        5
DAYS >= .10         1               3.2    -2.2        1
DAYS >= .50         1               1.1    -0.1        0
DAYS >= 1.00        0               0.4    -0.4        0
GREATEST
 24 HR. TOTAL    0.67   10/09 TO 10/10

SNOWFALL (INCHES)
TOTALS            0.0                                0.0
SINCE 7/1         0.0                                0.0
DAYS >= TRACE       0                                  0
DAYS >= 1.0         0                                  0
GREATEST
 SNOW DEPTH         0
 24 HR TOTAL      0.0

DEGREE_DAYS
HEATING TOTAL      99               193     -94      188
 SINCE 7/1        117               221    -104      191
COOLING TOTAL      79                50      29       58
 SINCE 1/1       2052              1835     217     2220
.................................................................

WIND (MPH)
AVERAGE WIND SPEED              8.8
HIGHEST WIND SPEED/DIRECTION    39/350    DATE  10/13
HIGHEST GUST SPEED/DIRECTION    50/330    DATE  10/13

SKY COVER
POSSIBLE SUNSHINE (PERCENT)   MM
NUMBER OF DAYS FAIR           27
NUMBER OF DAYS PC              3
NUMBER OF DAYS CLOUDY          1

AVERAGE RH (PERCENT)     49

WEATHER CONDITIONS. NUMBER OF DAYS WITH
THUNDERSTORM              3     MIXED PRECIP               0
HEAVY RAIN                1     RAIN                       2
LIGHT RAIN                7     FREEZING RAIN              0
LT FREEZING RAIN          0     HEAVY SNOW                 0
SNOW                      0     LIGHT SNOW                 0
SLEET                     0     FOG                        7
FOG W/VIS <= 1/4 MILE     2     HAZE                       4

-  INDICATES NEGATIVE NUMBERS.
R  INDICATES RECORD WAS SET OR TIED.
MM INDICATES DATA IS MISSING.
T  INDICATES TRACE AMOUNT.

$$





U.S. Dept. of Commerce
NOAA National Weather Service
1325 East West Highway
Silver Spring, MD 20910
E-mail: w-nws.webmaster@noaa.gov
Page last modified: May 16, 2007
NATIONAL WEATHER SERVICE: for Safety, for Work, for Fun - FOR LIFE