572
CXUS54 KAMA 011647
CLMBGD


CLIMATE REPORT
NATIONAL WEATHER SERVICE AMARILLO TX
1046 AM CST MON DEC 1 2014

...................................

...THE BORGER CLIMATE SUMMARY FOR THE MONTH OF NOVEMBER 2014...

CLIMATE NORMAL PERIOD 1981 TO 2013
CLIMATE RECORD PERIOD 1949 TO 2014

WEATHER         OBSERVED          NORMAL  DEPART  LAST YEAR`S
                 VALUE   DATE(S)  VALUE   FROM    VALUE  DATE(S)
                                          NORMAL
................................................................
TEMPERATURE (F)
HIGHEST            85   11/10                         75  11/15
LOWEST             11   11/17                         22  11/22
AVG. MAXIMUM     59.5              61.3    -1.8     59.5
AVG. MINIMUM     32.2              35.9    -3.7     35.2
MEAN             45.9              48.6    -2.7     47.3
DAYS MAX >= 90      0               0.0     0.0        0
DAYS MAX <= 32      3               0.3     2.7        2
DAYS MIN <= 32     16              10.0     6.0       10
DAYS MIN <= 0       0               0.0     0.0        0

PRECIPITATION (INCHES)
TOTALS           0.23              0.84   -0.61     0.85
DAILY AVG.       0.01              0.03   -0.02     0.03
DAYS >= .01         2               4.0    -2.0        4
DAYS >= .10         1               2.1    -1.1        2
DAYS >= .50         0               0.5    -0.5        0
DAYS >= 1.00        0               0.2    -0.2        0
GREATEST
 24 HR. TOTAL    0.22   11/16 TO 11/16

SNOWFALL (INCHES)
TOTALS            1.9                MM      MM      3.8
SINCE 7/1         1.9                MM      MM      3.8
DAYS >= TRACE       3                MM      MM        3
DAYS >= 1.0         1                MM      MM        1
GREATEST
 SNOW DEPTH         2   11/17
 24 HR TOTAL      1.9   MM

DEGREE_DAYS
HEATING TOTAL     568               496      72      523
 SINCE 7/1        685               717     -32      714
COOLING TOTAL       1                 4      -3        0
 SINCE 1/1       2053              1839     214     2220
.................................................................

WIND (MPH)
AVERAGE WIND SPEED              11.0
HIGHEST WIND SPEED/DIRECTION    39/010    DATE  11/10
HIGHEST GUST SPEED/DIRECTION    48/020    DATE  11/10

SKY COVER
POSSIBLE SUNSHINE (PERCENT)   MM
NUMBER OF DAYS FAIR           25
NUMBER OF DAYS PC              3
NUMBER OF DAYS CLOUDY          2

AVERAGE RH (PERCENT)     46

WEATHER CONDITIONS. NUMBER OF DAYS WITH
THUNDERSTORM              0     MIXED PRECIP               0
HEAVY RAIN                0     RAIN                       0
LIGHT RAIN                3     FREEZING RAIN              0
LT FREEZING RAIN          0     HEAVY SNOW                 0
SNOW                      1     LIGHT SNOW                 3
SLEET                     0     FOG                        2
FOG W/VIS <= 1/4 MILE     0     HAZE                       4

-  INDICATES NEGATIVE NUMBERS.
R  INDICATES RECORD WAS SET OR TIED.
MM INDICATES DATA IS MISSING.
T  INDICATES TRACE AMOUNT.

$$




U.S. Dept. of Commerce
NOAA National Weather Service
1325 East West Highway
Silver Spring, MD 20910
E-mail: w-nws.webmaster@noaa.gov
Page last modified: May 16, 2007
NATIONAL WEATHER SERVICE: for Safety, for Work, for Fun - FOR LIFE