143
CXUS46 KHNX 031545
CLMBFL


CLIMATE REPORT
NATIONAL WEATHER SERVICE SAN JOAQUIN VALLEY - HANFORD CA
845 AM PDT THU APR 3 2014

...................................

...THE BAKERSFIELD CLIMATE SUMMARY FOR THE MONTH OF MARCH 2014...

CLIMATE NORMAL PERIOD 1981 TO 2010
CLIMATE RECORD PERIOD 1889 TO 2014

WEATHER         OBSERVED          NORMAL  DEPART  LAST YEAR`S
                 VALUE   DATE(S)  VALUE   FROM    VALUE  DATE(S)
                                          NORMAL
................................................................
TEMPERATURE (F)
RECORD
 HIGH              94   03/29/2004
                        03/15/1916
                        03/11/1916
 LOW               20   03/03/1917
HIGHEST            85   03/16        MM      MM       86  03/30
LOWEST             42   03/08        MM      MM       39  03/10
AVG. MAXIMUM     74.7              68.7     6.0     73.3
AVG. MINIMUM     49.6              46.5     3.1     47.8
MEAN             62.2              57.6     4.6     60.5
DAYS MAX >= 90      0               0.1    -0.1        0
DAYS MIN <= 32      0               0.0     0.0        0

PRECIPITATION (INCHES)
RECORD
 MAXIMUM         4.61   1938
TOTALS           0.36              1.21   -0.85     0.83
DAYS >= .01         4               6.5    -2.5        3
DAYS >= .10         1               3.6    -2.6        1
DAYS >= .50         0               0.5    -0.5        1
DAYS >= 1.00        0               0.0     0.0        0
GREATEST
 24 HR. TOTAL    0.25   03/30 TO 03/30

SNOWFALL (INCHES)
RECORDS
 TOTAL            2.5   03/17/1922
TOTALS            0.0               0.0

DEGREE_DAYS
HEATING TOTAL     100               239    -139      149
 SINCE 7/1       1428              2013    -585     1769
COOLING TOTAL      20                 9      11       17
 SINCE 1/1         29                 9      20       17
.................................................................

WIND (MPH)
AVERAGE WIND SPEED              6.1
HIGHEST WIND SPEED/DIRECTION    29/340    DATE  03/30
HIGHEST GUST SPEED/DIRECTION    36/340    DATE  03/30

AVERAGE RH (PERCENT)     48

WEATHER CONDITIONS. NUMBER OF DAYS WITH
THUNDERSTORM              0     RAIN                       6
HAIL                      0     FOG                        3
FOG W/VIS <= 1/4 MILE     0     HAZE                       4

-  INDICATES NEGATIVE NUMBERS.
R  INDICATES RECORD WAS SET OR TIED.
MM INDICATES DATA IS MISSING.
T  INDICATES TRACE AMOUNT.

$$

SANGER/OCHS

WEATHER.GOV/HANFORD





U.S. Dept. of Commerce
NOAA National Weather Service
1325 East West Highway
Silver Spring, MD 20910
E-mail: w-nws.webmaster@noaa.gov
Page last modified: May 16, 2007
NATIONAL WEATHER SERVICE: for Safety, for Work, for Fun - FOR LIFE