702
CXUS46 KHNX 020241 CCA
CLMBFL

CLIMATE REPORT...CORRECTED
NATIONAL WEATHER SERVICE SAN JOAQUIN VALLEY - HANFORD CA
640 PM PDT FRI AUG 1 2014

...................................

...THE BAKERSFIELD CLIMATE SUMMARY FOR THE MONTH OF JULY 2014...

CLIMATE NORMAL PERIOD 1981 TO 2010
CLIMATE RECORD PERIOD 1889 TO 2014

WEATHER         OBSERVED          NORMAL  DEPART  LAST YEAR`S
                 VALUE   DATE(S)  VALUE   FROM    VALUE  DATE(S)
                                          NORMAL
................................................................
TEMPERATURE (F)
RECORD
 HIGH             118   07/28/1908
 LOW               46   07/13/1914
                        07/07/1903
HIGHEST           108   07/08        MM      MM      110  07/02
LOWEST             66   07/23        MM      MM       64  07/17
AVG. MAXIMUM    100.0              97.1     2.9    101.4
AVG. MINIMUM     74.6              70.5     4.1     73.8
MEAN             87.3              83.8     3.5     87.6
DAYS MAX >= 90     30              27.4     2.6       31
DAYS MIN <= 32      0               0.0     0.0        0

PRECIPITATION (INCHES)
RECORD
 MAXIMUM         0.43   1913
TOTALS              T                 T    0.00        T
DAYS >= .01         0               0.1    -0.1        0
DAYS >= .10         0               0.0     0.0        0
DAYS >= .50         0               0.0     0.0        0
DAYS >= 1.00        0               0.0     0.0        0
GREATEST
 24 HR. TOTAL       T   07/30 TO 07/30
                        07/28 TO 07/28
                        07/20 TO 07/20
                        07/19 TO 07/19

SNOWFALL (INCHES)
RECORDS
 TOTAL             MM   MM
TOTALS            0.0               0.0

DEGREE_DAYS
HEATING TOTAL       0                 0       0        0
 SINCE 7/1          0                 0       0        0
COOLING TOTAL     700               583     117      709
 SINCE 1/1       1655              1229     426     1558
.................................................................

WIND (MPH)
AVERAGE WIND SPEED              6.9
HIGHEST WIND SPEED/DIRECTION    23/300    DATE  07/15
HIGHEST GUST SPEED/DIRECTION    29/310    DATE  07/15

AVERAGE RH (PERCENT)     30

WEATHER CONDITIONS. NUMBER OF DAYS WITH
THUNDERSTORM              0     RAIN                       4
HAIL                      0     FOG                        0
FOG W/VIS <= 1/4 MILE     0     HAZE                       7

-  INDICATES NEGATIVE NUMBERS.
R  INDICATES RECORD WAS SET OR TIED.
MM INDICATES DATA IS MISSING.
T  INDICATES TRACE AMOUNT.

$$

SANGER/OCHS

WEATHER.GOV/HANFORD







U.S. Dept. of Commerce
NOAA National Weather Service
1325 East West Highway
Silver Spring, MD 20910
E-mail: w-nws.webmaster@noaa.gov
Page last modified: May 16, 2007
NATIONAL WEATHER SERVICE: for Safety, for Work, for Fun - FOR LIFE