635
CXUS46 KHNX 011655
CLMBFL


CLIMATE REPORT
NATIONAL WEATHER SERVICE SAN JOAQUIN VALLEY - HANFORD CA
855 AM PST MON DEC 1 2014

...................................

...THE BAKERSFIELD CLIMATE SUMMARY FOR THE MONTH OF NOVEMBER 2014...

CLIMATE NORMAL PERIOD 1981 TO 2010
CLIMATE RECORD PERIOD 1889 TO 2014

WEATHER         OBSERVED          NORMAL  DEPART  LAST YEAR`S
                 VALUE   DATE(S)  VALUE   FROM    VALUE  DATE(S)
                                          NORMAL
................................................................
TEMPERATURE (F)
RECORD
 HIGH              95   11/03/1921
 LOW               22   11/24/1931
                        11/23/1931
HIGHEST            84   11/06        MM      MM       85  11/10
LOWEST             41   11/18        MM      MM       41  11/06
                                                          11/05
AVG. MAXIMUM     69.9              65.7     4.2     69.9
AVG. MINIMUM     48.9              44.6     4.3     46.5
MEAN             59.4              55.1     4.3     58.2
DAYS MAX >= 90      0               0.0     0.0        0
DAYS MIN <= 32      0               0.5    -0.5        0

PRECIPITATION (INCHES)
RECORD
 MAXIMUM         3.04   1960
TOTALS           0.01              0.64   -0.63     0.94
DAYS >= .01         1               3.9    -2.9        3
DAYS >= .10         0               1.9    -1.9        2
DAYS >= .50         0               0.3    -0.3        1
DAYS >= 1.00        0               0.0     0.0        0
GREATEST
 24 HR. TOTAL    0.65   10/31 TO 11/01

SNOWFALL (INCHES)
RECORDS
 TOTAL              T   11/25/2003
                        11/28/2000
                        11/28/1933
TOTALS            0.0               0.0

DEGREE_DAYS
HEATING TOTAL     164               300    -136      200
 SINCE 7/1        174               358    -184      244
COOLING TOTAL       4                 4       0        0
 SINCE 1/1       2983              2258     725     2557
.................................................................

WIND (MPH)
AVERAGE WIND SPEED              4.1
HIGHEST WIND SPEED/DIRECTION    18/300    DATE  11/01
HIGHEST GUST SPEED/DIRECTION    23/300    DATE  11/01

AVERAGE RH (PERCENT)     61

WEATHER CONDITIONS. NUMBER OF DAYS WITH
THUNDERSTORM              0     RAIN                       5
HAIL                      0     FOG                       15
FOG W/VIS <= 1/4 MILE     1     HAZE                      25

-  INDICATES NEGATIVE NUMBERS.
R  INDICATES RECORD WAS SET OR TIED.
MM INDICATES DATA IS MISSING.
T  INDICATES TRACE AMOUNT.

$$

SANGER/OCHS

WEATHER.GOV/HANFORD





U.S. Dept. of Commerce
NOAA National Weather Service
1325 East West Highway
Silver Spring, MD 20910
E-mail: w-nws.webmaster@noaa.gov
Page last modified: May 16, 2007
NATIONAL WEATHER SERVICE: for Safety, for Work, for Fun - FOR LIFE