652
CXUS46 KHNX 011140
CLMBFL


CLIMATE REPORT
NATIONAL WEATHER SERVICE SAN JOAQUIN VALLEY - HANFORD CA
440 AM PDT TUE JUL 1 2014

...................................

...THE BAKERSFIELD CLIMATE SUMMARY FOR THE MONTH OF JUNE 2014...

CLIMATE NORMAL PERIOD 1981 TO 2010
CLIMATE RECORD PERIOD 1889 TO 2014

WEATHER         OBSERVED          NORMAL  DEPART  LAST YEAR`S
                 VALUE   DATE(S)  VALUE   FROM    VALUE  DATE(S)
                                          NORMAL
................................................................
TEMPERATURE (F)
RECORD
 HIGH             114   06/28/1976
 LOW               38   06/07/1914
                        06/02/1908
                        06/12/1907
HIGHEST           110   06/09        MM      MM      107  06/08
LOWEST             61   06/17        MM      MM       56  06/20
AVG. MAXIMUM     95.6              90.9     4.7     94.2
AVG. MINIMUM     67.4              64.2     3.2     66.7
MEAN             81.5              77.5     4.0     80.4
DAYS MAX >= 90     27              16.7    10.3       22
DAYS MIN <= 32      0               0.0     0.0        0

PRECIPITATION (INCHES)
RECORD
 MAXIMUM         1.11   1972
TOTALS           0.00              0.08   -0.08     0.00
DAYS >= .01         0               0.5    -0.5        0
DAYS >= .10         0               0.3    -0.3        0
DAYS >= .50         0               0.0     0.0        0
DAYS >= 1.00        0               0.0     0.0        0
GREATEST
 24 HR. TOTAL    0.00   MM

SNOWFALL (INCHES)
RECORDS
 TOTAL             MM   MM
TOTALS            0.0               0.0

DEGREE_DAYS
HEATING TOTAL       0                 2      -2        0
 SINCE 7/1       1508              2175    -667     1829
COOLING TOTAL     503               379     124      470
 SINCE 1/1        955               646     309      849
.................................................................

WIND (MPH)
AVERAGE WIND SPEED              7.3
HIGHEST WIND SPEED/DIRECTION    26/320    DATE  06/02
HIGHEST GUST SPEED/DIRECTION    32/300    DATE  06/15

AVERAGE RH (PERCENT)     27

WEATHER CONDITIONS. NUMBER OF DAYS WITH
THUNDERSTORM              0     RAIN                       0
HAIL                      0     FOG                        0
FOG W/VIS <= 1/4 MILE     0     HAZE                       9

-  INDICATES NEGATIVE NUMBERS.
R  INDICATES RECORD WAS SET OR TIED.
MM INDICATES DATA IS MISSING.
T  INDICATES TRACE AMOUNT.

$$

SANGER/OCHS

WEATHER.GOV/HANFORD







U.S. Dept. of Commerce
NOAA National Weather Service
1325 East West Highway
Silver Spring, MD 20910
E-mail: w-nws.webmaster@noaa.gov
Page last modified: May 16, 2007
NATIONAL WEATHER SERVICE: for Safety, for Work, for Fun - FOR LIFE