731
CXUS55 KCYS 082117
CLMBFF


CLIMATE REPORT
NATIONAL WEATHER SERVICE CHEYENNE WY
216 PM MST MON DEC 8 2014

...................................

...THE SCOTTSBLUFF NE AIRPORT CLIMATE SUMMARY FOR THE MONTH OF NOVEMBER 2014...

CLIMATE NORMAL PERIOD 1981 TO 2010
CLIMATE RECORD PERIOD 1871 TO 2014

WEATHER         OBSERVED          NORMAL  DEPART  LAST YEAR`S
                 VALUE   DATE(S)  VALUE   FROM    VALUE  DATE(S)
                                          NORMAL
................................................................
TEMPERATURE (F)
RECORD
 HIGH              80   11/12/1989
 LOW              -21   11/13/1916
                        11/27/1896
HIGHEST            69   11/08        49      20       69
LOWEST             -9   11/13        22     -31      -10
AVG. MAXIMUM     47.7              50.2    -2.5     51.4
AVG. MINIMUM     17.2              21.5    -4.3     21.5
MEAN             32.4              35.8    -3.4     36.5
DAYS MAX >= 90      0               0.0                0
DAYS MAX <= 32      7               3.1                3
DAYS MIN <= 32     29              26.6               28
DAYS MIN <= 0       4               1.1                1

PRECIPITATION (INCHES)
RECORD
 MAXIMUM         2.86   1922
 MINIMUM         0.00   1939
TOTALS           0.91              0.66    0.25     0.85
DAYS >= .01        10               5.2     4.8        4
DAYS >= .10         2               2.1    -0.1        3
DAYS >= .50         1               0.3     0.7        0
DAYS >= 1.00        0               0.0     0.0        0
GREATEST
 24 HR. TOTAL    0.60   11/02 TO 11/03

SNOWFALL (INCHES)
RECORDS
 TOTAL             MM   MM
TOTALS            5.6               5.7    -0.1      6.3
SINCE 7/1         5.6               8.9    -3.3     12.9
SNOWDEPTH AVG.      0
DAYS >= TRACE      10               3.6     6.4        4
DAYS >= 1.0         2               1.9     0.1        2
GREATEST
 SNOW DEPTH         2   11/27                          4  11/22
 24 HR TOTAL      2.1   11/26 TO 11/26           11/21 TO 11/21
                                                          11/21 TO 11/21
                                                          11/21 TO 11/21

DEGREE_DAYS
HEATING TOTAL     967               874      93      849
 SINCE 7/1       1445              1565    -120     1505
COOLING TOTAL       0                 0       0        0
 SINCE 1/1        719               724      -5     1047
..................................................

WIND (MPH)
AVERAGE WIND SPEED              9.6
HIGHEST WIND SPEED/DIRECTION    39/320    DATE  11/16
HIGHEST GUST SPEED/DIRECTION    51/310    DATE  11/24

SKY COVER
POSSIBLE SUNSHINE (PERCENT)   MM
AVERAGE SKY COVER           0.30
NUMBER OF DAYS FAIR           20
NUMBER OF DAYS PC              7
NUMBER OF DAYS CLOUDY          2

AVERAGE RH (PERCENT)     62

WEATHER CONDITIONS. NUMBER OF DAYS WITH
THUNDERSTORM              0     MIXED PRECIP               0
HEAVY RAIN                1     RAIN                       1
LIGHT RAIN                5     FREEZING RAIN              0
LT FREEZING RAIN          0     HAIL                       0
HEAVY SNOW                1     SNOW                       3
LIGHT SNOW                9     SLEET                      0
FOG                       8     FOG W/VIS <= 1/4 MILE      1
HAZE                      4

-  INDICATES NEGATIVE NUMBERS.
R  INDICATES RECORD WAS SET OR TIED.
MM INDICATES DATA IS MISSING.
T  INDICATES TRACE AMOUNT.

$$




U.S. Dept. of Commerce
NOAA National Weather Service
1325 East West Highway
Silver Spring, MD 20910
E-mail: w-nws.webmaster@noaa.gov
Page last modified: May 16, 2007
NATIONAL WEATHER SERVICE: for Safety, for Work, for Fun - FOR LIFE