833
CXUS55 KCYS 060239
CLMBFF


CLIMATE REPORT
NATIONAL WEATHER SERVICE CHEYENNE WY
839 PM MDT SUN OCT 5 2014

...................................

...THE SCOTTSBLUFF NE AIRPORT CLIMATE SUMMARY FOR THE MONTH OF SEPTEMBER 2014...

CLIMATE NORMAL PERIOD 1981 TO 2010
CLIMATE RECORD PERIOD 1871 TO 2014

WEATHER         OBSERVED          NORMAL  DEPART  LAST YEAR`S
                 VALUE   DATE(S)  VALUE   FROM    VALUE  DATE(S)
                                          NORMAL
................................................................
TEMPERATURE (F)
RECORD
 HIGH             102   09/06/2013
                        09/05/1998
                        09/04/1998
 LOW               14   09/25/1926
HIGHEST            98   09/03        78      20      102
LOWEST             33   09/12        46     -13       33
AVG. MAXIMUM     79.7              77.9     1.8     82.1
AVG. MINIMUM     47.4              45.4     2.0     52.0
MEAN             63.6              61.7     1.9     67.0
DAYS MAX >= 90      6               4.6                9
DAYS MAX <= 32      0               0.1                0
DAYS MIN <= 32      0               1.3                0
DAYS MIN <= 0       0               0.0                0

PRECIPITATION (INCHES)
RECORD
 MAXIMUM         4.22   1937
 MINIMUM            T   1953
TOTALS           4.26R             1.18    3.08     2.37
DAYS >= .01         8               7.2     0.8       10
DAYS >= .10         4               3.3     0.7        6
DAYS >= .50         2               0.6     1.4        2
DAYS >= 1.00        1               0.1     0.9        0
GREATEST
 24 HR. TOTAL    3.47   09/29 TO 09/30

SNOWFALL (INCHES)
RECORDS
 TOTAL             MM   MM
TOTALS              T               0.5    -0.5      0.0
SINCE 7/1           T               0.5    -0.5      0.0
SNOWDEPTH AVG.      0
DAYS >= TRACE       1               0.3     0.7        0
DAYS >= 1.0         0               0.2    -0.2        0
GREATEST
 SNOW DEPTH         0   MM                             0  MM
 24 HR TOTAL        T   09/11 TO 09/11           09/30 TO 09/30
                                                          09/30 TO 09/30
                                                          09/30 TO 09/30

DEGREE_DAYS
HEATING TOTAL     111               159     -48       86
 SINCE 7/1        124               179     -55       88
COOLING TOTAL      76                58      18      155
 SINCE 1/1        719               723      -4     1047
.................................................

WIND (MPH)
AVERAGE WIND SPEED              8.2
HIGHEST WIND SPEED/DIRECTION    35/270    DATE  09/30
HIGHEST GUST SPEED/DIRECTION    42/260    DATE  09/30

SKY COVER
POSSIBLE SUNSHINE (PERCENT)   MM
AVERAGE SKY COVER           0.20
NUMBER OF DAYS FAIR           20
NUMBER OF DAYS PC              7
NUMBER OF DAYS CLOUDY          3

AVERAGE RH (PERCENT)     63

WEATHER CONDITIONS. NUMBER OF DAYS WITH
THUNDERSTORM              0     MIXED PRECIP               0
HEAVY RAIN                4     RAIN                       3
LIGHT RAIN               11     FREEZING RAIN              0
LT FREEZING RAIN          0     HAIL                       0
HEAVY SNOW                0     SNOW                       0
LIGHT SNOW                2     SLEET                      0
FOG                      10     FOG W/VIS <= 1/4 MILE      1
HAZE                      3

-  INDICATES NEGATIVE NUMBERS.
R  INDICATES RECORD WAS SET OR TIED.
MM INDICATES DATA IS MISSING.
T  INDICATES TRACE AMOUNT.

$$




U.S. Dept. of Commerce
NOAA National Weather Service
1325 East West Highway
Silver Spring, MD 20910
E-mail: w-nws.webmaster@noaa.gov
Page last modified: May 16, 2007
NATIONAL WEATHER SERVICE: for Safety, for Work, for Fun - FOR LIFE