560
CXUS55 KCYS 081700
CLMBFF


CLIMATE REPORT
NATIONAL WEATHER SERVICE CHEYENNE WY
1100 AM MDT TUE APR 8 2014

...................................

...THE SCOTTSBLUFF NE AIRPORT CLIMATE SUMMARY FOR THE MONTH OF MARCH 2014...

CLIMATE NORMAL PERIOD 1981 TO 2010
CLIMATE RECORD PERIOD 1871 TO 2014

WEATHER         OBSERVED          NORMAL  DEPART  LAST YEAR`S
                 VALUE   DATE(S)  VALUE   FROM    VALUE  DATE(S)
                                          NORMAL
................................................................
TEMPERATURE (F)
RECORD
 HIGH              87   03/29/1943
 LOW              -27   03/11/1948
HIGHEST            73   03/26        52      21       76
LOWEST             -3   03/02        24     -27        3
                        03/01
AVG. MAXIMUM     52.7              52.7     0.0     55.1
AVG. MINIMUM     23.3              23.8    -0.5     21.9
MEAN             38.0              38.2    -0.2     38.5
DAYS MAX >= 90      0               0.0                0
DAYS MAX <= 32      3               2.4                0
DAYS MIN <= 32     28              27.1               29
DAYS MIN <= 0       2               0.5                0

PRECIPITATION (INCHES)
RECORD
 MAXIMUM         2.99   1927
 MINIMUM         0.00   2012
TOTALS           0.85              1.00   -0.15     0.21
DAYS >= .01        10               6.8     3.2        5
DAYS >= .10         4               3.0     1.0        1
DAYS >= .50         0               0.4    -0.4        0
DAYS >= 1.00        0               0.0     0.0        0
GREATEST
 24 HR. TOTAL    0.20   03/22 TO 03/22

SNOWFALL (INCHES)
RECORDS
 TOTAL           26.0   1906
TOTALS            9.1               7.8     1.3      1.9
SINCE 7/1        60.4              36.2    24.2     22.9
SNOWDEPTH AVG.      1
DAYS >= TRACE      10               4.7     5.3        3
DAYS >= 1.0         4               2.5     1.5        1
GREATEST
 SNOW DEPTH         7   03/03                         -1  03/19
                        03/02
 24 HR TOTAL      3.9   03/31 TO 04/01           03/09 TO 03/09
                                                          03/09 TO 03/09
                                                          03/09 TO 03/09

DEGREE_DAYS
HEATING TOTAL     830               829       1      817
 SINCE 7/1       5863              5741     122     5338
COOLING TOTAL       0                 0       0        0
 SINCE 1/1          0                 0       0        0
..........................................................

WIND (MPH)
AVERAGE WIND SPEED              11.0
HIGHEST WIND SPEED/DIRECTION    45/320    DATE  03/31
HIGHEST GUST SPEED/DIRECTION    56/270    DATE  03/17

SKY COVER
POSSIBLE SUNSHINE (PERCENT)   MM
AVERAGE SKY COVER           0.30
NUMBER OF DAYS FAIR           17
NUMBER OF DAYS PC             11
NUMBER OF DAYS CLOUDY          3

AVERAGE RH (PERCENT)     61

WEATHER CONDITIONS. NUMBER OF DAYS WITH
THUNDERSTORM              0     MIXED PRECIP               0
HEAVY RAIN                0     RAIN                       0
LIGHT RAIN                6     FREEZING RAIN              0
LT FREEZING RAIN          0     HAIL                       0
HEAVY SNOW                1     SNOW                       3
LIGHT SNOW                9     SLEET                      0
FOG                      11     FOG W/VIS <= 1/4 MILE      3
HAZE                      5

-  INDICATES NEGATIVE NUMBERS.
R  INDICATES RECORD WAS SET OR TIED.
MM INDICATES DATA IS MISSING.
T  INDICATES TRACE AMOUNT.

$$




U.S. Dept. of Commerce
NOAA National Weather Service
1325 East West Highway
Silver Spring, MD 20910
E-mail: w-nws.webmaster@noaa.gov
Page last modified: May 16, 2007
NATIONAL WEATHER SERVICE: for Safety, for Work, for Fun - FOR LIFE