370
CXUS51 KCTP 010923
CLMBFD

PHLCLMBFD 000
TTAA00 KCTP 010832


CLIMATE REPORT
NATIONAL WEATHER SERVICE STATE COLLEGE PA
520 AM EDT MON SEP 1 2014

...................................

...THE BRADFORD CLIMATE SUMMARY FOR THE MONTH OF AUGUST 2014...

CLIMATE NORMAL PERIOD 1981 TO 2010
CLIMATE RECORD PERIOD 1957 TO 2014

WEATHER         OBSERVED          NORMAL  DEPART  LAST YEAR`S
                 VALUE   DATE(S)  VALUE   FROM    VALUE  DATE(S)
                                          NORMAL
................................................................
TEMPERATURE (F)
RECORD
 HIGH              93   08/02/1988
 LOW               38   08/16/2014
                        08/29/1986
                        06/01/1945
HIGHEST            81   08/30                         84  08/30
                        08/27
LOWEST             38R  08/16                         38  08/15
AVG. MAXIMUM     74.3              75.6    -1.3     75.7
AVG. MINIMUM     51.5              52.1    -0.6     51.8
MEAN             62.9              63.8    -0.9     63.8
DAYS MAX >= 90      0                MM      MM        0
DAYS MAX <= 32      0                MM      MM        0
DAYS MIN <= 32      0                MM      MM        0
DAYS MIN <= 0       0                MM      MM        0

PRECIPITATION (INCHES)
RECORD
 MAXIMUM         8.55   1994
 MINIMUM         0.47   1959
TOTALS           5.77              4.11    1.66     3.15
DAILY AVG.       0.19              0.13    0.06     0.10
DAYS >= .01        10                MM      MM       11
DAYS >= .10         7                MM      MM        7
DAYS >= .50         5                MM      MM        2
DAYS >= 1.00        2                MM      MM        1
GREATEST
 24 HR. TOTAL    1.96   08/11 TO 08/12           08/12 TO 08/13

DEGREE_DAYS
HEATING TOTAL      90                89       1       84
 SINCE 7/1        184               153      31      136
COOLING TOTAL      33                53     -20       54
 SINCE 1/1        170               177      -7      295
..................................................

WIND (MPH)
AVERAGE WIND SPEED              4.7
HIGHEST WIND SPEED/DIRECTION    22/320    DATE  08/14
HIGHEST GUST SPEED/DIRECTION    33/160    DATE  08/11

SKY COVER
POSSIBLE SUNSHINE (PERCENT)   MM
AVERAGE SKY COVER           0.40
NUMBER OF DAYS FAIR           14
NUMBER OF DAYS PC             13
NUMBER OF DAYS CLOUDY          4

AVERAGE RH (PERCENT)     76

WEATHER CONDITIONS. NUMBER OF DAYS WITH
THUNDERSTORM              6     MIXED PRECIP               0
HEAVY RAIN                5     RAIN                       8
LIGHT RAIN               13     FREEZING RAIN              0
LT FREEZING RAIN          0     HAIL                       0
HEAVY SNOW                0     SNOW                       0
LIGHT SNOW                0     SLEET                      0
FOG                      26     FOG W/VIS <= 1/4 MILE     12
HAZE                      3

-  INDICATES NEGATIVE NUMBERS.
R  INDICATES RECORD WAS SET OR TIED.
MM INDICATES DATA IS MISSING.
T  INDICATES TRACE AMOUNT.

$$

MARTIN




U.S. Dept. of Commerce
NOAA National Weather Service
1325 East West Highway
Silver Spring, MD 20910
E-mail: w-nws.webmaster@noaa.gov
Page last modified: May 16, 2007
NATIONAL WEATHER SERVICE: for Safety, for Work, for Fun - FOR LIFE