117
CXUS51 KCTP 011510
CLMBFD

PHLCLMBFD 000
TTAA00 KCTP 011012


CLIMATE REPORT
NATIONAL WEATHER SERVICE STATE COLLEGE PA
512 AM EST SAT MAR 1 2014

...................................

...THE BRADFORD CLIMATE SUMMARY FOR THE MONTH OF FEBRUARY 2014...

CLIMATE NORMAL PERIOD 1981 TO 2010
CLIMATE RECORD PERIOD 1957 TO 2014

WEATHER         OBSERVED          NORMAL  DEPART  LAST YEAR`S
                 VALUE   DATE(S)  VALUE   FROM    VALUE  DATE(S)
                                          NORMAL
................................................................
TEMPERATURE (F)
RECORD
 HIGH              64   02/21/1997
 LOW              -30   02/11/1979
HIGHEST            46   02/21                         MM  MM
LOWEST            -19   02/28                         MM  MM
AVG. MAXIMUM     25.9              32.4    -6.5       MM
AVG. MINIMUM      8.1              14.8    -6.7       MM
MEAN             17.0              23.6    -6.6       MM
DAYS MAX >= 90      0                MM      MM       MM
DAYS MAX <= 32     20                MM      MM       MM
DAYS MIN <= 32     26                MM      MM       MM
DAYS MIN <= 0       9                MM      MM       MM

PRECIPITATION (INCHES)
RECORD
 MAXIMUM         5.29   1990
 MINIMUM         0.35   2010
TOTALS           1.59              2.35   -0.76       MM
DAILY AVG.       0.06              0.08   -0.02       MM
DAYS >= .01        14                MM      MM       MM
DAYS >= .10         5                MM      MM       MM
DAYS >= .50         0                MM      MM       MM
DAYS >= 1.00        0                MM      MM       MM
GREATEST
 24 HR. TOTAL    0.68   02/20 TO 02/21                MM

DEGREE_DAYS
HEATING TOTAL    1288              1159     129       MM
 SINCE 7/1       5666              5570      96       MM
COOLING TOTAL       0                 0       0       MM
 SINCE 1/1          0                 0       0       MM
.................................................................

WIND (MPH)
AVERAGE WIND SPEED              7.6
HIGHEST WIND SPEED/DIRECTION    31/310    DATE  02/27
HIGHEST GUST SPEED/DIRECTION    46/300    DATE  02/27

SKY COVER
POSSIBLE SUNSHINE (PERCENT)   MM
AVERAGE SKY COVER           0.70
NUMBER OF DAYS FAIR            4
NUMBER OF DAYS PC              8
NUMBER OF DAYS CLOUDY         16

AVERAGE RH (PERCENT)     67

WEATHER CONDITIONS. NUMBER OF DAYS WITH
THUNDERSTORM              0     MIXED PRECIP               0
HEAVY RAIN                0     RAIN                       2
LIGHT RAIN                5     FREEZING RAIN              0
LT FREEZING RAIN          0     HAIL                       0
HEAVY SNOW                4     SNOW                       7
LIGHT SNOW               25     SLEET                      0
FOG                      15     FOG W/VIS <= 1/4 MILE      2
HAZE                     21

-  INDICATES NEGATIVE NUMBERS.
R  INDICATES RECORD WAS SET OR TIED.
MM INDICATES DATA IS MISSING.
T  INDICATES TRACE AMOUNT.

$$







U.S. Dept. of Commerce
NOAA National Weather Service
1325 East West Highway
Silver Spring, MD 20910
E-mail: w-nws.webmaster@noaa.gov
Page last modified: May 16, 2007
NATIONAL WEATHER SERVICE: for Safety, for Work, for Fun - FOR LIFE