527
CXUS51 KCTP 010743
CLMBFD

CLIMATE REPORT
NATIONAL WEATHER SERVICE STATE COLLEGE PA
343 AM EDT SAT NOV 1 2014

...................................

...THE BRADFORD CLIMATE SUMMARY FOR THE MONTH OF OCTOBER 2014...

CLIMATE NORMAL PERIOD 1981 TO 2010
CLIMATE RECORD PERIOD 1957 TO 2014

WEATHER         OBSERVED          NORMAL  DEPART  LAST YEAR`S
                 VALUE   DATE(S)  VALUE   FROM    VALUE  DATE(S)
                                          NORMAL
................................................................
TEMPERATURE (F)
RECORD
 HIGH              81   10/05/2007
 LOW               10   10/29/1965
HIGHEST            73   10/28                         79  10/06
                        10/14
LOWEST             25   10/12                         27  10/27
AVG. MAXIMUM     57.8              57.0     0.8     59.9
AVG. MINIMUM     40.5              35.9     4.6     40.8
MEAN             49.2              46.5     2.7     50.4
DAYS MAX >= 90      0                MM      MM        0
DAYS MAX <= 32      0                MM      MM        0
DAYS MIN <= 32      7                MM      MM       10
DAYS MIN <= 0       0                MM      MM        0

PRECIPITATION (INCHES)
RECORD
 MAXIMUM         7.50   1959
 MINIMUM         0.70   1963
TOTALS           4.21              3.43    0.78     4.13
DAILY AVG.       0.14              0.11    0.03     0.13
DAYS >= .01        19                MM      MM       17
DAYS >= .10        11                MM      MM        8
DAYS >= .50         3                MM      MM        4
DAYS >= 1.00        0                MM      MM        0
GREATEST
 24 HR. TOTAL    0.87   10/14 TO 10/15

DEGREE_DAYS
HEATING TOTAL     481               576     -95      453
 SINCE 7/1        882               993    -111      829
COOLING TOTAL       1                 1       0        9
 SINCE 1/1        196               193       3      334
.......................................................

WIND (MPH)
AVERAGE WIND SPEED              7.3
HIGHEST WIND SPEED/DIRECTION    25/300    DATE  10/25
HIGHEST GUST SPEED/DIRECTION    36/210    DATE  10/28

SKY COVER
POSSIBLE SUNSHINE (PERCENT)   MM
AVERAGE SKY COVER           0.70
NUMBER OF DAYS FAIR            6
NUMBER OF DAYS PC              9
NUMBER OF DAYS CLOUDY         16

AVERAGE RH (PERCENT)     74

WEATHER CONDITIONS. NUMBER OF DAYS WITH
THUNDERSTORM              0     MIXED PRECIP               0
HEAVY RAIN                6     RAIN                       9
LIGHT RAIN               20     FREEZING RAIN              0
LT FREEZING RAIN          0     HAIL                       0
HEAVY SNOW                0     SNOW                       0
LIGHT SNOW                0     SLEET                      0
FOG                      23     FOG W/VIS <= 1/4 MILE      3
HAZE                      4

-  INDICATES NEGATIVE NUMBERS.
R  INDICATES RECORD WAS SET OR TIED.
MM INDICATES DATA IS MISSING.
T  INDICATES TRACE AMOUNT.

$$
MS




U.S. Dept. of Commerce
NOAA National Weather Service
1325 East West Highway
Silver Spring, MD 20910
E-mail: w-nws.webmaster@noaa.gov
Page last modified: May 16, 2007
NATIONAL WEATHER SERVICE: for Safety, for Work, for Fun - FOR LIFE