904
CXAK58 PABE 022202
CLMBET

CLIMATE REPORT
NATIONAL WEATHER SERVICE BETHEL, AK
102 PM AKST FRI JAN 2 2015

...................................

...THE BETHEL AP CLIMATE SUMMARY FOR THE MONTH OF DECEMBER 2014...

CLIMATE NORMAL PERIOD 1981 TO 2010
CLIMATE RECORD PERIOD 1923 TO 2014

WEATHER         OBSERVED          NORMAL  DEPART  LAST YEAR`S
                 VALUE   DATE(S)  VALUE   FROM    VALUE  DATE(S)
                                          NORMAL
................................................................
TEMPERATURE (F)
RECORD
 HIGH              49   12/01/2007
 LOW              -44   12/31/1948
HIGHEST            43   12/30        37       6      48  12/06
LOWEST             -6               -20      14     -11  12/27
AVG. MAXIMUM       24.5              16.8     7.7    19.7
AVG. MINIMUM       14.3               3.9    10.4    10.1
MEAN               19.4              10.4     9.0    14.9
DAYS MAX >= 90      0                 0.0     0.0     0
DAYS MAX <= 32     20                23.9    -3.9    23
DAYS MAX >= 80      0                 0.0     0.0     0
DAYS MAX >= 70      0                 0.0     0.0     0
DAYS MIN <= 32     27                30.2    -3.2    29
DAYS MIN <= 0       2                13.5   -11.5    11

PRECIPITATION (INCHES)
RECORD
 MAXIMUM            6.17   1951
 MINIMUM            0.05   1956
TOTALS              1.59              1.12    0.47    2.06
DAILY AVG.          0.05              0.04    0.01    0.07
DAYS >= .01        10                10.7    -0.7    13
DAYS >= .10         5                 3.4     1.6     4
DAYS >= .50         0                 0.4    -0.4     1
DAYS >= 1.0         0                 0.0     0.0     0
GREATEST
 24 HR TOTAL        0.48   12/28                      0.94  12/20

SNOWFALL (INCHES)
RECORDS
 TOTAL             47.0   1951
 24 HR TOTAL       11.0   12-22-2004
 SNOW DEPTH        24     12-09-1994
TOTALS              6.5              11.4    -4.9     7.3
SINCE 7/1          18.7              28.4    -9.7    14.2
SNOWDEPTH AVG.      1                 6      -5       1
DAYS >= TRACE      16                18.6    -2.6    13
DAYS >= 1.0         2                 3.6    -1.6     2
DAYS >= 6.0         0                 0.2    -0.2     0
GREATEST
 SNOW DEPTH         4   12/26                         5  12/19
 24 HR TOTAL      1.6   12/24                       3.1  12/19

DEGREE_DAYS
HEATING TOTAL    1408              1694    -286    1544
 SINCE 7/1       4683              5424    -741    4892
COOLING TOTAL       0                 0       0       0
 SINCE 1/1          0                 0       0      18
................................................................

WIND (MPH)
AVERAGE WIND SPEED               11.5
HIGHEST WIND SPEED/DIRECTION     36/150    DATE   12/27
HIGHEST GUST SPEED/DIRECTION     42/150    DATE   12/27

SKY COVER
POSSIBLE SUNSHINE (PERCENT)   MM
AVERAGE SKY COVER             MM
NUMBER OF DAYS FAIR           MM
NUMBER OF DAYS PC             MM
NUMBER OF DAYS CLOUDY         MM

AVERAGE RH (PERCENT)     MM

WEATHER CONDITIONS. NUMBER OF DAYS WITH
THUNDERSTORM              0     ICE PELLETS                 1
RAIN                     12     GLAZE                       1
DRIZZLE                   1     HAIL                        0
SNOW                     16     HAZE                        0
FOG                      10     FOG W/VIS <= 1/4 MILE       4
BLOWING SNOW              0


-  INDICATES NEGATIVE NUMBERS.
R  INDICATES RECORD WAS SET OR TIED.
MM INDICATES DATA IS MISSING.
T  INDICATES TRACE AMOUNT.

&&

...WARM AND WET DECEMBER FOR BETHEL...

AS HAS BEEN THE TREND RECENTLY...DECEMBER CLOSED OUT 2014 AS A
WARM AND WET MONTH. AT THE UPPER LEVELS OF THE ATMOSPHERE...
A STRONG RIDGE STAYED IN PLACE FROM THE EASTERN INTERIOR OF ALASKA
SOUTHEASTWARD OVER SOUTHEAST ALASKA AND BRITISH COLUMBIA. THIS
ALLOWED AN BROAD TROUGH TO FORM OVER THE BERING SEA WITH THE MAIN
JET STREAM WELL TO THE SOUTH OF ALASKA AND THE NORTH PACIFIC. IN THIS
BROAD TROUGH...THE ALEUTIAN LOW SETTLED IN OVER THE EASTERN BERING SEA
AND BRISTOL BAY ALLOWING FOR WARM MOIST AIR TO FLOW INTO SOUTHWESTERN
ALASKA.

LOOKING AT TEMPERATURES...DECEMBER 2014 WAS YET AGAIN IN THE TOP
TEN DECEMBERS ON RECORD IN ALL MEASURES OF TEMPERATURE. THE MEAN HIGH
TEMPERATURE WAS THE 8TH WARMEST ON RECORD...THE MEAN MINIMUM AND MEAN
DAILY AVERAGE WERE BOTH THE 6TH WARMEST ON RECORD. DECEMBER 21ST SET
A RECORD FOR THE LATEST DATE THAT BETHEL HAS HAD A MINIMUM TEMPERATURE
BELOW ZERO. IT WAS ALSO THE SECOND LONGEST NUMBER OF DAYS IN BETWEEN
BELOW ZERO TEMPERATURES /272 DAYS/. FINALLY...THREE DAILY TEMPERATURE
RECORDS WERE SET IN THE MONTH...ALL HIGH DAILY MINIMUM TEMPERATURES:

DATE   NEW RECORD         PREVIOUS RECORD
12/28      33             32 IN 1967
12/29      36             34 IN 1941
12/30      33             32 IN 1985

ALTHOUGH PRECIPITATION WAS ABOVE NORMAL FOR DECEMBER BY ALMOST HALF
OF AN INCH...IT WAS NOT A TOP TEN MONTH WITH THE PRECIPITATION TOTAL
COMING AT THE 15TH WETTEST ON RECORD. SNOWFALL FOR THE MONTH WAS HALF
OF THE NORMAL RECEIVED IN DECEMBER AND RANKED AS THE 32ND LOWEST SNOW
TOTAL ON RECORD. DUE TO THE ABNORMALLY WARM CONDITIONS...MOST OF THE
PRECIPITATION FOR THE MONTH FELL AS RAIN WITH NEARLY HALF OF THE MONTHLY
PRECIPITATION TOTALS FALLING ON THE 1ST AND THE 28TH.


$$
FONTENOT/ANDERSON/CROAKMAN




U.S. Dept. of Commerce
NOAA National Weather Service
1325 East West Highway
Silver Spring, MD 20910
E-mail: w-nws.webmaster@noaa.gov
Page last modified: May 16, 2007
NATIONAL WEATHER SERVICE: for Safety, for Work, for Fun - FOR LIFE