861
CXUS51 KOKX 011325
CLMBDR

CLIMATE REPORT
NATIONAL WEATHER SERVICE NEW YORK NY
925 AM EDT WED OCT 1 2014

...................................

...THE BRIDGEPORT CT CLIMATE SUMMARY FOR THE MONTH OF SEPTEMBER 2014...

CLIMATE NORMAL PERIOD 1981 TO 2010
CLIMATE RECORD PERIOD 1948 TO 2014

WEATHER         OBSERVED          NORMAL  DEPART  LAST YEAR`S
                 VALUE   DATE(S)  VALUE   FROM    VALUE  DATE(S)
                                          NORMAL
................................................................
TEMPERATURE (F)
RECORD
 HIGH              99   09/02/1953
 LOW               36   09/24/1963
                        09/28/1957
                        09/21/1956
HIGHEST            91   09/02        MM      MM       90  09/11
LOWEST             47   09/23        MM      MM       44  09/24
AVG. MAXIMUM     76.0              74.0     2.0     74.4
AVG. MINIMUM     59.5              58.3     1.2     56.1
MEAN             67.8              66.2     1.6     65.2
DAYS MAX >= 90      1               0.3     0.7        1
DAYS MAX <= 32      0               0.0     0.0        0
DAYS MIN <= 32      0               0.0     0.0        0
DAYS MIN <= 0       0               0.0     0.0        0

PRECIPITATION (INCHES)
RECORD
 MAXIMUM         7.42   1960
 MINIMUM         0.43   1959
TOTALS           2.10              3.48   -1.38     2.72
DAILY AVG.       0.07              0.12   -0.05     0.09
DAYS >= .01         5               8.2    -3.2        7
DAYS >= .10         4               5.4    -1.4        4
DAYS >= .50         2               2.5    -0.5        2
DAYS >= 1.00        0               0.9    -0.9        2
GREATEST
 24 HR. TOTAL    0.82   09/21 TO 09/21           09/12 TO 09/12
                                                          09/30 TO 09/30
                                                          09/30 TO 09/30
 STORM TOTAL       MM                                 MM
 (MM/DD(HH))            MM                    09/12(00) TO 09/12(00)
                                                 09/30(00) TO 09/30(00)0
                                                 09/30(00) TO 09/30(00)0

DEGREE_DAYS
HEATING TOTAL      40                64     -24       81
 SINCE 7/1         40                68     -28       81
COOLING TOTAL     131                98      33       96
 SINCE 1/1        865               816      49      981
.................................................

WIND (MPH)
AVERAGE WIND SPEED              7.9
HIGHEST WIND SPEED/DIRECTION    29/230    DATE  09/06
HIGHEST GUST SPEED/DIRECTION    41/260    DATE  09/06


WEATHER CONDITIONS. NUMBER OF DAYS WITH
THUNDERSTORM              0     MIXED PRECIP               0
HEAVY RAIN                3     RAIN                       4
LIGHT RAIN                9     FREEZING RAIN              0
LT FREEZING RAIN          0     HAIL                       0
HEAVY SNOW                0     SNOW                       0
LIGHT SNOW                0     SLEET                      0
FOG                       8     FOG W/VIS <= 1/4 MILE      0
HAZE                      1

-  INDICATES NEGATIVE NUMBERS.
R  INDICATES RECORD WAS SET OR TIED.
MM INDICATES DATA IS MISSING.
T  INDICATES TRACE AMOUNT.

$$







U.S. Dept. of Commerce
NOAA National Weather Service
1325 East West Highway
Silver Spring, MD 20910
E-mail: w-nws.webmaster@noaa.gov
Page last modified: May 16, 2007
NATIONAL WEATHER SERVICE: for Safety, for Work, for Fun - FOR LIFE