091
CXUS51 KOKX 011412
CLMBDR

CLIMATE REPORT
NATIONAL WEATHER SERVICE NEW YORK NY
912 AM EST MON DEC 1 2014

...................................

...THE BRIDGEPORT CT CLIMATE SUMMARY FOR THE MONTH OF NOVEMBER 2014...

CLIMATE NORMAL PERIOD 1981 TO 2010
CLIMATE RECORD PERIOD 1948 TO 2014

WEATHER         OBSERVED          NORMAL  DEPART  LAST YEAR`S
                 VALUE   DATE(S)  VALUE   FROM    VALUE  DATE(S)
                                          NORMAL
................................................................
TEMPERATURE (F)
RECORD
 HIGH              78   11/15/1993
                        11/04/1975
 LOW               16   11/23/1972
                        11/28/1951
HIGHEST            66   11/04        MM      MM       66  11/01
LOWEST             21   11/29        MM      MM       18  11/25
AVG. MAXIMUM     51.1              53.1    -2.0     51.5
AVG. MINIMUM     35.7              38.0    -2.3     35.7
MEAN             43.4              45.5    -2.1     43.6
DAYS MAX >= 90      0               0.0     0.0        0
DAYS MAX <= 32      0               0.1    -0.1        1
DAYS MIN <= 32     11               6.7     4.3       11
DAYS MIN <= 0       0               0.0     0.0        0

PRECIPITATION (INCHES)
RECORD
 MAXIMUM        10.22   1972
 MINIMUM         0.36   1976
TOTALS           4.24              3.39    0.85     2.51
DAILY AVG.       0.14              0.11    0.03     0.08
DAYS >= .01         9              10.0    -1.0       10
DAYS >= .10         6               6.2    -0.2        5
DAYS >= .50         4               2.7     1.3        1
DAYS >= 1.00        2               0.5     1.5        1
GREATEST
 24 HR. TOTAL    1.47   11/17 TO 11/17           11/26 TO 11/27
                                                          11/27 TO 11/27
                                                          11/27 TO 11/27
 STORM TOTAL       MM                                 MM
 (MM/DD(HH))            MM                    11/27(00) TO 11/27(00)
                                                 11/27(00) TO 11/27(00)7
                                                 11/27(00) TO 11/27(00)7

SNOWFALL (INCHES)
TOTALS            0.2               0.7    -0.5      0.1
 LIQUID EQUIV    0.02              0.10   -0.08     0.01
SINCE 7/1         0.2               0.7    -0.5      0.1
 LIQUID 7/1      0.02              0.10   -0.08     0.01
SNOWDEPTH AVG.      0                MM      MM        0
DAYS >= TRACE       3               0.5     2.5        3
DAYS >= 1.0         0               0.2    -0.2        0
GREATEST
 SNOW DEPTH         0   MM                             0  MM
 24 HR TOTAL      0.2   MM                       11/27 TO 11/27
                                                          11/27 TO 11/27
                                                          11/27 TO 11/27
 STORM TOTAL       MM                                 MM
 (MM/DD(HH))            MM                    11/27(00) TO 11/27(00)
                                                 11/27(00) TO 11/27(00)7
                                                 11/27(00) TO 11/27(00)7

DEGREE_DAYS
HEATING TOTAL     637               584      53      634
 SINCE 7/1        906               974     -68      953
COOLING TOTAL       0                 0       0        0
 SINCE 1/1        884               825      59     1003
........................................................

WIND (MPH)
AVERAGE WIND SPEED              9.3
HIGHEST WIND SPEED/DIRECTION    35/330    DATE  11/02
HIGHEST GUST SPEED/DIRECTION    48/340    DATE  11/02


WEATHER CONDITIONS. NUMBER OF DAYS WITH
THUNDERSTORM              0     MIXED PRECIP               0
HEAVY RAIN                1     RAIN                       6
LIGHT RAIN               11     FREEZING RAIN              0
LT FREEZING RAIN          0     HAIL                       0
HEAVY SNOW                0     SNOW                       0
LIGHT SNOW                2     SLEET                      0
FOG                       9     FOG W/VIS <= 1/4 MILE      2
HAZE                      0

-  INDICATES NEGATIVE NUMBERS.
R  INDICATES RECORD WAS SET OR TIED.
MM INDICATES DATA IS MISSING.
T  INDICATES TRACE AMOUNT.

$$







U.S. Dept. of Commerce
NOAA National Weather Service
1325 East West Highway
Silver Spring, MD 20910
E-mail: w-nws.webmaster@noaa.gov
Page last modified: May 16, 2007
NATIONAL WEATHER SERVICE: for Safety, for Work, for Fun - FOR LIFE