253
CXUS51 KOKX 011516
CLMBDR

CLIMATE REPORT
NATIONAL WEATHER SERVICE NEW YORK NY
1116 AM EDT TUE JUL 1 2014


...THE BRIDGEPORT CT CLIMATE SUMMARY FOR THE MONTH OF JUNE 2014...

CLIMATE NORMAL PERIOD 1981 TO 2010
CLIMATE RECORD PERIOD 1948 TO 2014

WEATHER         OBSERVED          NORMAL  DEPART  LAST YEAR`S
                 VALUE   DATE(S)  VALUE   FROM    VALUE  DATE(S)
                                          NORMAL
................................................................
TEMPERATURE (F)
RECORD
 HIGH              97   06/09/2008
 LOW               41   06/01/1967
HIGHEST            89   06/18        MM      MM       90  06/25
LOWEST             50   06/01        MM      MM       53  06/14
AVG. MAXIMUM     77.3              77.0     0.3     77.8
AVG. MINIMUM     61.6              60.4     1.2     62.2
MEAN             69.4              68.7     0.7     70.0
DAYS MAX >= 90      0               1.1    -1.1        1
DAYS MAX <= 32      0               0.0     0.0        0
DAYS MIN <= 32      0               0.0     0.0        0
DAYS MIN <= 0       0               0.0     0.0        0

PRECIPITATION (INCHES)
RECORD
 MAXIMUM        17.70   1972
 MINIMUM         0.07   1949
TOTALS           4.01              3.61    0.40     9.48
DAILY AVG.       0.13              0.12    0.01     0.32
DAYS >= .01         7              11.1    -4.1       14
DAYS >= .10         5               6.8    -1.8       10
DAYS >= .50         4               2.3     1.7        5
DAYS >= 1.00        1               0.8     0.2        2
GREATEST
 24 HR. TOTAL    1.76   06/12 TO 06/13           06/07 TO 06/08
                                                          06/30 TO 06/30
                                                          06/30 TO 06/30
 STORM TOTAL       MM                                 MM
 (MM/DD(HH))            MM                    06/08(00) TO 06/08(00)
                                                 06/30(00) TO 06/30(00)0
                                                 06/30(00) TO 06/30(00)0

DEGREE_DAYS
HEATING TOTAL       4                32     -28       18
 SINCE 7/1       5618              5392     226     5094
COOLING TOTAL     146               143       3      175
 SINCE 1/1        169               167       2      213
.................................................

WIND (MPH)
AVERAGE WIND SPEED              8.0
HIGHEST WIND SPEED/DIRECTION    22/090    DATE  06/11
HIGHEST GUST SPEED/DIRECTION    28/300    DATE  06/18


WEATHER CONDITIONS. NUMBER OF DAYS WITH
THUNDERSTORM              0     MIXED PRECIP               0
HEAVY RAIN                4     RAIN                       5
LIGHT RAIN                9     FREEZING RAIN              0
LT FREEZING RAIN          0     HAIL                       0
HEAVY SNOW                0     SNOW                       0
LIGHT SNOW                0     SLEET                      0
FOG                      10     FOG W/VIS <= 1/4 MILE      2
HAZE                      1

-  INDICATES NEGATIVE NUMBERS.
R  INDICATES RECORD WAS SET OR TIED.
MM INDICATES DATA IS MISSING.
T  INDICATES TRACE AMOUNT.

$$







U.S. Dept. of Commerce
NOAA National Weather Service
1325 East West Highway
Silver Spring, MD 20910
E-mail: w-nws.webmaster@noaa.gov
Page last modified: May 16, 2007
NATIONAL WEATHER SERVICE: for Safety, for Work, for Fun - FOR LIFE