754
CXUS51 KBOX 011718
CLMBDL


CLIMATE REPORT
NATIONAL WEATHER SERVICE TAUNTON MA
108 PM EDT TUE APR 1 2014

...................................

...THE HARTFORD CT CLIMATE SUMMARY FOR THE MONTH OF MARCH 2014...

CLIMATE NORMAL PERIOD 1981 TO 2010
CLIMATE RECORD PERIOD 1904 TO 2014

WEATHER         OBSERVED          NORMAL  DEPART
                 VALUE   DATE(S)  VALUE   FROM
                                          NORMAL
................................................
TEMPERATURE (F)
RECORD
 HIGH              89   03/31/1998
 LOW               -6   03/07/2003
                        03/19/1967
HIGHEST            59   03/22
LOWEST              0   03/01
AVG. MAXIMUM     40.8              47.7    -6.9
AVG. MINIMUM     21.7              27.9    -6.2
MEAN             31.2              37.8    -6.6
DAYS MAX >= 90      0               0.0     0.0
DAYS MAX <= 32      5               1.7     3.3
DAYS MIN <= 32     25              21.0     4.0
DAYS MIN <= 0       1               0.0     1.0

PRECIPITATION (INCHES)
RECORD
 MAXIMUM         9.21   1953
 MINIMUM         0.27   1981
TOTALS           4.72              3.62    1.10
DAYS >= .01         7              11.5    -4.5
DAYS >= .10         7               7.1    -0.1
DAYS >= .50         4               2.4     1.6
DAYS >= 1.00        2               0.8     1.2
GREATEST
 24 HR. TOTAL    1.48   03/29 TO 03/29

SNOWFALL (INCHES)
RECORDS
 TOTAL           43.3   1956
 SNOW DEPTH        10   03/07/2014
                        03/06/2014
                        03/05/2014
TOTALS            0.8               6.4    -5.6
SINCE 7/1        50.9              39.1    11.8
SNOWDEPTH AVG.      3
GREATEST
 SNOW DEPTH        10R  03/07
                        03/06
                        03/05
 24 HR TOTAL      0.8   MM

DEGREE_DAYS
HEATING TOTAL    1039               843     196
 SINCE 7/1       5718              5281     437
COOLING TOTAL       0                 0       0
 SINCE 1/1          0                 0       0
.................................................

WIND (MPH)
AVERAGE WIND SPEED              9.2
RESULTANT WIND SPEED/DIRECTION   5/322
HIGHEST WIND SPEED/DIRECTION    35/320    DATE  03/26
HIGHEST GUST SPEED/DIRECTION    44/260    DATE  03/22

SKY COVER
POSSIBLE SUNSHINE (PERCENT)   MM
AVERAGE SKY COVER           0.70
NUMBER OF DAYS FAIR            3
NUMBER OF DAYS PC             19
NUMBER OF DAYS CLOUDY          9

AVERAGE RH (PERCENT)     55

WEATHER CONDITIONS. NUMBER OF DAYS WITH
THUNDERSTORM              0     MIXED PRECIP               0
HEAVY RAIN                3     RAIN                       6
LIGHT RAIN                9     FREEZING RAIN              0
LT FREEZING RAIN          1     HAIL                       0
HEAVY SNOW                0     SNOW                       0
LIGHT SNOW                4     SLEET                      3
FOG                       8     FOG W/VIS <= 1/4 MILE      2
HAZE                      2

-  INDICATES NEGATIVE NUMBERS.
R  INDICATES RECORD WAS SET OR TIED.
MM INDICATES DATA IS MISSING.
T  INDICATES TRACE AMOUNT.

$$




U.S. Dept. of Commerce
NOAA National Weather Service
1325 East West Highway
Silver Spring, MD 20910
E-mail: w-nws.webmaster@noaa.gov
Page last modified: May 16, 2007
NATIONAL WEATHER SERVICE: for Safety, for Work, for Fun - FOR LIFE