725
CXUS51 KBOX 021443
CLMBDL


CLIMATE REPORT
NATIONAL WEATHER SERVICE TAUNTON MA
1041 AM EDT WED JUL 2 2014

...................................

...THE HARTFORD CT CLIMATE SUMMARY FOR THE MONTH OF JUNE 2014...

CLIMATE NORMAL PERIOD 1981 TO 2010
CLIMATE RECORD PERIOD 1904 TO 2014

WEATHER         OBSERVED          NORMAL  DEPART
                 VALUE   DATE(S)  VALUE   FROM
                                          NORMAL
................................................
TEMPERATURE (F)
RECORD
 HIGH             100   06/30/1964
                        06/26/1952
 LOW               37   06/03/1986
                        06/06/1964
HIGHEST            90   06/17
LOWEST             44   06/01
AVG. MAXIMUM     81.1              79.6     1.5
AVG. MINIMUM     57.8              57.3     0.5
MEAN             69.5              68.5     1.0
DAYS MAX >= 90      1               2.9    -1.9
DAYS MAX <= 32      0               0.0     0.0
DAYS MIN <= 32      0               0.0     0.0
DAYS MIN <= 0       0               0.0     0.0

PRECIPITATION (INCHES)
RECORD
 MAXIMUM        13.60   1982
 MINIMUM         0.66   1912
TOTALS           1.71              4.35   -2.64
DAYS >= .01        11              12.2    -1.2
DAYS >= .10         9               7.0     2.0
DAYS >= .50         1               2.6    -1.6
DAYS >= 1.00        0               1.1    -1.1
GREATEST
 24 HR. TOTAL    0.57   06/12 TO 06/13

SNOWFALL (INCHES)
RECORDS
 TOTAL            0.0   MM
 SNOW DEPTH         0   MM
TOTALS            0.0               0.0     0.0
SINCE 7/1        51.1              40.5    10.6
SNOWDEPTH AVG.      0
GREATEST
 SNOW DEPTH         0   MM
 24 HR TOTAL      0.0   06/30 TO 06/30

DEGREE_DAYS
HEATING TOTAL       6                40     -34
 SINCE 7/1       6359              5998     361
COOLING TOTAL     148               144       4
 SINCE 1/1        180               183      -3
.................................................

WIND (MPH)
AVERAGE WIND SPEED              6.6
RESULTANT WIND SPEED/DIRECTION   1/213
HIGHEST WIND SPEED/DIRECTION    26/300    DATE  06/18
HIGHEST GUST SPEED/DIRECTION    37/270    DATE  06/18

SKY COVER
POSSIBLE SUNSHINE (PERCENT)   MM
AVERAGE SKY COVER           0.60
NUMBER OF DAYS FAIR            6
NUMBER OF DAYS PC             17
NUMBER OF DAYS CLOUDY          7

AVERAGE RH (PERCENT)     66

WEATHER CONDITIONS. NUMBER OF DAYS WITH
THUNDERSTORM              0     MIXED PRECIP               0
HEAVY RAIN                1     RAIN                       6
LIGHT RAIN               12     FREEZING RAIN              0
LT FREEZING RAIN          0     HAIL                       0
HEAVY SNOW                0     SNOW                       0
LIGHT SNOW                0     SLEET                      0
FOG                       9     FOG W/VIS <= 1/4 MILE      1
HAZE                      0

-  INDICATES NEGATIVE NUMBERS.
R  INDICATES RECORD WAS SET OR TIED.
MM INDICATES DATA IS MISSING.
T  INDICATES TRACE AMOUNT.

$$




U.S. Dept. of Commerce
NOAA National Weather Service
1325 East West Highway
Silver Spring, MD 20910
E-mail: w-nws.webmaster@noaa.gov
Page last modified: May 16, 2007
NATIONAL WEATHER SERVICE: for Safety, for Work, for Fun - FOR LIFE