576
CXUS51 KBOX 011958 CCB
CLMBDL

CLIMATE REPORT
NATIONAL WEATHER SERVICE TAUNTON MA
348 PM EDT WED OCT 1 2014

...................................

...THE HARTFORD CT CLIMATE SUMMARY FOR THE MONTH OF SEPTEMBER 2014...

CLIMATE NORMAL PERIOD 1981 TO 2010
CLIMATE RECORD PERIOD 1904 TO 2014

WEATHER         OBSERVED          NORMAL  DEPART
                 VALUE   DATE(S)  VALUE   FROM
                                          NORMAL
................................................
TEMPERATURE (F)
RECORD
 HIGH             101   09/02/1953
 LOW               30   09/29/2000
HIGHEST            93   09/06
                        09/02
LOWEST             41   09/20
AVG. MAXIMUM     77.0              74.9     2.1
AVG. MINIMUM     53.5              52.7     0.8
MEAN             65.3              63.8     1.5
DAYS MAX >= 90      3               0.8     2.2
DAYS MAX <= 32      0               0.0     0.0
DAYS MIN <= 32      0               0.1    -0.1
DAYS MIN <= 0       0               0.0     0.0

PRECIPITATION (INCHES)
RECORD
 MAXIMUM        14.59   1938
 MINIMUM         0.20   1914
TOTALS           1.62              3.88   -2.26
DAYS >= .01         8               9.8    -1.8
DAYS >= .10         3               6.0    -3.0
DAYS >= .50         1               2.5    -1.5
DAYS >= 1.00        1               1.0     0.0
GREATEST
 24 HR. TOTAL    1.12   09/21 TO 09/21

SNOWFALL (INCHES)
RECORDS
 TOTAL             MM   MM
 SNOW DEPTH        MM   MM
TOTALS            0.0               0.0     0.0
SINCE 7/1         0.0               0.0     0.0
SNOWDEPTH AVG.      0
GREATEST
 SNOW DEPTH         0   MM
 24 HR TOTAL      0.0   09/30 TO 09/30

DEGREE_DAYS
HEATING TOTAL      84               110     -26
 SINCE 7/1         86               122     -36
COOLING TOTAL      97                74      23
 SINCE 1/1        756               749       7
.................................................

WIND (MPH)
AVERAGE WIND SPEED              5.9
RESULTANT WIND SPEED/DIRECTION   1/331
HIGHEST WIND SPEED/DIRECTION    24/290    DATE  09/22
HIGHEST GUST SPEED/DIRECTION    31/310    DATE  09/22

SKY COVER
POSSIBLE SUNSHINE (PERCENT)   MM
AVERAGE SKY COVER           0.50
NUMBER OF DAYS FAIR            8
NUMBER OF DAYS PC             15
NUMBER OF DAYS CLOUDY          7

AVERAGE RH (PERCENT)     67

WEATHER CONDITIONS. NUMBER OF DAYS WITH
THUNDERSTORM              0     MIXED PRECIP               0
HEAVY RAIN                1     RAIN                       1
LIGHT RAIN               11     FREEZING RAIN              0
LT FREEZING RAIN          0     HAIL                       0
HEAVY SNOW                0     SNOW                       0
LIGHT SNOW                0     SLEET                      0
FOG                      11     FOG W/VIS <= 1/4 MILE      2
HAZE                      5

-  INDICATES NEGATIVE NUMBERS.
R  INDICATES RECORD WAS SET OR TIED.
MM INDICATES DATA IS MISSING.
T  INDICATES TRACE AMOUNT.

$$

SIPPRELL




U.S. Dept. of Commerce
NOAA National Weather Service
1325 East West Highway
Silver Spring, MD 20910
E-mail: w-nws.webmaster@noaa.gov
Page last modified: May 16, 2007
NATIONAL WEATHER SERVICE: for Safety, for Work, for Fun - FOR LIFE