725
CXUS51 KBOX 011449
CLMBDL


CLIMATE REPORT
NATIONAL WEATHER SERVICE TAUNTON MA
1039 AM EDT MON SEP 1 2014

...................................

...THE HARTFORD CT CLIMATE SUMMARY FOR THE MONTH OF AUGUST 2014...

CLIMATE NORMAL PERIOD 1981 TO 2010
CLIMATE RECORD PERIOD 1904 TO 2014

WEATHER         OBSERVED          NORMAL  DEPART
                 VALUE   DATE(S)  VALUE   FROM
                                          NORMAL
................................................
TEMPERATURE (F)
RECORD
 HIGH             102   MM
 LOW               36   12/31/1999
HIGHEST            91   08/27
LOWEST             51   08/19
AVG. MAXIMUM     81.6              82.7    -1.1
AVG. MINIMUM     59.0              61.1    -2.1
MEAN             70.3              71.9    -1.6
DAYS MAX >= 90      2               4.0    -2.0
DAYS MAX <= 32      0               0.0     0.0
DAYS MIN <= 32      0               0.0     0.0
DAYS MIN <= 0       0               0.0     0.0

PRECIPITATION (INCHES)
RECORD
 MAXIMUM        21.87   1955
 MINIMUM         0.54   1981
TOTALS           3.76              3.93   -0.17
DAYS >= .01        13              10.0     3.0
DAYS >= .10         6               5.8     0.2
DAYS >= .50         1               2.4    -1.4
DAYS >= 1.00        1               1.2    -0.2
GREATEST
 24 HR. TOTAL    2.29   08/13 TO 08/13
                        08/12 TO 08/13
                        08/13 TO 08/13

SNOWFALL (INCHES)
RECORDS
 TOTAL             MM   MM
 SNOW DEPTH        MM   MM
TOTALS            0.0               0.0     0.0
SINCE 7/1         0.0               0.0     0.0
SNOWDEPTH AVG.      0
GREATEST
 SNOW DEPTH         0   MM
 24 HR TOTAL      0.0   08/31 TO 08/31

DEGREE_DAYS
HEATING TOTAL       2                 9      -7
 SINCE 7/1          2                12     -10
COOLING TOTAL     175               223     -48
 SINCE 1/1        659               675     -16
.................................................

WIND (MPH)
AVERAGE WIND SPEED              5.5
RESULTANT WIND SPEED/DIRECTION   1/242
HIGHEST WIND SPEED/DIRECTION    22/140    DATE  08/13
HIGHEST GUST SPEED/DIRECTION    29/130    DATE  08/13

SKY COVER
POSSIBLE SUNSHINE (PERCENT)   MM
AVERAGE SKY COVER           0.50
NUMBER OF DAYS FAIR           11
NUMBER OF DAYS PC             11
NUMBER OF DAYS CLOUDY          9

AVERAGE RH (PERCENT)     67

WEATHER CONDITIONS. NUMBER OF DAYS WITH
THUNDERSTORM              0     MIXED PRECIP               0
HEAVY RAIN                3     RAIN                       5
LIGHT RAIN               14     FREEZING RAIN              0
LT FREEZING RAIN          0     HAIL                       0
HEAVY SNOW                0     SNOW                       0
LIGHT SNOW                0     SLEET                      0
FOG                      11     FOG W/VIS <= 1/4 MILE      0
HAZE                      3

-  INDICATES NEGATIVE NUMBERS.
R  INDICATES RECORD WAS SET OR TIED.
MM INDICATES DATA IS MISSING.
T  INDICATES TRACE AMOUNT.

$$




U.S. Dept. of Commerce
NOAA National Weather Service
1325 East West Highway
Silver Spring, MD 20910
E-mail: w-nws.webmaster@noaa.gov
Page last modified: May 16, 2007
NATIONAL WEATHER SERVICE: for Safety, for Work, for Fun - FOR LIFE