739
CXUS53 KLBF 011249
CLMBBW


CLIMATE REPORT
NATIONAL WEATHER SERVICE NORTH PLATTE
749 AM CDT WED OCT 1 2014

...................................

...THE BROKEN BOW NE CLIMATE SUMMARY FOR THE MONTH OF SEPTEMBER 2014...

CLIMATE NORMAL PERIOD 1981 TO 2010
CLIMATE RECORD PERIOD 1894 TO 2014

WEATHER         OBSERVED          NORMAL  DEPART  LAST YEAR`S
                 VALUE   DATE(S)  VALUE   FROM    VALUE  DATE(S)
                                          NORMAL
................................................................
TEMPERATURE (F)
RECORD
 HIGH             106   09/20/1895
 LOW               16   09/29/1984
HIGHEST            94   09/19        94       0       98  09/06
                        09/08
LOWEST             31   09/13        29       2       38  09/29
AVG. MAXIMUM     77.5              76.2     1.3     79.9
AVG. MINIMUM     48.7              48.2     0.5     53.6
MEAN             63.1              62.2     0.9     66.8
DAYS MAX >= 90      2               2.0     0.0        5
DAYS MAX <= 32      0               0.0     0.0        0
DAYS MIN <= 32      1               0.6     0.4        0
DAYS MIN <= 0       0               0.0     0.0        0

PRECIPITATION (INCHES)
RECORD
 MAXIMUM         7.63   1941
 MINIMUM         0.04   2012
TOTALS           1.79              2.25   -0.46     4.04
DAILY AVG.       0.06              0.08   -0.02     0.13
DAYS >= .01         8                MM      MM       10
DAYS >= .10         4                MM      MM        6
DAYS >= .50         1                MM      MM        2
DAYS >= 1.00        0                MM      MM        2
GREATEST
 24 HR. TOTAL    0.67   09/11 TO 09/12           09/27 TO 09/28
                                                          09/28 TO 09/28
                                                          09/28 TO 09/28

SNOWFALL (INCHES)
TOTALS             MM
SINCE 7/1         0.0
SNOWDEPTH AVG.     MM
DAYS >= TRACE      MM
DAYS >= 1.0        MM
GREATEST
 SNOW DEPTH        MM

DEGREE_DAYS
HEATING TOTAL     128               150     -22       70
 SINCE 7/1        143               168     -25       81
COOLING TOTAL      76                66      10      128
 SINCE 1/1        799               762      37      814
.........................................................

WIND (MPH)
AVERAGE WIND SPEED              8.5
HIGHEST WIND SPEED/DIRECTION    29/010    DATE  09/04
HIGHEST GUST SPEED/DIRECTION    40/160    DATE  09/30

AVERAGE RH (PERCENT)     69

WEATHER CONDITIONS. NUMBER OF DAYS WITH
THUNDERSTORM              0     MIXED PRECIP               0
HEAVY RAIN                4     RAIN                       4
LIGHT RAIN                9     FREEZING RAIN              0
LT FREEZING RAIN          0     HAIL                       0
HEAVY SNOW                0     SNOW                       0
LIGHT SNOW                0     SLEET                      0
FOG                      19     FOG W/VIS <= 1/4 MILE      5
HAZE                      4

-  INDICATES NEGATIVE NUMBERS.
R  INDICATES RECORD WAS SET OR TIED.
MM INDICATES DATA IS MISSING.
T  INDICATES TRACE AMOUNT.

$$




U.S. Dept. of Commerce
NOAA National Weather Service
1325 East West Highway
Silver Spring, MD 20910
E-mail: w-nws.webmaster@noaa.gov
Page last modified: May 16, 2007
NATIONAL WEATHER SERVICE: for Safety, for Work, for Fun - FOR LIFE