172
CXUS53 KLBF 011332
CLMBBW

CLIMATE REPORT
NATIONAL WEATHER SERVICE NORTH PLATTE
726 AM CST MON DEC 1 2014

...................................

...THE BROKEN BOW NE CLIMATE SUMMARY FOR THE MONTH OF NOVEMBER 2014...

CLIMATE NORMAL PERIOD 1981 TO 2010
CLIMATE RECORD PERIOD 1894 TO 2014

WEATHER         OBSERVED          NORMAL  DEPART  LAST YEAR`S
                 VALUE   DATE(S)  VALUE   FROM    VALUE  DATE(S)
                                          NORMAL
................................................................
TEMPERATURE (F)
RECORD
 HIGH              84   11/08/2006
                        11/03/2005
 LOW              -23   11/28/1976
HIGHEST            74   11/07        72       2       66  11/08
LOWEST             -4   11/16         1      -5        4  11/27
AVG. MAXIMUM     48.2              48.7    -0.5     48.1
AVG. MINIMUM     16.9              23.0    -6.1     20.9
MEAN             32.5              35.8    -3.3     34.5
DAYS MAX >= 90      0               0.0     0.0        0
DAYS MAX <= 32      7               4.2     2.8        4
DAYS MIN <= 32     27              25.0     2.0       28
DAYS MIN <= 0       4               0.4     3.6        0

PRECIPITATION (INCHES)
RECORD
 MAXIMUM         3.14   1928
 MINIMUM         0.00   1980
                        1954
                        1945
TOTALS              T              0.95   -0.95     0.41
DAILY AVG.          T              0.03   -0.03     0.01
DAYS >= .01         0                MM      MM        1
DAYS >= .10         0                MM      MM        1
DAYS >= .50         0                MM      MM        0
DAYS >= 1.00        0                MM      MM        0
GREATEST
 24 HR. TOTAL       T   11/17 TO 11/17           11/05 TO 11/05
                        11/29 TO 11/30                    11/04 TO 11/05
                        11/30 TO 11/30                    11/05 TO 11/05

SNOWFALL (INCHES)
TOTALS             MM
SINCE 7/1          MM
SNOWDEPTH AVG.     MM
DAYS >= TRACE      MM
DAYS >= 1.0        MM
GREATEST
 SNOW DEPTH        MM

DEGREE_DAYS
HEATING TOTAL     966               874      92      906
 SINCE 7/1       1469              1531     -62     1519
COOLING TOTAL       0                 0       0        0
 SINCE 1/1        799               768      31      814
......................................................

WIND (MPH)
AVERAGE WIND SPEED              13.0
HIGHEST WIND SPEED/DIRECTION    41/330    DATE  11/23
HIGHEST GUST SPEED/DIRECTION    53/330    DATE  11/23

AVERAGE RH (PERCENT)     60

WEATHER CONDITIONS. NUMBER OF DAYS WITH
THUNDERSTORM              0     MIXED PRECIP               0
HEAVY RAIN                0     RAIN                       0
LIGHT RAIN                0     FREEZING RAIN              0
LT FREEZING RAIN          0     HAIL                       0
HEAVY SNOW                0     SNOW                       0
LIGHT SNOW                1     SLEET                      0
FOG                       2     FOG W/VIS <= 1/4 MILE      0
HAZE                      4

-  INDICATES NEGATIVE NUMBERS.
R  INDICATES RECORD WAS SET OR TIED.
MM INDICATES DATA IS MISSING.
T  INDICATES TRACE AMOUNT.

$$








U.S. Dept. of Commerce
NOAA National Weather Service
1325 East West Highway
Silver Spring, MD 20910
E-mail: w-nws.webmaster@noaa.gov
Page last modified: May 16, 2007
NATIONAL WEATHER SERVICE: for Safety, for Work, for Fun - FOR LIFE