395
CXUS53 KLBF 012029
CLMBBW


CLIMATE REPORT
NATIONAL WEATHER SERVICE NORTH PLATTE
329 PM CDT FRI AUG 1 2014

...................................

...THE BROKEN BOW NE CLIMATE SUMMARY FOR THE MONTH OF JULY 2014...

CLIMATE NORMAL PERIOD 1981 TO 2010
CLIMATE RECORD PERIOD 1894 TO 2014

WEATHER         OBSERVED          NORMAL  DEPART  LAST YEAR`S
                 VALUE   DATE(S)  VALUE   FROM    VALUE  DATE(S)
                                          NORMAL
................................................................
TEMPERATURE (F)
RECORD
 HIGH             116   07/11/1954
 LOW               37   07/30/1971
HIGHEST            95   07/21        98      -3       97  07/13
LOWEST             47   07/15        47       0       48  07/01
AVG. MAXIMUM     84.2              86.8    -2.6     84.3
AVG. MINIMUM     58.6              61.5    -2.9     60.0
MEAN             71.4              74.1    -2.7     72.1
DAYS MAX >= 90      9              10.4    -1.4        8
DAYS MAX <= 32      0               0.0     0.0        0
DAYS MIN <= 32      0               0.0     0.0        0
DAYS MIN <= 0       0               0.0     0.0        0

PRECIPITATION (INCHES)
RECORD
 MAXIMUM         9.06   1993
 MINIMUM         0.23   2002
TOTALS           1.44              2.95   -1.51     3.75
DAILY AVG.       0.05              0.10   -0.05     0.12
DAYS >= .01         5                MM      MM       11
DAYS >= .10         4                MM      MM        7
DAYS >= .50         1                MM      MM        2
DAYS >= 1.00        0                MM      MM        2
GREATEST
 24 HR. TOTAL    0.86   07/09 TO 07/09           07/20 TO 07/21
                                                          07/21 TO 07/21
                                                          07/21 TO 07/21

SNOWFALL (INCHES)
TOTALS             MM
SINCE 7/1          MM
SNOWDEPTH AVG.     MM
DAYS >= TRACE       0
DAYS >= 1.0         0
GREATEST
 SNOW DEPTH        MM

DEGREE_DAYS
HEATING TOTAL      15                 5      10       10
 SINCE 7/1         15                 5      10       10
COOLING TOTAL     221               288     -67      241
 SINCE 1/1        464               474     -10      443
..................................................

WIND (MPH)
AVERAGE WIND SPEED              8.2
HIGHEST WIND SPEED/DIRECTION    36/090    DATE  07/09
HIGHEST GUST SPEED/DIRECTION    45/010    DATE  07/09

AVERAGE RH (PERCENT)     69

WEATHER CONDITIONS. NUMBER OF DAYS WITH
THUNDERSTORM              0     MIXED PRECIP               0
HEAVY RAIN                2     RAIN                       1
LIGHT RAIN                7     FREEZING RAIN              0
LT FREEZING RAIN          0     HAIL                       0
HEAVY SNOW                0     SNOW                       0
LIGHT SNOW                0     SLEET                      0
FOG                      17     FOG W/VIS <= 1/4 MILE      2
HAZE                      3

-  INDICATES NEGATIVE NUMBERS.
R  INDICATES RECORD WAS SET OR TIED.
MM INDICATES DATA IS MISSING.
T  INDICATES TRACE AMOUNT.

$$




U.S. Dept. of Commerce
NOAA National Weather Service
1325 East West Highway
Silver Spring, MD 20910
E-mail: w-nws.webmaster@noaa.gov
Page last modified: May 16, 2007
NATIONAL WEATHER SERVICE: for Safety, for Work, for Fun - FOR LIFE