443
CXUS53 KLBF 011306
CLMBBW

CLIMATE REPORT
NATIONAL WEATHER SERVICE NORTH PLATTE
747 AM CDT SAT NOV 1 2014

...................................

...THE BROKEN BOW NE CLIMATE SUMMARY FOR THE MONTH OF OCTOBER 2014...

CLIMATE NORMAL PERIOD 1981 TO 2010
CLIMATE RECORD PERIOD 1894 TO 2014

WEATHER         OBSERVED          NORMAL  DEPART  LAST YEAR`S
                 VALUE   DATE(S)  VALUE   FROM    VALUE  DATE(S)
                                          NORMAL
................................................................
TEMPERATURE (F)
RECORD
 HIGH              97   10/01/1951
                        10/05/1947
                        10/04/1909
 LOW                    10/28/1925
HIGHEST            85   10/26        85       0       80  10/02
LOWEST             21   10/29        16       5       24  10/31
                                                          10/18
AVG. MAXIMUM     69.0              63.0     6.0     60.1
AVG. MINIMUM     37.2              35.8     1.4     35.1
MEAN             53.1              49.4     3.7     47.6
DAYS MAX >= 90      0               0.1    -0.1        0
DAYS MAX <= 32      0               0.2    -0.2        0
DAYS MIN <= 32      9              10.3    -1.3       12
DAYS MIN <= 0       0               0.0     0.0        0

PRECIPITATION (INCHES)
RECORD
 MAXIMUM         7.43   1946
 MINIMUM         0.00   1933
                        1895
TOTALS           1.37              1.84   -0.47     1.58
DAILY AVG.       0.04              0.06   -0.02     0.05
DAYS >= .01         5                MM      MM       10
DAYS >= .10         3                MM      MM        4
DAYS >= .50         1                MM      MM        1
DAYS >= 1.00        0                MM      MM        0
GREATEST
 24 HR. TOTAL    0.96   10/02 TO 10/02           10/13 TO 10/14
                                                          10/14 TO 10/14
                                                          10/14 TO 10/14

SNOWFALL (INCHES)
TOTALS             MM
SINCE 7/1          MM
SNOWDEPTH AVG.     MM
DAYS >= TRACE       0
DAYS >= 1.0         0
GREATEST
 SNOW DEPTH        MM

DEGREE_DAYS
HEATING TOTAL     360               489    -129      532
 SINCE 7/1        503               657    -154      613
COOLING TOTAL       0                 6      -6        0
 SINCE 1/1        799               768      31      814
.....................................................

WIND (MPH)
AVERAGE WIND SPEED              9.4
HIGHEST WIND SPEED/DIRECTION    41/360    DATE  10/13
HIGHEST GUST SPEED/DIRECTION    49/010    DATE  10/13

AVERAGE RH (PERCENT)     60

WEATHER CONDITIONS. NUMBER OF DAYS WITH
THUNDERSTORM              0     MIXED PRECIP               0
HEAVY RAIN                3     RAIN                       3
LIGHT RAIN                8     FREEZING RAIN              0
LT FREEZING RAIN          0     HAIL                       0
HEAVY SNOW                0     SNOW                       0
LIGHT SNOW                0     SLEET                      0
FOG                       5     FOG W/VIS <= 1/4 MILE      2
HAZE                      2

-  INDICATES NEGATIVE NUMBERS.
R  INDICATES RECORD WAS SET OR TIED.
MM INDICATES DATA IS MISSING.
T  INDICATES TRACE AMOUNT.

&&

...SNOWFALL AND SNOW DEPTH ARE UNAVAILABLE FOR THIS LOCATION...

$$










U.S. Dept. of Commerce
NOAA National Weather Service
1325 East West Highway
Silver Spring, MD 20910
E-mail: w-nws.webmaster@noaa.gov
Page last modified: May 16, 2007
NATIONAL WEATHER SERVICE: for Safety, for Work, for Fun - FOR LIFE