058
CXUS52 KGSP 011250
CLMAVL

CLIMATE REPORT
NATIONAL WEATHER SERVICE GREENVILLE-SPARTANBURG SC
850 AM EDT TUE APR 1 2014

...................................

...THE ASHEVILLE CLIMATE SUMMARY FOR THE MONTH OF MARCH 2014...

CLIMATE NORMAL PERIOD 1981 TO 2010
CLIMATE RECORD PERIOD 1869 TO 2014

WEATHER         OBSERVED          NORMAL  DEPART  LAST YEAR`S
                 VALUE   DATE(S)  VALUE   FROM    VALUE  DATE(S)
                                          NORMAL
................................................................
TEMPERATURE (F)
RECORD
 HIGH              87   03/25/1929
 LOW                2   03/15/1993
HIGHEST            75   03/11        MM      MM       77  03/16
LOWEST             22   03/14        MM      MM       22  03/21
AVG. MAXIMUM     56.8              58.7    -1.9     51.8
AVG. MINIMUM     32.1              35.5    -3.4     31.9
MEAN             44.5              47.1    -2.6     41.9
DAYS MAX >= 90      0               0.0     0.0        0
DAYS MAX <= 32      0               0.3    -0.3        0
DAYS MIN <= 32     18              11.2     6.8       19
DAYS MIN <= 0       0               0.0     0.0        0

PRECIPITATION (INCHES)
RECORD
 MAXIMUM         9.86   1975
 MINIMUM         0.72   1910
TOTALS           2.30              3.83   -1.53     3.32
DAILY AVG.       0.07              0.12   -0.05     0.11
DAYS >= .01         9              11.0    -2.0       12
DAYS >= .10         7               6.7     0.3        7
DAYS >= .50         1               2.5    -1.5        3
DAYS >= 1.00        0               1.0    -1.0        0
GREATEST
 24 HR. TOTAL    0.50   03/16 TO 03/16           03/11 TO 03/11
                                                          03/11 TO 03/11
                                                          03/11 TO 03/11
 STORM TOTAL       MM                                 MM
 (MM/DD(HH))            MM                    03/11(00) TO 03/11(00)
                                                 03/11(00) TO 03/11(00)1
                                                 03/11(00) TO 03/11(00)1

SNOWFALL (INCHES)
RECORDS
 TOTAL           28.9   1960
 24 HR TOTAL     16.5   03/13/1993 TO 03/14/1993
 SNOW DEPTH        18   03/14/1993
TOTALS            0.4               1.9    -1.5      0.3
 LIQUID EQUIV    0.04              0.20   -0.16     0.03
SINCE 7/1         9.8               9.2     0.6      0.5
 LIQUID 7/1      0.98              0.90    0.08     0.05
SNOWDEPTH AVG.      0                MM      MM        0
DAYS >= TRACE       7               0.9     6.1        9
DAYS >= 1.0         0               0.4    -0.4        0
GREATEST
 SNOW DEPTH         0                                 -1  03/21
 24 HR TOTAL      0.4 ON 25                      03/11 TO 03/11
                                                          03/11 TO 03/11
                                                          03/11 TO 03/11
 STORM TOTAL       MM                                 MM
 (MM/DD(HH))            MM                    03/11(00) TO 03/11(00)
                                                 03/11(00) TO 03/11(00)1
                                                 03/11(00) TO 03/11(00)1

DEGREE_DAYS
HEATING TOTAL     629               555      74      710
 SINCE 7/1       3948              3772     176     3651
COOLING TOTAL       0                 1      -1        0
 SINCE 1/1          0                 1      -1        0

FREEZE DATES
RECORD
 EARLIEST     MM
 LATEST       MM
EARLIEST                        MM
LATEST                          MM
..................................................

WIND (MPH)
AVERAGE WIND SPEED              8.0
HIGHEST WIND SPEED/DIRECTION    48/330    DATE  03/30
HIGHEST GUST SPEED/DIRECTION    62/330    DATE  03/30

SKY COVER
POSSIBLE SUNSHINE (PERCENT)   MM
AVERAGE SKY COVER           0.40
NUMBER OF DAYS FAIR           17
NUMBER OF DAYS PC              6
NUMBER OF DAYS CLOUDY          8

AVERAGE RH (PERCENT)     62

WEATHER CONDITIONS. NUMBER OF DAYS WITH
THUNDERSTORM              0     MIXED PRECIP               0
HEAVY RAIN                0     RAIN                       6
LIGHT RAIN               10     FREEZING RAIN              0
LT FREEZING RAIN          0     HAIL                       0
HEAVY SNOW                0     SNOW                       1
LIGHT SNOW                6     SLEET                      2
FOG                      18     FOG W/VIS <= 1/4 MILE      0
HAZE                      2

-  INDICATES NEGATIVE NUMBERS.
R  INDICATES RECORD WAS SET OR TIED.
MM INDICATES DATA IS MISSING.
T  INDICATES TRACE AMOUNT.

$$

OUTLAW






U.S. Dept. of Commerce
NOAA National Weather Service
1325 East West Highway
Silver Spring, MD 20910
E-mail: w-nws.webmaster@noaa.gov
Page last modified: May 16, 2007
NATIONAL WEATHER SERVICE: for Safety, for Work, for Fun - FOR LIFE