584
CXUS52 KGSP 020006 CCA
CLMAVL

CLIMATE REPORT...CORRECTED TO ADD THE DATE OF GREATEST SNOWFALL
NATIONAL WEATHER SERVICE GREENVILLE-SPARTANBURG SC
736 AM EST MON DEC 1 2014

...................................

...THE ASHEVILLE CLIMATE SUMMARY FOR THE MONTH OF NOVEMBER 2014...

CLIMATE NORMAL PERIOD 1981 TO 2010
CLIMATE RECORD PERIOD 1869 TO 2014

WEATHER         OBSERVED          NORMAL  DEPART  LAST YEAR`S
                 VALUE   DATE(S)  VALUE   FROM    VALUE  DATE(S)
                                          NORMAL
................................................................
TEMPERATURE (F)
RECORD
 HIGH              83   11/01/1950
 LOW                1   11/25/1950
HIGHEST            71   11/11        MM      MM       75  11/01
                        11/04
LOWEST             15   11/19        MM      MM       18  11/14
AVG. MAXIMUM     54.7              58.8    -4.1     54.6
AVG. MINIMUM     30.2              35.8    -5.6     32.9
MEAN             42.5              47.3    -4.8     43.8
DAYS MAX >= 90      0               0.0     0.0        0
DAYS MAX <= 32      1               0.0     1.0        0
DAYS MIN <= 32     21              11.5     9.5       18
DAYS MIN <= 0       0               0.0     0.0        0

PRECIPITATION (INCHES)
RECORD
 MAXIMUM         7.76   1979
 MINIMUM         0.07   1909
TOTALS           3.83              3.65    0.18     3.55
DAILY AVG.       0.13              0.12    0.01     0.12
DAYS >= .01         4               9.7    -5.7       11
DAYS >= .10         4               6.0    -2.0        6
DAYS >= .50         2               2.4    -0.4        1
DAYS >= 1.00        2               1.2     0.8        1
GREATEST
 24 HR. TOTAL    2.05   11/23 TO 11/23           11/26 TO 11/27
                        11/22 TO 11/23                    11/27 TO 11/27
                        11/23 TO 11/23                    11/27 TO 11/27
 STORM TOTAL       MM                                 MM
 (MM/DD(HH))            MM                    11/27(00) TO 11/27(00)
                                                 11/27(00) TO 11/27(00)7
                                                 11/27(00) TO 11/27(00)7

SNOWFALL (INCHES)
RECORDS
 TOTAL            9.6   1968
 24 HR TOTAL      5.4   11/11/1968 TO 11/11/1968
 SNOW DEPTH         5   11/12/1968
TOTALS            3.2               0.1     3.1      0.2
 LIQUID EQUIV    0.32              0.00    0.32     0.02
SINCE 7/1         3.2               0.1     3.1      0.2
 LIQUID 7/1      0.32              0.00    0.32     0.02
SNOWDEPTH AVG.      0                MM      MM        0
DAYS >= TRACE       5               0.2     4.8        4
DAYS >= 1.0         1               0.1     0.9        0
GREATEST
 SNOW DEPTH         3   11/01                          0  MM
 24 HR TOTAL      3.2   11/01                    11/27 TO 11/27
                                                          11/27 TO 11/27
                                                          11/27 TO 11/27
 STORM TOTAL       MM                                0.2
 (MM/DD(HH))            MM                    11/27(00) TO 11/27(00)
                                                 11/27(00) TO 11/27(00)7
                                                 11/27(00) TO 11/27(00)7

DEGREE_DAYS
HEATING TOTAL     669               532     137      632
 SINCE 7/1        915               867      48      883
COOLING TOTAL       0                 1      -1        0
 SINCE 1/1        919               863      56      860

FREEZE DATES
RECORD
 EARLIEST     MM
 LATEST       MM
EARLIEST      11/01             MM
LATEST                          MM
........................................................

WIND (MPH)
AVERAGE WIND SPEED              8.4
HIGHEST WIND SPEED/DIRECTION    38/330    DATE  11/01
HIGHEST GUST SPEED/DIRECTION    47/340    DATE  11/01

SKY COVER
POSSIBLE SUNSHINE (PERCENT)   MM
AVERAGE SKY COVER           0.30
NUMBER OF DAYS FAIR           21
NUMBER OF DAYS PC              4
NUMBER OF DAYS CLOUDY          5

AVERAGE RH (PERCENT)     61

WEATHER CONDITIONS. NUMBER OF DAYS WITH
THUNDERSTORM              1     MIXED PRECIP               0
HEAVY RAIN                2     RAIN                       3
LIGHT RAIN                9     FREEZING RAIN              0
LT FREEZING RAIN          0     HAIL                       0
HEAVY SNOW                0     SNOW                       1
LIGHT SNOW                4     SLEET                      1
FOG                       7     FOG W/VIS <= 1/4 MILE      1
HAZE                      0

-  INDICATES NEGATIVE NUMBERS.
R  INDICATES RECORD WAS SET OR TIED.
MM INDICATES DATA IS MISSING.
T  INDICATES TRACE AMOUNT.

$$




U.S. Dept. of Commerce
NOAA National Weather Service
1325 East West Highway
Silver Spring, MD 20910
E-mail: w-nws.webmaster@noaa.gov
Page last modified: May 16, 2007
NATIONAL WEATHER SERVICE: for Safety, for Work, for Fun - FOR LIFE