610
CXUS52 KGSP 011703
CLMAVL

CLIMATE REPORT
NATIONAL WEATHER SERVICE GREENVILLE-SPARTANBURG SC
1246 PM EDT FRI AUG 1 2014

...................................

...THE ASHEVILLE CLIMATE SUMMARY FOR THE MONTH OF JULY 2014...

CLIMATE NORMAL PERIOD 1981 TO 2010
CLIMATE RECORD PERIOD 1869 TO 2014

WEATHER         OBSERVED          NORMAL  DEPART  LAST YEAR`S
                 VALUE   DATE(S)  VALUE   FROM    VALUE  DATE(S)
                                          NORMAL
................................................................
TEMPERATURE (F)
RECORD
 HIGH              99   07/10/1936
 LOW               44   07/02/1988
HIGHEST            88   07/08        MM      MM       87  07/17
                        07/02                             07/16
                                                          07/09
LOWEST             53   07/05        MM      MM       58  07/30
AVG. MAXIMUM     80.4              84.0    -3.6     81.6
AVG. MINIMUM     62.5              63.7    -1.2     65.4
MEAN             71.4              73.8    -2.4     73.5
DAYS MAX >= 90      0               3.1    -3.1        0
DAYS MAX <= 32      0               0.0     0.0        0
DAYS MIN <= 32      0               0.0     0.0        0
DAYS MIN <= 0       0               0.0     0.0        0

PRECIPITATION (INCHES)
RECORD
 MAXIMUM        13.69   2013
 MINIMUM         0.46   1986
TOTALS           4.93              4.31    0.62    13.69
DAILY AVG.       0.16              0.14    0.02     0.44
DAYS >= .01        13              12.9     0.1       19
DAYS >= .10        10               8.1     1.9       16
DAYS >= .50         5               3.0     2.0        9
DAYS >= 1.00        1               0.9     0.1        6
GREATEST
 24 HR. TOTAL    1.34   07/18 TO 07/19           07/03 TO 07/04
                                                          07/31 TO 07/31
                                                          07/31 TO 07/31
 STORM TOTAL       MM                                 MM
 (MM/DD(HH))            MM                    07/04(00) TO 07/04(00)
                                                 07/31(00) TO 07/31(00)1
                                                 07/31(00) TO 07/31(00)1

DEGREE_DAYS
HEATING TOTAL       2                 0       2        0
 SINCE 7/1          2                 0       2        0
COOLING TOTAL     208               275     -67      270
 SINCE 1/1        515               510       5      523

FREEZE DATES
RECORD
 EARLIEST     MM
 LATEST       MM
EARLIEST                        MM
LATEST                          MM
..................................................

WIND (MPH)
AVERAGE WIND SPEED              5.1
HIGHEST WIND SPEED/DIRECTION    36/340    DATE  07/27
HIGHEST GUST SPEED/DIRECTION    43/320    DATE  07/24

SKY COVER
POSSIBLE SUNSHINE (PERCENT)   MM
AVERAGE SKY COVER           0.40
NUMBER OF DAYS FAIR           13
NUMBER OF DAYS PC             13
NUMBER OF DAYS CLOUDY          5

AVERAGE RH (PERCENT)     74

WEATHER CONDITIONS. NUMBER OF DAYS WITH
THUNDERSTORM             10     MIXED PRECIP               0
HEAVY RAIN                8     RAIN                      10
LIGHT RAIN               17     FREEZING RAIN              0
LT FREEZING RAIN          0     HAIL                       0
HEAVY SNOW                0     SNOW                       0
LIGHT SNOW                0     SLEET                      0
FOG                      17     FOG W/VIS <= 1/4 MILE      5
HAZE                      4

-  INDICATES NEGATIVE NUMBERS.
R  INDICATES RECORD WAS SET OR TIED.
MM INDICATES DATA IS MISSING.
T  INDICATES TRACE AMOUNT.

$$








U.S. Dept. of Commerce
NOAA National Weather Service
1325 East West Highway
Silver Spring, MD 20910
E-mail: w-nws.webmaster@noaa.gov
Page last modified: May 16, 2007
NATIONAL WEATHER SERVICE: for Safety, for Work, for Fun - FOR LIFE