602
CXUS52 KGSP 011608
CLMAVL

CLIMATE REPORT
NATIONAL WEATHER SERVICE GREENVILLE-SPARTANBURG SC
1208 PM EDT SAT NOV 1 2014

...................................

...THE ASHEVILLE CLIMATE SUMMARY FOR THE MONTH OF OCTOBER 2014...

CLIMATE NORMAL PERIOD 1981 TO 2010
CLIMATE RECORD PERIOD 1869 TO 2014

WEATHER         OBSERVED          NORMAL  DEPART  LAST YEAR`S
                 VALUE   DATE(S)  VALUE   FROM    VALUE  DATE(S)
                                          NORMAL
................................................................
TEMPERATURE (F)
RECORD
 HIGH              90   10/06/1941
                        10/05/1941
 LOW               20   10/30/1910
HIGHEST            81   10/10        MM      MM       81  10/05
                        10/08
LOWEST             33   10/05        MM      MM       25  10/26
AVG. MAXIMUM     69.5              68.1     1.4     68.5
AVG. MINIMUM     46.3              44.6     1.7     47.7
MEAN             57.9              56.4     1.5     58.1
DAYS MAX >= 90      0               0.0     0.0        0
DAYS MAX <= 32      0               0.0     0.0        0
DAYS MIN <= 32      0               2.9    -2.9        2
DAYS MIN <= 0       0               0.0     0.0        0

PRECIPITATION (INCHES)
RECORD
 MAXIMUM        11.32   1918
 MINIMUM         0.00   2000
TOTALS           4.03              2.91    1.12     2.19
DAILY AVG.       0.13              0.09    0.04     0.07
DAYS >= .01         9               8.2     0.8        8
DAYS >= .10         6               4.5     1.5        4
DAYS >= .50         1               2.1    -1.1        1
DAYS >= 1.00        1               0.7     0.3        1
GREATEST
 24 HR. TOTAL    2.41   10/14 TO 10/14           10/06 TO 10/07
                                                          10/25 TO 10/25
                                                          10/25 TO 10/25
 STORM TOTAL       MM                                 MM
 (MM/DD(HH))            MM                    10/07(00) TO 10/07(00)
                                                 10/25(00) TO 10/25(00)5
                                                 10/25(00) TO 10/25(00)5

SNOWFALL (INCHES)
RECORDS
 TOTAL            3.0   1923
 24 HR TOTAL      3.0   10/23/1923 TO 10/24/1923
 SNOW DEPTH        MM   MM
TOTALS            0.0               0.0     0.0        T
 LIQUID EQUIV    0.00              0.00    0.00       MM
SINCE 7/1         0.0               0.0     0.0        T
 LIQUID 7/1      0.00              0.00    0.00       MM
SNOWDEPTH AVG.      0                MM      MM        0
DAYS >= TRACE       0               0.0     0.0        1
DAYS >= 1.0         0               0.0     0.0        0
GREATEST
 SNOW DEPTH         0   MM                             0  MM
 24 HR TOTAL      0.0   MM                       10/25 TO 10/25
                                                          10/25 TO 10/25
                                                          10/25 TO 10/25
 STORM TOTAL       MM                                 MM
 (MM/DD(HH))            MM                    10/25(00) TO 10/25(00)
                                                 10/25(00) TO 10/25(00)5
                                                 10/25(00) TO 10/25(00)5

DEGREE_DAYS
HEATING TOTAL     227               278     -51      222
 SINCE 7/1        246               335     -89      251
COOLING TOTAL      15                10       5       17
 SINCE 1/1        919               862      57      860

FREEZE DATES
RECORD
 EARLIEST     MM
 LATEST       MM
EARLIEST                        MM
LATEST                          MM
......................................................

WIND (MPH)
AVERAGE WIND SPEED              6.6
HIGHEST WIND SPEED/DIRECTION    30/160    DATE  10/14
HIGHEST GUST SPEED/DIRECTION    41/160    DATE  10/14

SKY COVER
POSSIBLE SUNSHINE (PERCENT)   MM
AVERAGE SKY COVER           0.30
NUMBER OF DAYS FAIR           19
NUMBER OF DAYS PC              9
NUMBER OF DAYS CLOUDY          3

AVERAGE RH (PERCENT)     69

WEATHER CONDITIONS. NUMBER OF DAYS WITH
THUNDERSTORM              0     MIXED PRECIP               0
HEAVY RAIN                3     RAIN                       6
LIGHT RAIN               14     FREEZING RAIN              0
LT FREEZING RAIN          0     HAIL                       0
HEAVY SNOW                0     SNOW                       0
LIGHT SNOW                1     SLEET                      0
FOG                      16     FOG W/VIS <= 1/4 MILE      6
HAZE                      4

-  INDICATES NEGATIVE NUMBERS.
R  INDICATES RECORD WAS SET OR TIED.
MM INDICATES DATA IS MISSING.
T  INDICATES TRACE AMOUNT.

$$

OUTLAW




U.S. Dept. of Commerce
NOAA National Weather Service
1325 East West Highway
Silver Spring, MD 20910
E-mail: w-nws.webmaster@noaa.gov
Page last modified: May 16, 2007
NATIONAL WEATHER SERVICE: for Safety, for Work, for Fun - FOR LIFE