573
CXUS52 KGSP 012259 CCA
CLMAVL

CLIMATE REPORT...CORRECTED FOR NUMBER OF THUNDER DAYS
NATIONAL WEATHER SERVICE GREENVILLE-SPARTANBURG SC
1107 AM EDT MON SEP 1 2014

...................................

...THE ASHEVILLE CLIMATE SUMMARY FOR THE MONTH OF AUGUST 2014...

CLIMATE NORMAL PERIOD 1981 TO 2010
CLIMATE RECORD PERIOD 1869 TO 2014

WEATHER         OBSERVED          NORMAL  DEPART  LAST YEAR`S
                 VALUE   DATE(S)  VALUE   FROM    VALUE  DATE(S)
                                          NORMAL
................................................................
TEMPERATURE (F)
RECORD
 HIGH             100   08/21/1983
 LOW               42   08/29/1986
HIGHEST            90   08/22        MM      MM       86  08/31
                                                          08/29
LOWEST             53   08/26        MM      MM       53  08/25
AVG. MAXIMUM     82.3              82.9    -0.6     79.5
AVG. MINIMUM     62.5              62.9    -0.4     63.5
MEAN             72.4              72.9    -0.5     71.5
DAYS MAX >= 90      1               2.6    -1.6        0
DAYS MAX <= 32      0               0.0     0.0        0
DAYS MIN <= 32      0               0.0     0.0        0
DAYS MIN <= 0       0               0.0     0.0        0

PRECIPITATION (INCHES)
RECORD
 MAXIMUM        13.75   1940
 MINIMUM         0.22   1925
TOTALS           3.95              4.40   -0.45     6.98
DAILY AVG.       0.13              0.14   -0.01     0.23
DAYS >= .01        11              12.7    -1.7       15
DAYS >= .10         7               7.4    -0.4       11
DAYS >= .50         3               2.5     0.5        6
DAYS >= 1.00        1               1.0     0.0        3
GREATEST
 24 HR. TOTAL    1.94   08/09 TO 08/09           08/18 TO 08/19
                                                          08/31 TO 08/31
                                                          08/31 TO 08/31
 STORM TOTAL       MM                                 MM
 (MM/DD(HH))            MM                    08/19(00) TO 08/19(00)
                                                 08/31(00) TO 08/31(00)1
                                                 08/31(00) TO 08/31(00)1

DEGREE_DAYS
HEATING TOTAL       0                 2      -2        5
 SINCE 7/1          2                 2       0        5
COOLING TOTAL     237               247     -10      215
 SINCE 1/1        752               757      -5      738

FREEZE DATES
RECORD
 EARLIEST     MM
 LATEST       MM
EARLIEST                        MM
LATEST                          MM
..................................................

WIND (MPH)
AVERAGE WIND SPEED              4.1
HIGHEST WIND SPEED/DIRECTION    23/330    DATE  08/13
HIGHEST GUST SPEED/DIRECTION    30/340    DATE  08/13

SKY COVER
POSSIBLE SUNSHINE (PERCENT)   MM
AVERAGE SKY COVER           0.40
NUMBER OF DAYS FAIR           15
NUMBER OF DAYS PC             10
NUMBER OF DAYS CLOUDY          6

AVERAGE RH (PERCENT)     74

WEATHER CONDITIONS. NUMBER OF DAYS WITH
THUNDERSTORM              6     MIXED PRECIP               0
HEAVY RAIN                6     RAIN                       6
LIGHT RAIN               18     FREEZING RAIN              0
LT FREEZING RAIN          0     HAIL                       0
HEAVY SNOW                0     SNOW                       0
LIGHT SNOW                0     SLEET                      0
FOG                      16     FOG W/VIS <= 1/4 MILE      3
HAZE                      6

-  INDICATES NEGATIVE NUMBERS.
R  INDICATES RECORD WAS SET OR TIED.
MM INDICATES DATA IS MISSING.
T  INDICATES TRACE AMOUNT.

$$








U.S. Dept. of Commerce
NOAA National Weather Service
1325 East West Highway
Silver Spring, MD 20910
E-mail: w-nws.webmaster@noaa.gov
Page last modified: May 16, 2007
NATIONAL WEATHER SERVICE: for Safety, for Work, for Fun - FOR LIFE