164
CXUS52 KGSP 011523
CLMAVL

CLIMATE REPORT
NATIONAL WEATHER SERVICE GREENVILLE-SPARTANBURG SC
1017 AM EST THU JAN 1 2015

...................................

...THE ASHEVILLE CLIMATE SUMMARY FOR THE MONTH OF DECEMBER 2014...

CLIMATE NORMAL PERIOD 1981 TO 2010
CLIMATE RECORD PERIOD 1869 TO 2014

WEATHER         OBSERVED          NORMAL  DEPART  LAST YEAR`S
                 VALUE   DATE(S)  VALUE   FROM    VALUE  DATE(S)
                                          NORMAL
................................................................
TEMPERATURE (F)
RECORD
 HIGH              81   12/31/1951
 LOW               -7   12/25/1983
HIGHEST            70   12/01        MM      MM       70  12/06
                                                          12/05
LOWEST             23   12/15        MM      MM       18  12/25
AVG. MAXIMUM     52.9              49.5     3.4     52.4
AVG. MINIMUM     35.5              29.3     6.2     32.1
MEAN             44.2              39.4     4.8     42.2
DAYS MAX >= 90      0               0.0     0.0        0
DAYS MAX <= 32      0               1.4    -1.4        0
DAYS MIN <= 32     11              20.3    -9.3       17
DAYS MIN <= 0       0               0.1    -0.1        0

PRECIPITATION (INCHES)
RECORD
 MAXIMUM         9.16   2009
 MINIMUM         0.16   1985
TOTALS           2.40              3.59   -1.19     7.67
DAILY AVG.       0.08              0.12   -0.04     0.25
DAYS >= .01        11               9.7     1.3       11
DAYS >= .10         3               5.8    -2.8       11
DAYS >= .50         2               2.4    -0.4        6
DAYS >= 1.00        1               0.9     0.1        1
GREATEST
 24 HR. TOTAL    1.67   12/23 TO 12/24           12/22 TO 12/23
                                                          12/23 TO 12/23
                                                          12/23 TO 12/23
 STORM TOTAL       MM                                 MM
 (MM/DD(HH))            MM                    12/23(00) TO 12/23(00)
                                                 12/23(00) TO 12/23(00)3
                                                 12/23(00) TO 12/23(00)3

SNOWFALL (INCHES)
RECORDS
 TOTAL           17.2   1876
 24 HR TOTAL     16.3   12/03/1971 TO 12/03/1971
 SNOW DEPTH        14   12/04/1971
TOTALS              T               0.9    -0.9      0.0
 LIQUID EQUIV      MM              0.10      MM     0.00
SINCE 7/1         3.2               1.0     2.2      0.2
 LIQUID 7/1      0.32              0.10    0.22     0.02
SNOWDEPTH AVG.      0                MM      MM        0
DAYS >= TRACE       1               1.0     0.0        0
DAYS >= 1.0         0               0.4    -0.4        0
GREATEST
 SNOW DEPTH         0   MM                             0  MM
 24 HR TOTAL        T   12/10 TO 12/10           12/23 TO 12/23
                                                          12/23 TO 12/23
                                                          12/23 TO 12/23
 STORM TOTAL       MM                                 MM
 (MM/DD(HH))            MM                    12/23(00) TO 12/23(00)
                                                 12/23(00) TO 12/23(00)3
                                                 12/23(00) TO 12/23(00)3

DEGREE_DAYS
HEATING TOTAL     639               794    -155      697
 SINCE 7/1       1554              1661    -107     1580

FREEZE DATES
RECORD
 EARLIEST     MM
 LATEST       MM
EARLIEST                        MM
LATEST                          MM
....................................................

WIND (MPH)
AVERAGE WIND SPEED              8.0
HIGHEST WIND SPEED/DIRECTION    38/330    DATE  12/07
HIGHEST GUST SPEED/DIRECTION    46/330    DATE  12/07

SKY COVER
POSSIBLE SUNSHINE (PERCENT)   MM
AVERAGE SKY COVER           0.50
NUMBER OF DAYS FAIR           13
NUMBER OF DAYS PC              7
NUMBER OF DAYS CLOUDY         11

AVERAGE RH (PERCENT)     69

WEATHER CONDITIONS. NUMBER OF DAYS WITH
THUNDERSTORM              0     MIXED PRECIP               0
HEAVY RAIN                2     RAIN                       3
LIGHT RAIN               14     FREEZING RAIN              0
LT FREEZING RAIN          0     HAIL                       0
HEAVY SNOW                0     SNOW                       0
LIGHT SNOW                1     SLEET                      0
FOG                      15     FOG W/VIS <= 1/4 MILE      1
HAZE                      3

-  INDICATES NEGATIVE NUMBERS.
R  INDICATES RECORD WAS SET OR TIED.
MM INDICATES DATA IS MISSING.
T  INDICATES TRACE AMOUNT.

$$




U.S. Dept. of Commerce
NOAA National Weather Service
1325 East West Highway
Silver Spring, MD 20910
E-mail: w-nws.webmaster@noaa.gov
Page last modified: May 16, 2007
NATIONAL WEATHER SERVICE: for Safety, for Work, for Fun - FOR LIFE