666
CXUS53 KGRB 010939
CLMAUW


CLIMATE REPORT
NATIONAL WEATHER SERVICE GREEN BAY
438 AM CDT TUE APR 1 2014

...................................

...THE WAUSAU WI CLIMATE SUMMARY FOR THE MONTH OF MARCH 2014...

CLIMATE NORMAL PERIOD 1981 TO 2010
CLIMATE RECORD PERIOD 1896 TO 2014

WEATHER         OBSERVED          NORMAL  DEPART  LAST YEAR`S
                 VALUE   DATE(S)  VALUE   FROM    VALUE  DATE(S)
                                          NORMAL
................................................................
TEMPERATURE (F)
RECORD
 HIGH              80   03/30/1910
                        03/29/1910
 LOW              -24   03/05/1917
HIGHEST            53   03/30        61      -8       46  03/29
LOWEST            -18   03/03        -2     -16        0  03/03
AVG. MAXIMUM     30.8              39.5    -8.7     32.9
AVG. MINIMUM     12.7              20.5    -7.8     15.8
MEAN             21.8              30.0    -8.2     24.4
DAYS MAX >= 90      0               0.0     0.0        0
DAYS MAX <= 32     15               7.1     7.9       13
DAYS MIN <= 32     30              26.8     3.2       31
DAYS MIN <= 0       5               1.9     3.1        1

PRECIPITATION (INCHES)
RECORD
 MAXIMUM         4.66   1977
 MINIMUM         0.05   1960
TOTALS           0.75              1.76   -1.01     2.18
DAILY AVG.       0.02              0.06   -0.04     0.07
DAYS >= .01         8               9.2    -1.2        8
DAYS >= .10         2               4.7    -2.7        6
DAYS >= .50         0               0.9    -0.9
DAYS >= 1.00        0               0.2    -0.2        0
GREATEST
 STORM TOTAL       MM
 (MM/DD(HH))            MM

SNOWFALL (INCHES)
RECORDS
 TOTAL           36.2   1956
 24 HR TOTAL      5.3   03/05/2004 TO 03/05/2004
TOTALS            6.3              10.0    -3.7     12.7
SINCE 7/1        75.9              55.3    20.6     68.7
DAYS >= TRACE      14               6.2     7.8
DAYS >= 1.0         1               2.9    -1.9        5
GREATEST
 SNOW DEPTH        26R  03/04                         15  03/18
 24 HR TOTAL      2.7   MM

DEGREE_DAYS
HEATING TOTAL    1332              1085     247     1252
 SINCE 7/1       8279              7221    1058     7076
COOLING TOTAL       0                 0       0        0
 SINCE 1/1          0                 0       0        0
.................................................................

WIND (MPH)
AVERAGE WIND SPEED              8.3
HIGHEST WIND SPEED/DIRECTION    24/270    DATE  03/14
HIGHEST GUST SPEED/DIRECTION    32/270    DATE  03/14

SKY COVER
POSSIBLE SUNSHINE (PERCENT)   MM
AVERAGE SKY COVER           0.40
NUMBER OF DAYS FAIR           14
NUMBER OF DAYS PC             13
NUMBER OF DAYS CLOUDY          4

AVERAGE RH (PERCENT)     68

WEATHER CONDITIONS. NUMBER OF DAYS WITH
THUNDERSTORM              0     MIXED PRECIP               0
HEAVY RAIN                0     RAIN                       0
LIGHT RAIN                1     FREEZING RAIN              0
LT FREEZING RAIN          1     HAIL                       0
HEAVY SNOW                0     SNOW                       4
LIGHT SNOW               14     SLEET                      0
FOG                      11     FOG W/VIS <= 1/4 MILE      0
HAZE                      7

-  INDICATES NEGATIVE NUMBERS.
R  INDICATES RECORD WAS SET OR TIED.
MM INDICATES DATA IS MISSING.
T  INDICATES TRACE AMOUNT.

$$





U.S. Dept. of Commerce
NOAA National Weather Service
1325 East West Highway
Silver Spring, MD 20910
E-mail: w-nws.webmaster@noaa.gov
Page last modified: May 16, 2007
NATIONAL WEATHER SERVICE: for Safety, for Work, for Fun - FOR LIFE