559
CXUS54 KEWX 011450
CLMAUS

SATCLMAUS 000
TTAA00 KEWX 011416

CLIMATE REPORT
NATIONAL WEATHER SERVICE AUSTIN/SAN ANTONIO, TX
950 AM CDT SAT NOV 1 2014

...................................

...THE AUSTIN BERGSTROM CLIMATE SUMMARY FOR THE MONTH OF OCTOBER 2014...

CLIMATE NORMAL PERIOD 1981 TO 2010
CLIMATE RECORD PERIOD 1943 TO 2014

WEATHER         OBSERVED          NORMAL  DEPART  LAST YEAR`S
                 VALUE   DATE(S)  VALUE   FROM    VALUE  DATE(S)
                                          NORMAL
................................................................
TEMPERATURE (F)
HIGHEST            94   10/02                         92  10/12
LOWEST             46   10/15                         38  10/20
AVG. MAXIMUM     85.0              82.2     2.8     81.5
AVG. MINIMUM     58.1              55.9     2.2     57.9
MEAN             71.5              69.0     2.5     69.7
DAYS MAX >= 90      7                                  5
DAYS MAX <= 32      0                                  0
DAYS MIN <= 32      0                                  0
DAYS MIN <= 0       0                                  0

PRECIPITATION (INCHES)
TOTALS           1.94              4.32   -2.38     9.80
DAILY AVG.       0.06              0.13   -0.07     0.32
DAYS >= .01         6                                  9
DAYS >= .10         4                                  9
DAYS >= .50         1                                  6
DAYS >= 1.00        1                                  2
GREATEST
 24 HR. TOTAL    1.19   10/11 TO 10/11
                        10/10 TO 10/11
                        10/11 TO 10/11

SNOWFALL (INCHES)
TOTALS            0.0                MM      MM      0.0
SINCE 7/1         0.0                MM      MM      0.0

DEGREE_DAYS
HEATING TOTAL       1                49     -48       36
 SINCE 7/1          2                51     -49       36
COOLING TOTAL     212               175      37      190
 SINCE 1/1       2814              2703     111     3003
.................................................................

WIND (MPH)
AVERAGE WIND SPEED              6.9
HIGHEST WIND SPEED/DIRECTION    25/020    DATE  10/31
HIGHEST GUST SPEED/DIRECTION    35/190    DATE  10/13

SKY COVER
POSSIBLE SUNSHINE (PERCENT)   MM
AVERAGE SKY COVER           0.40
NUMBER OF DAYS FAIR           13
NUMBER OF DAYS PC             16
NUMBER OF DAYS CLOUDY          2

AVERAGE RH (PERCENT)     69

WEATHER CONDITIONS. NUMBER OF DAYS WITH
THUNDERSTORM              0     MIXED PRECIP               0
HEAVY RAIN                2     RAIN                       3
LIGHT RAIN                9     FREEZING RAIN              0
LT FREEZING RAIN          0     HAIL                       0
HEAVY SNOW                0     SNOW                       0
LIGHT SNOW                0     SLEET                      0
FOG                      14     FOG W/VIS <= 1/4 MILE      0
HAZE                      1

-  INDICATES NEGATIVE NUMBERS.
R  INDICATES RECORD WAS SET OR TIED.
MM INDICATES DATA IS MISSING.
T  INDICATES TRACE AMOUNT.

&&
SEA LEVEL PRESSURE DATA:
HIGHEST  SLP 30.32 ON 31
LOWEST   SLP 29.65 ON 13


PRELIMINARY LOCAL CLIMATOLOGICAL DATA (WS FORM: F-6)

                                          STATION:   AUSTIN BERGSTROM
                                          MONTH:     OCTOBER
                                          YEAR:      2014
                                          LATITUDE:   30 13 N
                                          LONGITUDE:  97 40 W

  TEMPERATURE IN F:       :PCPN:    SNOW:  WIND      :SUNSHINE: SKY     :PK WND
================================================================================
1   2   3   4   5  6A  6B    7    8   9   10  11  12  13   14  15   16   17  18
                                     12Z  AVG MX 2MIN
DY MAX MIN AVG DEP HDD CDD  WTR  SNW DPTH SPD SPD DIR MIN PSBL S-S WX    SPD DR
================================================================================

 1  93  71  82   8   0  17 0.00  0.0    0  8.3 16 190   M    M   5        21 170
 2  94  73  84  11   0  19 0.37  0.0    0 11.7 22 200   M    M   7 3      31 190
 3  84  56  70  -3   0   5 0.00  0.0    0 10.7 23  10   M    M   1        28  20
 4  80  53  67  -6   0   2 0.00  0.0    0  6.3 13 180   M    M   0        17  40
 5  87  53  70  -2   0   5 0.00  0.0    0  9.3 21 190   M    M   3 1      27 170
 6  90  69  80   8   0  15 0.00  0.0    0  8.2 22  70   M    M   5        28  60
 7  93  71  82  10   0  17    T  0.0    0  9.2 17 170   M    M   6 1      23 180
 8  91  67  79   7   0  14 0.00  0.0    0  8.8 17 150   M    M   6 1      25 140
 9  92  73  83  12   0  18 0.03  0.0    0 11.6 21 190   M    M   5        27 150
10  93  74  84  13   0  19 0.00  0.0    0 12.8 23 200   M    M   6        30 180
11  78  60  69  -2   0   4 1.19  0.0    0  9.1 18  20   M    M   9 13     23 330
12  78  62  70   0   0   5    T  0.0    0  6.2 22 180   M    M   9 138    29 180
13  77  55  66  -4   0   1 0.16  0.0    0 13.2 24 330   M    M   3 1      35 190
14  79  50  65  -5   0   0 0.00  0.0    0  6.3 16 360   M    M   0        23 340
15  87  46  67  -3   0   2 0.00  0.0    0  3.7 12 210   M    M   0        15 250
16  86  48  67  -2   0   2 0.00  0.0    0  7.1 21 190   M    M   0        28 200
17  86  52  69   0   0   4 0.00  0.0    0  5.8 17 200   M    M   0        21 200
18  86  57  72   3   0   7 0.00  0.0    0  2.3 10  70   M    M   5 1      14  80
19  82  59  71   3   0   6 0.00  0.0    0  4.5 15  80   M    M   5        18  80
20  81  56  69   1   0   4 0.00  0.0    0  2.9 12  40   M    M   5 1      14  20
21  82  53  68   0   0   3 0.00  0.0    0  3.5 14  80   M    M   3 1      19  40
22  83  55  69   2   0   4    T  0.0    0  3.7 14  60   M    M   6        19  80
23  82  59  71   4   0   6 0.02  0.0    0  2.5  9  70   M    M   5        13  90
24  85  53  69   2   0   4 0.00  0.0    0  2.1 10 130   M    M   1        12 110
25  88  53  71   5   0   6 0.00  0.0    0  3.7 12 230   M    M   0        17 210
26  85  52  69   3   0   4 0.00  0.0    0  6.4 17 160   M    M   0 1      23 150
27  87  53  70   4   0   5 0.00  0.0    0  9.3 23 190   M    M   2 1      29 180
28  85  55  70   5   0   5 0.00  0.0    0  2.2 12 190   M    M   5 1      14 330
29  81  57  69   4   0   4 0.00  0.0    0  6.9 15  30   M    M   5        20  20
30  83  56  70   5   0   5    T  0.0    0  3.2  8 100   M    M   4 1      13  80
31  76  51  64   0   1   0 0.17  0.0    0 11.7 25  20   M    M   4 1      30 350
================================================================================
SM 2634 1802         1 212  1.94     0.0 213.2          M      115
================================================================================
AV 85.0 58.1                               6.9 FASTST   M    M   4    MAX(MPH)
                                 MISC ---->  # 25  20               # 35  190
================================================================================
NOTES:
# LAST OF SEVERAL OCCURRENCES

COLUMN 17 PEAK WIND IN M.P.H.

PRELIMINARY LOCAL CLIMATOLOGICAL DATA (WS FORM: F-6) , PAGE 2

                                          STATION:  AUSTIN BERGSTROM
                                          MONTH:    OCTOBER
                                          YEAR:     2014
                                          LATITUDE:   30 13 N
                                          LONGITUDE:  97 40 W

SYMBOLS USED IN COLUMN 16

1 = FOG OR MIST
2 = FOG REDUCING VISIBILITY
    TO 1/4 MILE OR LESS
3 = THUNDER
4 = ICE PELLETS
5 = HAIL
6 = FREEZING RAIN OR DRIZZLE
7 = DUSTSTORM OR SANDSTORM:
    VSBY 1/2 MILE OR LESS
8 = SMOKE OR HAZE
9 = BLOWING SNOW
X = TORNADO

$$








U.S. Dept. of Commerce
NOAA National Weather Service
1325 East West Highway
Silver Spring, MD 20910
E-mail: w-nws.webmaster@noaa.gov
Page last modified: May 16, 2007
NATIONAL WEATHER SERVICE: for Safety, for Work, for Fun - FOR LIFE