042
CXUS54 KEWX 011503
CLMAUS

SATCLMAUS 000
TTAA00 KEWX 011432

CLIMATE REPORT...PRELIMINARY
NATIONAL WEATHER SERVICE AUSTIN/SAN ANTONIO, TX
1003 AM CDT TUE APR 1 2014

...................................

...THE AUSTIN BERGSTROM CLIMATE SUMMARY FOR THE MONTH OF MARCH 2014...

CLIMATE NORMAL PERIOD 1981 TO 2010
CLIMATE RECORD PERIOD 1943 TO 2014

WEATHER         OBSERVED          NORMAL  DEPART  LAST YEAR`S
                 VALUE   DATE(S)  VALUE   FROM    VALUE  DATE(S)
                                          NORMAL
................................................................
TEMPERATURE (F)
HIGHEST            90   03/28                         90  03/18
LOWEST             23   03/03                         26  03/26
                                                          03/01
AVG. MAXIMUM     70.0              71.8    -1.8     74.7
AVG. MINIMUM     43.5              46.6    -3.1     43.8
MEAN             56.7              59.2    -2.5     59.3
DAYS MAX >= 90      1                                  1
DAYS MAX <= 32      0                                  0
DAYS MIN <= 32      4                                  8
DAYS MIN <= 0       0                                  0

PRECIPITATION (INCHES)
TOTALS           1.19              2.51   -1.32     1.37
DAILY AVG.       0.04              0.08   -0.04     0.04
DAYS >= .01         6                                  5
DAYS >= .10         4                                  2
DAYS >= .50         1                                  1
DAYS >= 1.00        0                                  1
GREATEST
 24 HR. TOTAL    0.58   03/08 TO 03/08

SNOWFALL (INCHES)
TOTALS            0.0                MM      MM      0.0
SINCE 7/1           T                MM      MM        T

DEGREE_DAYS
HEATING TOTAL     280               222      58      219
 SINCE 7/1       2097              1837     260     1534
COOLING TOTAL      32                42     -10       49
 SINCE 1/1         49                58      -9       77
.................................................................

WIND (MPH)
AVERAGE WIND SPEED              10.0
HIGHEST WIND SPEED/DIRECTION    35/360    DATE  03/12
HIGHEST GUST SPEED/DIRECTION    43/350    DATE  03/12

SKY COVER
POSSIBLE SUNSHINE (PERCENT)   MM
AVERAGE SKY COVER           0.60
NUMBER OF DAYS FAIR            7
NUMBER OF DAYS PC              9
NUMBER OF DAYS CLOUDY         15

AVERAGE RH (PERCENT)     69

WEATHER CONDITIONS. NUMBER OF DAYS WITH
THUNDERSTORM              0     MIXED PRECIP               0
HEAVY RAIN                2     RAIN                       1
LIGHT RAIN               12     FREEZING RAIN              2
LT FREEZING RAIN          2     HAIL                       0
HEAVY SNOW                0     SNOW                       0
LIGHT SNOW                0     SLEET                      0
FOG                      18     FOG W/VIS <= 1/4 MILE      4
HAZE                      8

-  INDICATES NEGATIVE NUMBERS.
R  INDICATES RECORD WAS SET OR TIED.
MM INDICATES DATA IS MISSING.
T  INDICATES TRACE AMOUNT.

REMARKS
RECORD RAINFALL ON THE 8TH WITH 0.58 INCHES, THE PREVIOUS RECORD WAS
0.27 INCHES SET IN 1976.
THE AVERAGE TEMPERATURE FOR MARCH WAS 56.7 DEGREES, WHICH MAKES THIS
THE 5TH COLDEST MARCH.
THE AVERAGE LOW TEMPERATURE FOR MARCH WAS 43.5 DEGREES, WHICH MAKES
THIS THE 3RD COLDEST AVERAGE MINIMUM TEMPERATURE.
THE LOW TEMPERATURE OF 23 DEGREES ON THE 3RD IS TIED FOR THE 8TH
COLDEST MORNING IN MARCH.

PRELIMINARY LOCAL CLIMATOLOGICAL DATA (WS FORM: F-6)

                                          STATION:   AUSTIN BERGSTROM
                                          MONTH:     MARCH
                                          YEAR:      2014
                                          LATITUDE:   30 13 N
                                          LONGITUDE:  97 40 W

  TEMPERATURE IN F:       :PCPN:    SNOW:  WIND      :SUNSHINE: SKY     :PK WND
================================================================================
1   2   3   4   5  6A  6B    7    8   9   10  11  12  13   14  15   16   17  18
                                     12Z  AVG MX 2MIN
DY MAX MIN AVG DEP HDD CDD  WTR  SNW DPTH SPD SPD DIR MIN PSBL S-S WX    SPD DR
================================================================================

 1  80  41  61   6   4   0 0.01  0.0    0  8.9 23 170   M    M   7 12     32 170
 2  72  27  50  -5  15   0 0.10  0.0    0 14.5 28 350   M    M  10 18     35 350
 3  45  23  34 -22  31   0 0.15  0.0    0 17.7 25 350   M    M   8 136    33 350
 4  47  31  39 -17  26   0 0.30  0.0    0  7.1 21  20   M    M   9 136    23  10
 5  56  38  47  -9  18   0 0.00  0.0    0  4.8 15 150   M    M   8 18     21 150
 6  64  34  49  -7  16   0 0.00  0.0    0  6.9 16 350   M    M   4 18     23 340
 7  66  32  49  -8  16   0 0.00  0.0    0  7.7 18 140   M    M   7 18     23 170
 8  59  44  52  -5  13   0 0.58  0.0    0  8.1 23  10   M    M   9 13     27  10
 9  57  41  49  -8  16   0 0.00  0.0    0  9.2 20 340   M    M   9 1      24 340
10  73  45  59   1   6   0    T  0.0    0  4.9 21 190   M    M   8 1      32 180
11  79  56  68  10   0   3 0.00  0.0    0 10.9 20 190   M    M   5 1      25 180
12  67  38  53  -5  12   0 0.00  0.0    0 19.4 35 360   M    M   1        43 350
13  66  35  51  -7  14   0 0.00  0.0    0  5.8 16 180   M    M   3        19 190
14  74  42  58  -1   7   0 0.00  0.0    0  7.7 20 170   M    M   8        26 180
15  76  58  67   8   0   2 0.05  0.0    0  5.4 16 200   M    M   9 12     20 180
16  65  48  57  -2   8   0 0.00  0.0    0 17.2 31 350   M    M   8 3      37 350
17  67  42  55  -5  10   0 0.00  0.0    0  9.4 26 360   M    M   3        32 350
18  82  40  61   1   4   0 0.00  0.0    0 13.6 25 180   M    M   2        31 170
19  70  43  57  -3   8   0 0.00  0.0    0 11.5 24  30   M    M   5 8      31  20
20  75  37  56  -4   9   0 0.00  0.0    0  3.6 10 180   M    M   2        15  80
21  81  48  65   4   0   0    T  0.0    0  9.8 24 170   M    M   7 128    30 170
22  77  60  69   8   0   4    T  0.0    0  6.2 17  20   M    M   9 12     23  20
23  61  48  55  -6  10   0    T  0.0    0 18.2 31  10   M    M  10        40  20
24  65  45  55  -6  10   0 0.00  0.0    0  5.6 16  20   M    M   8        19  20
25  68  37  53  -9  12   0 0.00  0.0    0  7.7 21  40   M    M   5 1      27  40
26  68  51  60  -2   5   0    T  0.0    0 13.8 29 160   M    M   9 8      38 170
27  80  62  71   9   0   6    T  0.0    0 12.9 25 180   M    M   8 1      32 170
28  90  59  75  13   0  10 0.00  0.0    0  7.8 31  10   M    M   6 138    36  20
29  77  44  61  -2   4   0 0.00  0.0    0 10.4 23  10   M    M   3        26  10
30  79  39  59  -4   6   0 0.00  0.0    0 10.9 26 140   M    M   3        31 140
31  84  59  72   9   0   7 0.00  0.0    0 13.3 26 180   M    M   6 1      34 190
================================================================================
SM 2170 1347       280  32  1.19     0.0 310.9          M      199
================================================================================
AV 70.0 43.5                              10.0 FASTST   M    M   6    MAX(MPH)
                                 MISC ---->  # 35 360               # 43  350
================================================================================
NOTES:
# LAST OF SEVERAL OCCURRENCES

COLUMN 17 PEAK WIND IN M.P.H.

PRELIMINARY LOCAL CLIMATOLOGICAL DATA (WS FORM: F-6) , PAGE 2

                                          STATION:  AUSTIN BERGSTROM
                                          MONTH:    MARCH
                                          YEAR:     2014
                                          LATITUDE:   30 13 N
                                          LONGITUDE:  97 40 W

SYMBOLS USED IN COLUMN 16

1 = FOG OR MIST
2 = FOG REDUCING VISIBILITY
    TO 1/4 MILE OR LESS
3 = THUNDER
4 = ICE PELLETS
5 = HAIL
6 = FREEZING RAIN OR DRIZZLE
7 = DUSTSTORM OR SANDSTORM:
    VSBY 1/2 MILE OR LESS
8 = SMOKE OR HAZE
9 = BLOWING SNOW
X = TORNADO

[PRESSURE DATA]
 HIGHEST SLP 30.37 ON 13
 LOWEST  SLP 29.58 ON 11

$$







U.S. Dept. of Commerce
NOAA National Weather Service
1325 East West Highway
Silver Spring, MD 20910
E-mail: w-nws.webmaster@noaa.gov
Page last modified: May 16, 2007
NATIONAL WEATHER SERVICE: for Safety, for Work, for Fun - FOR LIFE