976
CXUS54 KEWX 011611
CLMAUS

SATCLMAUS 000
TTAA00 KEWX 011603


CLIMATE REPORT
NATIONAL WEATHER SERVICE AUSTIN/SAN ANTONIO, TX
1111 AM CDT MON SEP 1 2014

...................................

...THE AUSTIN BERGSTROM CLIMATE SUMMARY FOR THE MONTH OF AUGUST 2014...

CLIMATE NORMAL PERIOD 1981 TO 2010
CLIMATE RECORD PERIOD 1943 TO 2014

WEATHER         OBSERVED          NORMAL  DEPART  LAST YEAR`S
                 VALUE   DATE(S)  VALUE   FROM    VALUE  DATE(S)
                                          NORMAL
................................................................
TEMPERATURE (F)
HIGHEST           103   08/11                        105  08/08
                        08/07                             08/07
LOWEST             64   08/13                         64  08/18
                        08/02
AVG. MAXIMUM     98.6              96.1     2.5     99.3
AVG. MINIMUM     72.1              71.3     0.8     72.2
MEAN             85.4              83.7     1.7     85.7
DAYS MAX >= 90     31                                 30
DAYS MAX <= 32      0                                  0
DAYS MIN <= 32      0                                  0
DAYS MIN <= 0       0                                  0

PRECIPITATION (INCHES)
TOTALS              T              2.03   -2.03     1.65
DAILY AVG.          T              0.05   -0.05     0.05
DAYS >= .01         0                                  4
DAYS >= .10         0                                  2
DAYS >= .50         0                                  1
DAYS >= 1.00        0                                  1
GREATEST
 24 HR. TOTAL       T   08/29 TO 08/29
                        08/03 TO 08/04
                        08/04 TO 08/04

SNOWFALL (INCHES)
TOTALS            0.0                MM      MM      0.0
SINCE 7/1         0.0                MM      MM      0.0

DEGREE_DAYS
HEATING TOTAL       0                 0       0        0
 SINCE 7/1          0                 0       0        0
COOLING TOTAL     640               580      60      651
 SINCE 1/1       2160              2140      20     2339
.................................................................

WIND (MPH)
AVERAGE WIND SPEED              8.1
HIGHEST WIND SPEED/DIRECTION    36/010    DATE  08/11
HIGHEST GUST SPEED/DIRECTION    44/010    DATE  08/11

SKY COVER
POSSIBLE SUNSHINE (PERCENT)   MM
AVERAGE SKY COVER           0.40
NUMBER OF DAYS FAIR           13
NUMBER OF DAYS PC             18
NUMBER OF DAYS CLOUDY          0

AVERAGE RH (PERCENT)     62

WEATHER CONDITIONS. NUMBER OF DAYS WITH
THUNDERSTORM              0     MIXED PRECIP               0
HEAVY RAIN                0     RAIN                       0
LIGHT RAIN                5     FREEZING RAIN              0
LT FREEZING RAIN          0     HAIL                       0
HEAVY SNOW                0     SNOW                       0
LIGHT SNOW                0     SLEET                      0
FOG                       7     FOG W/VIS <= 1/4 MILE      0
HAZE                      5

-  INDICATES NEGATIVE NUMBERS.
R  INDICATES RECORD WAS SET OR TIED.
MM INDICATES DATA IS MISSING.
T  INDICATES TRACE AMOUNT.

&&

MONTHLY CLIMATOLOGICAL SUMMARY:
AUGUST 2014 WAS THE 27TH WARMEST AUGUST AND WAS TIED WITH 1957, 1993, AND 2011
FOR DRIEST AUGUST SINCE RECORD KEEPING BEGAN FOR THE AUSTIN-BERGSTROM AIRPORT
AREA IN 1943.

SEA LEVEL PRESSURE DATA:
HIGHEST SLP OF 30.06 ON THE 2ND
LOWEST SLP OF 29.75 ON THE 29TH

PRELIMINARY LOCAL CLIMATOLOGICAL DATA (WS FORM: F-6)

                                          STATION:   AUSTIN BERGSTROM
                                          MONTH:     AUGUST
                                          YEAR:      2014
                                          LATITUDE:   30 13 N
                                          LONGITUDE:  97 40 W

  TEMPERATURE IN F:       :PCPN:    SNOW:  WIND      :SUNSHINE: SKY     :PK WND
================================================================================
1   2   3   4   5  6A  6B    7    8   9   10  11  12  13   14  15   16   17  18
                                     12Z  AVG MX 2MIN
DY MAX MIN AVG DEP HDD CDD  WTR  SNW DPTH SPD SPD DIR MIN PSBL S-S WX    SPD DR
================================================================================

 1  91  73  82  -2   0  17 0.00  0.0    0  9.7 18  10   M    M   6        25  10
 2  90  64  77  -7   0  12 0.00  0.0    0  8.1 16  40   M    M   5 1      23  30
 3  94  67  81  -3   0  16 0.00  0.0    0  7.4 18  30   M    M   3        24  50
 4  94  71  83  -1   0  18    T  0.0    0  6.9 18  40   M    M   4 18     26  40
 5  98  68  83  -1   0  18 0.00  0.0    0  4.0 18 110   M    M   4 8      25 110
 6  98  70  84   0   0  19 0.00  0.0    0  6.2 18 150   M    M   4 1      24 140
 7 103  76  90   6   0  25 0.00  0.0    0 10.7 17 160   M    M   3 18     25 150
 8 101  74  88   4   0  23 0.00  0.0    0  9.8 20 170   M    M   3        23 180
 9 100  73  87   3   0  22 0.00  0.0    0  8.3 18 190   M    M   3 1      26 240
10 102  73  88   4   0  23 0.00  0.0    0  6.9 18 150   M    M   3        23 130
11 103  75  89   5   0  24    T  0.0    0  6.1 36  10   M    M   6 3      44  10
12 100  72  86   2   0  21 0.00  0.0    0  6.6 17  30   M    M   4        23  50
13  98  64  81  -3   0  16 0.00  0.0    0  7.9 22  10   M    M   1        28  20
14  99  66  83  -1   0  18 0.00  0.0    0  4.2 15  50   M    M   2        20 110
15 100  71  86   2   0  21 0.00  0.0    0  6.9 16 180   M    M   5        21 180
16 102  76  89   5   0  24 0.00  0.0    0 10.7 21 170   M    M   5        27 180
17 101  77  89   5   0  24 0.00  0.0    0  9.8 18 210   M    M   7        23 190
18 101  76  89   5   0  24    T  0.0    0 10.5 21 150   M    M   5        34 200
19  97  72  85   1   0  20    T  0.0    0 12.6 22 160   M    M   7        30 130
20 101  78  90   6   0  25    T  0.0    0 13.3 24 160   M    M   5        33 170
21 102  78  90   6   0  25 0.00  0.0    0 13.9 25 150   M    M   2        33 150
22 101  78  90   7   0  25 0.00  0.0    0 12.1 21 180   M    M   3        27 180
23 100  69  85   2   0  20 0.00  0.0    0  8.7 20 170   M    M   3 18     24 170
24 100  74  87   4   0  22 0.00  0.0    0  7.8 17 170   M    M   3        26 220
25 101  71  86   3   0  21 0.00  0.0    0  5.2 13 140   M    M   2        17 100
26 100  71  86   3   0  21    T  0.0    0  5.5 24  30   M    M   6 3      32  30
27  97  71  84   1   0  19 0.00  0.0    0  4.8 16  60   M    M   3 1      22  80
28  97  70  84   2   0  19 0.00  0.0    0  6.1 24 110   M    M   4 38     28 110
29  96  73  85   3   0  20    T  0.0    0  5.8 23 140   M    M   7 3      28 150
30  95  72  84   2   0  19 0.00  0.0    0  5.4 16 160   M    M   6        21 150
31  96  71  84   2   0  19 0.00  0.0    0  9.9 22 140   M    M   5        28 150
================================================================================
SM 3058 2234         0 640    T      0.0 251.8          M      129
================================================================================
AV 98.6 72.1                               8.1 FASTST   M    M   4    MAX(MPH)
                                 MISC ---->  # 36  10               # 44   10
================================================================================

NOTES:
# LAST OF SEVERAL OCCURRENCES

COLUMN 17 PEAK WIND IN M.P.H.

SYMBOLS USED IN COLUMN 16

1 = FOG OR MIST
2 = FOG REDUCING VISIBILITY
    TO 1/4 MILE OR LESS
3 = THUNDER
4 = ICE PELLETS
5 = HAIL
6 = FREEZING RAIN OR DRIZZLE
7 = DUSTSTORM OR SANDSTORM:
    VSBY 1/2 MILE OR LESS
8 = SMOKE OR HAZE
9 = BLOWING SNOW
X = TORNADO


$$








U.S. Dept. of Commerce
NOAA National Weather Service
1325 East West Highway
Silver Spring, MD 20910
E-mail: w-nws.webmaster@noaa.gov
Page last modified: May 16, 2007
NATIONAL WEATHER SERVICE: for Safety, for Work, for Fun - FOR LIFE