750
CXUS54 KEWX 112257
CLMAUS

CLIMATE REPORT...CORRECTED MIN FOR 12/3 AND AVG TEMPS, UPDATED CF6 BELOW
NATIONAL WEATHER SERVICE AUSTIN/SAN ANTONIO, TX
457 PM CST SUN JAN 11 2015

...................................

...THE AUSTIN BERGSTROM CLIMATE SUMMARY FOR THE MONTH OF DECEMBER 2014...

CLIMATE NORMAL PERIOD 1981 TO 2010
CLIMATE RECORD PERIOD 1943 TO 2014

WEATHER         OBSERVED          NORMAL  DEPART  LAST YEAR`S
                 VALUE   DATE(S)  VALUE   FROM    VALUE  DATE(S)
                                          NORMAL
................................................................
TEMPERATURE (F)
HIGHEST            78   12/05                         86  12/03
LOWEST             25   12/29                         24  12/24
AVG. MAXIMUM     62.6              63.6    -1.0     59.6
AVG. MINIMUM     44.0              37.2     6.8     35.3
MEAN             53.3              50.4     2.9     47.4
DAYS MAX >= 90      0                                  0
DAYS MAX <= 32      0                                  1
DAYS MIN <= 32      5                                 16
DAYS MIN <= 0       0                                  0

PRECIPITATION (INCHES)
TOTALS           2.12              2.21   -0.09     0.86
DAILY AVG.       0.07              0.07    0.00     0.03
DAYS >= .01         8                                  5
DAYS >= .10         4                                  2
DAYS >= .50         1                                  1
DAYS >= 1.00        1                                  0
GREATEST
 24 HR. TOTAL    1.44   12/18 TO 12/19

SNOWFALL (INCHES)
TOTALS            0.0                MM      MM        T
SINCE 7/1         0.0                MM      MM        T

DEGREE_DAYS
HEATING TOTAL     358               462    -104      544
 SINCE 7/1        696               747     -51      869
COOLING TOTAL       4                10      -6        5
 SINCE 1/1       2832              2751      81     3045
.................................................................

WIND (MPH)
AVERAGE WIND SPEED              8.4
HIGHEST WIND SPEED/DIRECTION    31/360    DATE  12/23
HIGHEST GUST SPEED/DIRECTION    37/360    DATE  12/23

SKY COVER
POSSIBLE SUNSHINE (PERCENT)   MM
AVERAGE SKY COVER           0.80
NUMBER OF DAYS FAIR            3
NUMBER OF DAYS PC              8
NUMBER OF DAYS CLOUDY         20

AVERAGE RH (PERCENT)     77

WEATHER CONDITIONS. NUMBER OF DAYS WITH
THUNDERSTORM              0     MIXED PRECIP               0
HEAVY RAIN                2     RAIN                       3
LIGHT RAIN               15     FREEZING RAIN              0
LT FREEZING RAIN          0     HAIL                       0
HEAVY SNOW                0     SNOW                       0
LIGHT SNOW                0     SLEET                      0
FOG                      19     FOG W/VIS <= 1/4 MILE      2
HAZE                      4

-  INDICATES NEGATIVE NUMBERS.
R  INDICATES RECORD WAS SET OR TIED.
MM INDICATES DATA IS MISSING.
T  INDICATES TRACE AMOUNT.

&&

[SEA LEVEL PRESSURE DATA]
HIGHEST SLP WAS 30.55 INCHES ON THE 31ST.
LOWEST SLP WAS 29.59 INCHES ON THE 22ND.

[MONTHLY CLIMATE SUMMARY]
DECEMBER WAS THE 29TH WARMEST AND 29TH WETTEST
DECEMBER SINCE RECORD KEEPING BEGAN.

PRELIMINARY LOCAL CLIMATOLOGICAL DATA (WS FORM: F-6)

                                          STATION:   AUSTIN BERGSTROM
                                          MONTH:     DECEMBER
                                          YEAR:      2014
                                          LATITUDE:   30 13 N
                                          LONGITUDE:  97 40 W

  TEMPERATURE IN F:       :PCPN:    SNOW:  WIND      :SUNSHINE: SKY     :PK WND
================================================================================
1   2   3   4   5  6A  6B    7    8   9   10  11  12  13   14  15   16   17  18
                                     12Z  AVG MX 2MIN
DY MAX MIN AVG DEP HDD CDD  WTR  SNW DPTH SPD SPD DIR MIN PSBL S-S WX    SPD DR
================================================================================

 1  63  41  52  -1  13   0 0.00  0.0    0 12.8 24  20   M    M  10 1      29  30
 2  49  40  45  -8  20   0 0.00  0.0    0  8.1 16  10   M    M  10        16  10
 3  62  47  55   2  10   0    T  0.0    0  1.9  7 140   M    M  10 1      10 150
 4  67  59  63  11   2   0 0.04  0.0    0  4.6 14 150   M    M  10 1      18 160
 5  78  54  66  14   0   1    T  0.0    0  7.8 20 220   M    M   5 1      26 210
 6  68  49  59   7   6   0 0.00  0.0    0  9.4 18  20   M    M   5        22  20
 7  56  49  53   1  12   0 0.00  0.0    0  8.3 17  10   M    M   9        20  10
 8  65  41  53   2  12   0 0.00  0.0    0  6.5 14 350   M    M   7 1      18  10
 9  69  34  52   1  13   0 0.00  0.0    0  2.2  8  90   M    M   6 18     12  50
10  67  41  54   3  11   0 0.09  0.0    0  2.8 12 160   M    M   9 1      14 150
11  69  56  63  12   2   0 0.09  0.0    0  6.3 16 180   M    M  10 18     20 170
12  71  54  63  12   2   0    T  0.0    0  6.5 15 180   M    M   9        18 190
13  73  45  59   9   6   0 0.00  0.0    0  4.9 16 150   M    M   6 12     22 160
14  76  59  68  18   0   3    T  0.0    0 13.0 25 170   M    M   9 1      32 180
15  74  43  59   9   6   0 0.00  0.0    0  7.3 16 190   M    M   4        20 200
16  61  36  49  -1  16   0 0.00  0.0    0  9.0 22  10   M    M   4        25 360
17  53  49  51   1  14   0 0.19  0.0    0  6.2 16 120   M    M  10 13     19 120
18  61  48  55   5  10   0 0.20  0.0    0  9.1 20  10   M    M  10 1      24  20
19  57  49  53   3  12   0 1.24  0.0    0 13.1 20  10   M    M   9 13     24  20
20  55  49  52   2  13   0    T  0.0    0  7.7 17  10   M    M  10 1      20  10
21  56  50  53   3  12   0    T  0.0    0  7.8 18 190   M    M  10 1      23 190
22  71  54  63  14   2   0 0.00  0.0    0 10.1 18 210   M    M   9        24 220
23  56  44  50   1  15   0 0.00  0.0    0 13.8 31 360   M    M   8        37 360
24  57  28  43  -6  22   0 0.00  0.0    0  9.0 24 320   M    M   3        31 300
25  65  27  46  -3  19   0 0.00  0.0    0 10.3 29 170   M    M   3        36 170
26  75  51  63  14   2   0    T  0.0    0  9.1 22 180   M    M   8 1      28 190
27  66  42  54   5  11   0 0.05  0.0    0 13.3 23 360   M    M  10 1      28 360
28  47  29  38 -11  27   0 0.22  0.0    0  8.9 22 360   M    M   7 1      28 360
29  64  25  45  -4  20   0 0.00  0.0    0  3.3 16 190   M    M   3        20 210
30  48  32  40  -9  25   0    T  0.0    0 11.5 24  30   M    M   9 128    30  20
31  42  38  40  -9  25   0    T  0.0    0 16.1 22 360   M    M  10 8      27  20
================================================================================
SM 1941 1363       360   4  2.12     0.0 260.7          M      242
================================================================================
AV 62.6 44.0                               8.4 FASTST   M    M   8    MAX(MPH)
                                 MISC ---->  # 31 360               # 37  360
================================================================================
NOTES:
# LAST OF SEVERAL OCCURRENCES

COLUMN 17 PEAK WIND IN M.P.H.

SYMBOLS USED IN COLUMN 16

1 = FOG OR MIST
2 = FOG REDUCING VISIBILITY
    TO 1/4 MILE OR LESS
3 = THUNDER
4 = ICE PELLETS
5 = HAIL
6 = FREEZING RAIN OR DRIZZLE
7 = DUSTSTORM OR SANDSTORM:
    VSBY 1/2 MILE OR LESS
8 = SMOKE OR HAZE
9 = BLOWING SNOW
X = TORNADO

$$











U.S. Dept. of Commerce
NOAA National Weather Service
1325 East West Highway
Silver Spring, MD 20910
E-mail: w-nws.webmaster@noaa.gov
Page last modified: May 16, 2007
NATIONAL WEATHER SERVICE: for Safety, for Work, for Fun - FOR LIFE