671
CXUS51 KGYX 021536
CLMAUG

PWMCLMAUG 000
TTAA00 KGYX 021522


CLIMATE REPORT
NATIONAL WEATHER SERVICE GRAY ME
1122 AM EDT THU OCT 2 2014

...................................

...THE AUGUSTA CLIMATE SUMMARY FOR THE MONTH OF SEPTEMBER 2014...

CLIMATE NORMAL PERIOD 1981 TO 2010
CLIMATE RECORD PERIOD 1948 TO 2014

WEATHER         OBSERVED          NORMAL  DEPART  LAST YEAR`S
                 VALUE   DATE(S)  VALUE   FROM    VALUE  DATE(S)
                                          NORMAL
................................................................
TEMPERATURE (F)
RECORD
 HIGH              96   09/09/2002
 LOW               28   09/29/1980
                        09/28/1965
HIGHEST            85   09/05        85       0       88  09/11
                        09/01
LOWEST             34   09/19        38      -4       37  09/17
AVG. MAXIMUM     70.4              69.6     0.8     69.1
AVG. MINIMUM     49.7              50.5    -0.8     50.3
MEAN             60.1              60.0     0.1     59.7
DAYS MAX >= 90      0               0.3    -0.3        0
DAYS MAX <= 32      0               0.0     0.0        0
DAYS MIN <= 32      0               0.1    -0.1        0
DAYS MIN <= 0       0               0.0     0.0        0

PRECIPITATION (INCHES)
RECORD
 MAXIMUM        11.29   1999
 MINIMUM         0.61   1948
TOTALS           0.59R             3.74   -3.15     7.51
DAILY AVG.       0.02              0.12   -0.10     0.25
DAYS >= .01         6              10.2    -4.2       13
DAYS >= .10         3               6.5    -3.5        8
DAYS >= .50         0               2.6    -2.6        4
DAYS >= 1.00        0               1.0    -1.0        2
GREATEST
 24 HR. TOTAL    0.26   09/05 TO 09/06
                        09/06 TO 09/06
                        09/06 TO 09/07

DEGREE_DAYS
HEATING TOTAL     195               178      17      188
 SINCE 7/1        214               220      -6      201
COOLING TOTAL      53                30      23       37
 SINCE 1/1        367               387     -20      428
.................................................................

WIND (MPH)
AVERAGE WIND SPEED              5.7
HIGHEST WIND SPEED/DIRECTION    24/310    DATE  09/22
HIGHEST GUST SPEED/DIRECTION    39/310    DATE  09/22

SKY COVER
AVERAGE SKY COVER           0.30

AVERAGE RH (PERCENT)     73

WEATHER CONDITIONS. NUMBER OF DAYS WITH
THUNDERSTORM              0     HEAVY RAIN                 1
RAIN                      3     LIGHT RAIN                 8
FREEZING RAIN             0     LT FREEZING RAIN           0
HEAVY SNOW                0     SNOW                       0
LIGHT SNOW                0     FOG                       18
FOG W/VIS <= 1/4 MILE    11     HAZE                       1

-  INDICATES NEGATIVE NUMBERS.
R  INDICATES RECORD WAS SET OR TIED.
MM INDICATES DATA IS MISSING.
T  INDICATES TRACE AMOUNT.

$$

KIMBLE




U.S. Dept. of Commerce
NOAA National Weather Service
1325 East West Highway
Silver Spring, MD 20910
E-mail: w-nws.webmaster@noaa.gov
Page last modified: May 16, 2007
NATIONAL WEATHER SERVICE: for Safety, for Work, for Fun - FOR LIFE