642
CXUS51 KGYX 031556
CLMAUG

PWMCLMAUG 000
TTAA00 KGYX 031555


CLIMATE REPORT
NATIONAL WEATHER SERVICE GRAY ME
1055 AM EST SAT JAN 3 2015

...................................

...THE AUGUSTA CLIMATE SUMMARY FOR THE MONTH OF DECEMBER 2014...

CLIMATE NORMAL PERIOD 1981 TO 2010
CLIMATE RECORD PERIOD 1948 TO 2015

WEATHER         OBSERVED          NORMAL  DEPART  LAST YEAR`S
                 VALUE   DATE(S)  VALUE   FROM    VALUE  DATE(S)
                                          NORMAL
................................................................
TEMPERATURE (F)
RECORD
 HIGH              67   12/06/2001
 LOW              -15   12/31/1962
HIGHEST            53   12/01        53       0       41  12/06
LOWEST              3   12/08         0       3       -7  12/17
AVG. MAXIMUM     34.6              33.5     1.1     27.0
AVG. MINIMUM     23.4              18.6     4.8     14.5
MEAN             29.0              26.1     2.9     20.8
DAYS MAX >= 90      0               0.0     0.0        0
DAYS MAX <= 32      7              13.8    -6.8       25
DAYS MIN <= 32     25              28.1    -3.1       30
DAYS MIN <= 0       0               1.4    -1.4        4

PRECIPITATION (INCHES)
RECORD
 MAXIMUM        12.58   1973
 MINIMUM         0.89   1980
TOTALS           4.48              3.24    1.24     2.62
DAILY AVG.       0.14              0.10    0.04     0.08
DAYS >= .01        14              11.4     2.6       15
DAYS >= .10        12               6.8     5.2        7
DAYS >= .50         4               1.9     2.1        0
DAYS >= 1.00        0               0.8    -0.8        0
GREATEST
 24 HR. TOTAL    1.12   12/09 TO 12/10

DEGREE_DAYS
HEATING TOTAL    1106              1207    -101     1364
 SINCE 7/1       2595              2755    -160     2873
COOLING TOTAL       0                 0       0        0
 SINCE 1/1        371               388     -17      428
.................................................................

WIND (MPH)
AVERAGE WIND SPEED              7.7
HIGHEST WIND SPEED/DIRECTION    30/350    DATE  12/07
HIGHEST GUST SPEED/DIRECTION    38/300    DATE  12/04

SKY COVER
AVERAGE SKY COVER           0.60

AVERAGE RH (PERCENT)     75

WEATHER CONDITIONS. NUMBER OF DAYS WITH
THUNDERSTORM              0     HEAVY RAIN                 1
RAIN                      5     LIGHT RAIN                10
FREEZING RAIN             2     LT FREEZING RAIN           4
HEAVY SNOW                0     SNOW                       1
LIGHT SNOW               12     FOG                       16
FOG W/VIS <= 1/4 MILE     6     HAZE                       0

-  INDICATES NEGATIVE NUMBERS.
R  INDICATES RECORD WAS SET OR TIED.
MM INDICATES DATA IS MISSING.
T  INDICATES TRACE AMOUNT.

$$

KIMBLE




U.S. Dept. of Commerce
NOAA National Weather Service
1325 East West Highway
Silver Spring, MD 20910
E-mail: w-nws.webmaster@noaa.gov
Page last modified: May 16, 2007
NATIONAL WEATHER SERVICE: for Safety, for Work, for Fun - FOR LIFE