441
CXUS51 KGYX 012155
CLMAUG

PWMCLMAUG 000
TTAA00 KGYX 012148


CLIMATE REPORT
NATIONAL WEATHER SERVICE GRAY ME
548 PM EDT FRI AUG 1 2014

...................................

...THE AUGUSTA CLIMATE SUMMARY FOR THE MONTH OF JULY 2014...

CLIMATE NORMAL PERIOD 1981 TO 2010
CLIMATE RECORD PERIOD 1948 TO 2014

WEATHER         OBSERVED          NORMAL  DEPART  LAST YEAR`S
                 VALUE   DATE(S)  VALUE   FROM    VALUE  DATE(S)
                                          NORMAL
................................................................
TEMPERATURE (F)
RECORD
 HIGH              99   07/14/1952
 LOW               43   07/07/1965
HIGHEST            88   07/02        91      -3       92  07/19
LOWEST             54   07/25        52       2       52  07/25
                        07/11
                        07/05
AVG. MAXIMUM     78.9              79.2    -0.3     80.0
AVG. MINIMUM     61.1              59.9     1.2     62.8
MEAN             70.0              69.5     0.5     71.4
DAYS MAX >= 90      0               1.3    -1.3        4
DAYS MAX <= 32      0               0.0     0.0        0
DAYS MIN <= 32      0               0.0     0.0        0
DAYS MIN <= 0       0               0.0     0.0        0

PRECIPITATION (INCHES)
RECORD
 MAXIMUM         8.67   1996
 MINIMUM         0.45   1989
TOTALS           6.37              3.42    2.95     3.09
DAILY AVG.       0.21              0.11    0.10     0.10
DAYS >= .01        13              11.8     1.2       18
DAYS >= .10        11               6.6     4.4        8
DAYS >= .50         6               2.0     4.0        1
DAYS >= 1.00        3               0.8     2.2        0
GREATEST
 24 HR. TOTAL    2.24   07/04 TO 07/05

DEGREE_DAYS
HEATING TOTAL       2                16     -14        6
 SINCE 7/1          2                16     -14        6
COOLING TOTAL     165               157       8      210
 SINCE 1/1        224               230      -6      302
.................................................................

WIND (MPH)
AVERAGE WIND SPEED              5.9
HIGHEST WIND SPEED/DIRECTION    30/350    DATE  07/05
HIGHEST GUST SPEED/DIRECTION    40/350    DATE  07/05

SKY COVER
AVERAGE SKY COVER           0.40

AVERAGE RH (PERCENT)     75

WEATHER CONDITIONS. NUMBER OF DAYS WITH
THUNDERSTORM              0     HEAVY RAIN                 3
RAIN                     10     LIGHT RAIN                16
FREEZING RAIN             0     LT FREEZING RAIN           0
HEAVY SNOW                0     SNOW                       0
LIGHT SNOW                0     FOG                       22
FOG W/VIS <= 1/4 MILE    10     HAZE                       3

-  INDICATES NEGATIVE NUMBERS.
R  INDICATES RECORD WAS SET OR TIED.
MM INDICATES DATA IS MISSING.
T  INDICATES TRACE AMOUNT.

$$

KIMBLE






U.S. Dept. of Commerce
NOAA National Weather Service
1325 East West Highway
Silver Spring, MD 20910
E-mail: w-nws.webmaster@noaa.gov
Page last modified: May 16, 2007
NATIONAL WEATHER SERVICE: for Safety, for Work, for Fun - FOR LIFE