178
CXUS51 KGYX 011733
CLMAUG

PWMCLMAUG 000
TTAA00 KGYX 011523


CLIMATE REPORT
NATIONAL WEATHER SERVICE GRAY ME
133 PM EDT TUE JUL 1 2014

...................................

...THE AUGUSTA CLIMATE SUMMARY FOR THE MONTH OF JUNE 2014...

CLIMATE NORMAL PERIOD 1981 TO 2010
CLIMATE RECORD PERIOD 1948 TO 2014

WEATHER         OBSERVED          NORMAL  DEPART  LAST YEAR`S
                 VALUE   DATE(S)  VALUE   FROM    VALUE  DATE(S)
                                          NORMAL
................................................................
TEMPERATURE (F)
RECORD
 HIGH              98   06/19/1995
 LOW               36   06/09/1955
HIGHEST            87   06/30        89      -2       92  06/01
                        06/09
LOWEST             45   06/01        44       1       46  06/06
AVG. MAXIMUM     74.7              73.8     0.9     73.5
AVG. MINIMUM     53.8              54.2    -0.4     56.0
MEAN             64.2              64.0     0.2     64.8
DAYS MAX >= 90      0               0.7    -0.7        1
DAYS MAX <= 32      0               0.0     0.0        0
DAYS MIN <= 32      0               0.0     0.0        0
DAYS MIN <= 0       0               0.0     0.0        0

PRECIPITATION (INCHES)
RECORD
 MAXIMUM        10.32   1998
 MINIMUM         0.48   1979
TOTALS           4.91              3.56    1.35     6.81
DAILY AVG.       0.16              0.12    0.04     0.23
DAYS >= .01         9              12.9    -3.9       15
DAYS >= .10         6               7.1    -1.1       11
DAYS >= .50         4               2.1     1.9        6
DAYS >= 1.00        2               0.7     1.3        2
GREATEST
 24 HR. TOTAL    1.88   06/13
 STORM TOTAL     2.08   06/12 TO 06/13

DEGREE_DAYS
HEATING TOTAL      76                94     -18       78
 SINCE 7/1       7772              7420     352     6955
COOLING TOTAL      59                64      -5       77
 SINCE 1/1         59                73     -14       92
.................................................................

WIND (MPH)
AVERAGE WIND SPEED              6.4
HIGHEST WIND SPEED/DIRECTION    28/350    DATE  06/15
HIGHEST GUST SPEED/DIRECTION    36/350    DATE  06/15

SKY COVER
AVERAGE SKY COVER           0.40

AVERAGE RH (PERCENT)     68

WEATHER CONDITIONS. NUMBER OF DAYS WITH
THUNDERSTORM              0     HEAVY RAIN                 3
RAIN                      5     LIGHT RAIN                11
FREEZING RAIN             0     LT FREEZING RAIN           0
HEAVY SNOW                0     SNOW                       0
LIGHT SNOW                0     FOG                       10
FOG W/VIS <= 1/4 MILE     5     HAZE                       0

-  INDICATES NEGATIVE NUMBERS.
R  INDICATES RECORD WAS SET OR TIED.
MM INDICATES DATA IS MISSING.
T  INDICATES TRACE AMOUNT.

$$







U.S. Dept. of Commerce
NOAA National Weather Service
1325 East West Highway
Silver Spring, MD 20910
E-mail: w-nws.webmaster@noaa.gov
Page last modified: May 16, 2007
NATIONAL WEATHER SERVICE: for Safety, for Work, for Fun - FOR LIFE