299
CXUS54 KEWX 011454
CLMATT

SATCLMATT 000
TTAA00 KEWX 011416

CLIMATE REPORT
NATIONAL WEATHER SERVICE AUSTIN/SAN ANTONIO, TX
955 AM CDT SAT NOV 1 2014

...................................

...THE AUSTIN CAMP MABRY CLIMATE SUMMARY FOR THE MONTH OF OCTOBER 2014...

CLIMATE NORMAL PERIOD 1981 TO 2010
CLIMATE RECORD PERIOD 1897 TO 2014

WEATHER         OBSERVED          NORMAL  DEPART  LAST YEAR`S
                 VALUE   DATE(S)  VALUE   FROM    VALUE  DATE(S)
                                          NORMAL
................................................................
TEMPERATURE (F)
HIGHEST            94   10/07                         93  10/03
LOWEST             51   10/14                         44  10/20
AVG. MAXIMUM     84.9              81.8     3.1     82.0
AVG. MINIMUM     64.0              60.6     3.4     61.0
MEAN             74.5              71.2     3.3     71.5
DAYS MAX >= 90      6                                  6
DAYS MAX <= 32      0                                  0
DAYS MIN <= 32      0                                  0
DAYS MIN <= 0       0                                  0

PRECIPITATION (INCHES)
TOTALS           1.85              3.88   -2.03    13.28
DAILY AVG.       0.06              0.13   -0.07     0.43
DAYS >= .01         5                                 12
DAYS >= .10         2                                  9
DAYS >= .50         1                                  6
DAYS >= 1.00        1                                  4
GREATEST
 24 HR. TOTAL    1.42   10/11 TO 10/11
                        10/10 TO 10/11
                        10/11 TO 10/11

SNOWFALL (INCHES)
TOTALS            0.0               0.0     0.0      0.0
SINCE 7/1         0.0

DEGREE_DAYS
HEATING TOTAL       0                29     -29       20
 SINCE 7/1          2                31     -29       20
COOLING TOTAL     302               221      81      229
 SINCE 1/1       3171              3065     106     3401
.................................................................

WIND (MPH)
AVERAGE WIND SPEED              4.2
HIGHEST WIND SPEED/DIRECTION    20/300    DATE  10/13
HIGHEST GUST SPEED/DIRECTION    36/300    DATE  10/13

SKY COVER
POSSIBLE SUNSHINE (PERCENT)   MM
AVERAGE SKY COVER           0.30
NUMBER OF DAYS FAIR           18
NUMBER OF DAYS PC             11
NUMBER OF DAYS CLOUDY          2

AVERAGE RH (PERCENT)     65

WEATHER CONDITIONS. NUMBER OF DAYS WITH
THUNDERSTORM              0     MIXED PRECIP               0
HEAVY RAIN                2     RAIN                       3
LIGHT RAIN                9     FREEZING RAIN              0
LT FREEZING RAIN          0     HAIL                       0
HEAVY SNOW                0     SNOW                       0
LIGHT SNOW                0     SLEET                      0
FOG                       8     FOG W/VIS <= 1/4 MILE      1
HAZE                      3

-  INDICATES NEGATIVE NUMBERS.
R  INDICATES RECORD WAS SET OR TIED.
MM INDICATES DATA IS MISSING.
T  INDICATES TRACE AMOUNT.

&&
SEA LEVEL PRESSURE DATA:
HIGHEST SLP 30.33 ON 31
LOWEST  SLP 29.64 ON 13

PRELIMINARY LOCAL CLIMATOLOGICAL DATA (WS FORM: F-6)

                                          STATION:   AUSTIN CAMP MABRY
                                          MONTH:     OCTOBER
                                          YEAR:      2014
                                          LATITUDE:   30 17 N
                                          LONGITUDE:  97 42 W

  TEMPERATURE IN F:       :PCPN:    SNOW:  WIND      :SUNSHINE: SKY     :PK WND
================================================================================
1   2   3   4   5  6A  6B    7    8   9   10  11  12  13   14  15   16   17  18
                                     12Z  AVG MX 2MIN
DY MAX MIN AVG DEP HDD CDD  WTR  SNW DPTH SPD SPD DIR MIN PSBL S-S WX    SPD DR
================================================================================

 1  92  76  84   9   0  19 0.00  0.0    0  5.2 10 190   M    M   5        18 180
 2  92  76  84   9   0  19 0.03  0.0    0  7.3 14 350   M    M   6 38     27 360
 3  85  65  75   0   0  10 0.00  0.0    0  6.8 14 360   M    M   0        22  10
 4  80  59  70  -5   0   5 0.00  0.0    0  4.2  9 160   M    M   0        14 170
 5  87  62  75   1   0  10 0.00  0.0    0  5.6 14 150   M    M   4        23 160
 6  89  72  81   7   0  16 0.00  0.0    0  5.9 13 140   M    M   6        20  80
 7  94  72  83   9   0  18 0.00  0.0    0  5.1 13 210   M    M   4 1      21 160
 8  90  74  82   8   0  17 0.00  0.0    0  5.6 15 150   M    M   5        23 140
 9  92  75  84  11   0  19    T  0.0    0  7.0 14 140   M    M   5        22 200
10  92  75  84  11   0  19 0.00  0.0    0  6.9 14 230   M    M   7        24 190
11  78  59  69  -4   0   4 1.42  0.0    0  5.3 14 340   M    M  10 12     20 340
12  77  61  69  -3   0   4 0.01  0.0    0  2.3 13 170   M    M   9 38     24 200
13  76  61  69  -3   0   4 0.09  0.0    0  9.8 20 300   M    M   3 13     36 300
14  80  51  66  -6   0   1 0.00  0.0    0  4.6 14 340   M    M   0        20 330
15  88  56  72   0   0   7 0.00  0.0    0  2.3  9 290   M    M   0        16 300
16  86  57  72   1   0   7 0.00  0.0    0  4.2 13 170   M    M   0        23 220
17  87  61  74   3   0   9 0.00  0.0    0  2.9 13 140   M    M   0        17 150
18  86  66  76   5   0  11 0.00  0.0    0  1.8  9 110   M    M   3 1      12 120
19  82  65  74   4   0   9 0.00  0.0    0  2.4  8  90   M    M   5 1      15  90
20  82  63  73   3   0   8 0.00  0.0    0  2.3  8 110   M    M   2 18     13 120
21  83  58  71   1   0   6 0.00  0.0    0  2.5 10 100   M    M   0 1      16 110
22  83  61  72   2   0   7    T  0.0    0  2.0  9 150   M    M   1        14 140
23  83  66  75   6   0  10    T  0.0    0  1.6  8 120   M    M   2        11 110
24  85  60  73   4   0   8 0.00  0.0    0  1.9  7 180   M    M   0         9 150
25  88  62  75   6   0  10 0.00  0.0    0  1.6  8 130   M    M   0        12 130
26  86  61  74   6   0   9 0.00  0.0    0  3.5 12 160   M    M   0        19 200
27  86  62  74   6   0   9 0.00  0.0    0  5.6 14 160   M    M   1        23 200
28  84  65  75   7   0  10 0.00  0.0    0  2.3  8 150   M    M   2        12 150
29  81  65  73   6   0   8 0.00  0.0    0  3.0 10 360   M    M   5        14  50
30  82  63  73   6   0   8    T  0.0    0  1.9  8 100   M    M   4        10  90
31  76  56  66  -1   0   1 0.30  0.0    0  6.5 16  10   M    M   2 1      25  30
================================================================================
SM 2632 1985         0 302  1.85     0.0 129.9          M       91
================================================================================
AV 84.9 64.0                               4.2 FASTST   M    M   3    MAX(MPH)
                                 MISC ---->  # 20 300               # 36  300
================================================================================
NOTES:
# LAST OF SEVERAL OCCURRENCES

COLUMN 17 PEAK WIND IN M.P.H.

PRELIMINARY LOCAL CLIMATOLOGICAL DATA (WS FORM: F-6) , PAGE 2

                                          STATION:  AUSTIN CAMP MABRY
                                          MONTH:    OCTOBER
                                          YEAR:     2014
                                          LATITUDE:   30 17 N
                                          LONGITUDE:  97 42 W

SYMBOLS USED IN COLUMN 16

1 = FOG OR MIST
2 = FOG REDUCING VISIBILITY
    TO 1/4 MILE OR LESS
3 = THUNDER
4 = ICE PELLETS
5 = HAIL
6 = FREEZING RAIN OR DRIZZLE
7 = DUSTSTORM OR SANDSTORM:
    VSBY 1/2 MILE OR LESS
8 = SMOKE OR HAZE
9 = BLOWING SNOW
X = TORNADO

$$







U.S. Dept. of Commerce
NOAA National Weather Service
1325 East West Highway
Silver Spring, MD 20910
E-mail: w-nws.webmaster@noaa.gov
Page last modified: May 16, 2007
NATIONAL WEATHER SERVICE: for Safety, for Work, for Fun - FOR LIFE