861
CXUS54 KEWX 011450
CLMATT

SATCLMATT 000
TTAA00 KEWX 011432

CLIMATE REPORT...PRELIMINARY
NATIONAL WEATHER SERVICE AUSTIN/SAN ANTONIO, TX
949 AM CDT TUE APR 1 2014

...................................

...THE AUSTIN CAMP MABRY CLIMATE SUMMARY FOR THE MONTH OF MARCH 2014...

CLIMATE NORMAL PERIOD 1981 TO 2010
CLIMATE RECORD PERIOD 1898 TO 2014

WEATHER         OBSERVED          NORMAL  DEPART  LAST YEAR`S
                 VALUE   DATE(S)  VALUE   FROM    VALUE  DATE(S)
                                          NORMAL
................................................................
TEMPERATURE (F)
HIGHEST            89   03/28                         90  03/18
LOWEST             24   03/03                         34  03/26
AVG. MAXIMUM     70.6              72.2    -1.6     75.7
AVG. MINIMUM     47.1              51.3    -4.2     49.9
MEAN             58.9              61.7    -2.8     62.8
DAYS MAX >= 90      0                                  1
DAYS MAX <= 32      0                                  0
DAYS MIN <= 32      3                                  0
DAYS MIN <= 0       0                                  0

PRECIPITATION (INCHES)
TOTALS           1.27              2.76   -1.49     1.17
DAILY AVG.       0.04              0.09   -0.05     0.04
DAYS >= .01         8                                  4
DAYS >= .10         3                                  3
DAYS >= .50         1                                  1
DAYS >= 1.00        0                                  0
GREATEST
 24 HR. TOTAL    0.74   03/08 TO 03/08

SNOWFALL (INCHES)
TOTALS              T               0.0     0.0      0.0
SINCE 7/1         0.2

DEGREE_DAYS
HEATING TOTAL     226               162      64      139
 SINCE 7/1       1722              1499     223     1160
COOLING TOTAL      43                61     -18       78
 SINCE 1/1         84                88      -4      127
.................................................................

WIND (MPH)
AVERAGE WIND SPEED              6.1
HIGHEST WIND SPEED/DIRECTION    24/340    DATE  03/16
HIGHEST GUST SPEED/DIRECTION    37/350    DATE  03/12

SKY COVER
POSSIBLE SUNSHINE (PERCENT)   MM
AVERAGE SKY COVER           0.50
NUMBER OF DAYS FAIR           12
NUMBER OF DAYS PC             11
NUMBER OF DAYS CLOUDY          8

AVERAGE RH (PERCENT)     63

WEATHER CONDITIONS. NUMBER OF DAYS WITH
THUNDERSTORM              0     MIXED PRECIP               0
HEAVY RAIN                1     RAIN                       3
LIGHT RAIN                8     FREEZING RAIN              2
LT FREEZING RAIN          2     HAIL                       0
HEAVY SNOW                0     SNOW                       0
LIGHT SNOW                0     SLEET                      2
FOG                      17     FOG W/VIS <= 1/4 MILE      2
HAZE                     10

-  INDICATES NEGATIVE NUMBERS.
R  INDICATES RECORD WAS SET OR TIED.
MM INDICATES DATA IS MISSING.
T  INDICATES TRACE AMOUNT.

REMARKS
THE LOW TEMPERATURE ON THE 3RD OF 24 DEGREES IS TIED FOR 11TH FOR THE
COLDEST MORNING IN MARCH.

PRELIMINARY LOCAL CLIMATOLOGICAL DATA (WS FORM: F-6)

                                          STATION:   AUSTIN CAMP MABRY
                                          MONTH:     MARCH
                                          YEAR:      2014
                                          LATITUDE:   30 17 N
                                          LONGITUDE:  97 42 W

  TEMPERATURE IN F:       :PCPN:    SNOW:  WIND      :SUNSHINE: SKY     :PK WND
================================================================================
1   2   3   4   5  6A  6B    7    8   9   10  11  12  13   14  15   16   17  18
                                     12Z  AVG MX 2MIN
DY MAX MIN AVG DEP HDD CDD  WTR  SNW DPTH SPD SPD DIR MIN PSBL S-S WX    SPD DR
================================================================================

 1  82  53  68  10   0   3 0.00  0.0    0  5.2 16 160   M    M   6 128    27 160
 2  73  28  51  -7  14   0 0.08  0.0    0  9.7 20 340   M    M  10 18     37 350
 3  47  24  36 -22  29   0 0.08    T    0  9.8 18 340   M    M   4 1346   29 340
 4  50  30  40 -19  25   0 0.17    T    0  4.3  9 140   M    M   8 1468   13 120
 5  53  38  46 -13  19   0 0.00  0.0    0  2.7 13 140   M    M   7 18     16 140
 6  65  43  54  -5  11   0 0.00  0.0    0  4.1 13 340   M    M   2 18     20 340
 7  67  39  53  -7  12   0 0.00  0.0    0  6.0 16 160   M    M   0 18     22 160
 8  59  44  52  -8  13   0 0.74  0.0    0  4.4 14 350   M    M   9 138    21 360
 9  58  39  49 -11  16   0 0.11  0.0    0  4.6 15 350   M    M   8 1      23 340
10  71  50  61   1   4   0 0.01  0.0    0  2.5 12 220   M    M   8 1      17 200
11  83  56  70  10   0   5 0.00  0.0    0  5.0 14 160   M    M   4 1      22 170
12  70  49  60  -1   5   0 0.00  0.0    0 11.2 24 340   M    M   0        37 350
13  68  37  53  -8  12   0 0.00  0.0    0  4.5 14 170   M    M   0        22 170
14  75  49  62   1   3   0 0.00  0.0    0  5.4 13 150   M    M   7        24 210
15  74  62  68   6   0   3 0.07  0.0    0  3.6 12 170   M    M   7 12     17 180
16  64  48  56  -6   9   0 0.00  0.0    0 10.5 24 340   M    M   5        36 330
17  68  41  55  -7  10   0 0.00  0.0    0  5.8 16 350   M    M   2        26 350
18  83  47  65   3   0   0 0.00  0.0    0  8.4 18 170   M    M   0        26 170
19  72  51  62   0   3   0 0.00  0.0    0  6.4 15 360   M    M   3 8      26  30
20  76  42  59  -4   6   0 0.00  0.0    0  2.2 10 150   M    M   0        15 100
21  80  54  67   4   0   2 0.00  0.0    0  6.6 17 170   M    M   3 18     27 190
22  77  61  69   6   0   4 0.00  0.0    0  3.5 12  20   M    M   6 1      17  20
23  61  47  54 -10  11   0 0.00  0.0    0  9.3 17  20   M    M  10        30  20
24  66  50  58  -6   7   0 0.00  0.0    0  2.7 10  30   M    M   8        15  20
25  69  44  57  -7   8   0 0.00  0.0    0  5.2 15  30   M    M   0 1      22  10
26  66  54  60  -4   5   0    T  0.0    0 10.0 22 160   M    M   8 8      33 160
27  82  61  72   8   0   7 0.01  0.0    0  7.5 16 170   M    M   7 1      26 160
28  89  63  76  11   0  11 0.00  0.0    0  5.0 18 360   M    M   5 13     27 340
29  77  51  64  -1   1   0 0.00  0.0    0  4.9 13  10   M    M   0        21  10
30  79  45  62  -3   3   0 0.00  0.0    0  7.6 20 160   M    M   0        30 150
31  85  60  73   8   0   8 0.00  0.0    0  9.2 16 180   M    M   6        27 180
================================================================================
SM 2189 1460       226  43  1.27    T    187.8          M      143
================================================================================
AV 70.6 47.1                               6.1 FASTST   M    M   5    MAX(MPH)
                                 MISC ---->  # 24 340               # 37  350
================================================================================
NOTES:
# LAST OF SEVERAL OCCURRENCES

COLUMN 17 PEAK WIND IN M.P.H.

PRELIMINARY LOCAL CLIMATOLOGICAL DATA (WS FORM: F-6) , PAGE 2

                                          STATION:  AUSTIN CAMP MABRY
                                          MONTH:    MARCH
                                          YEAR:     2014
                                          LATITUDE:   30 17 N
                                          LONGITUDE:  97 42 W

SYMBOLS USED IN COLUMN 16

1 = FOG OR MIST
2 = FOG REDUCING VISIBILITY
    TO 1/4 MILE OR LESS
3 = THUNDER
4 = ICE PELLETS
5 = HAIL
6 = FREEZING RAIN OR DRIZZLE
7 = DUSTSTORM OR SANDSTORM:
    VSBY 1/2 MILE OR LESS
8 = SMOKE OR HAZE
9 = BLOWING SNOW
X = TORNADO

[PRESSURE DATA]
 HIGHEST SLP 30.44 ON  3
 LOWEST  SLP 29.58 ON 11

$$







U.S. Dept. of Commerce
NOAA National Weather Service
1325 East West Highway
Silver Spring, MD 20910
E-mail: w-nws.webmaster@noaa.gov
Page last modified: May 16, 2007
NATIONAL WEATHER SERVICE: for Safety, for Work, for Fun - FOR LIFE