444
CXUS42 KFFC 011423
CLMATL


CLIMATE REPORT
NATIONAL WEATHER SERVICE PEACHTREE CITY GA
1021 AM EDT SAT NOV 1 2014

...................................

...THE ATLANTA CLIMATE SUMMARY FOR THE MONTH OF OCTOBER 2014...

CLIMATE NORMAL PERIOD 1981 TO 2010
CLIMATE RECORD PERIOD 1878 TO 2014

WEATHER         OBSERVED          NORMAL  DEPART  LAST YEAR`S
                 VALUE   DATE(S)  VALUE   FROM    VALUE  DATE(S)
                                          NORMAL
................................................................
TEMPERATURE (F)
RECORD
 HIGH              95   10/06/1954
                        10/05/1954
 LOW               28   10/29/1976
                        10/24/1917
HIGHEST            86   10/11        79       7       MM  MM
                        10/10
                        10/09
LOWEST             39   10/31        56     -17       MM  MM
AVG. MAXIMUM     77.2              72.7     4.5       MM
AVG. MINIMUM     55.1              54.0     1.1       MM
MEAN             66.2              63.3     2.9       MM
DAYS MAX >= 90      0               0.0     0.0       MM
DAYS MAX <= 32      0               0.0     0.0       MM
DAYS MIN <= 32      0               0.0     0.0       MM
DAYS MIN <= 0       0               0.0     0.0       MM

PRECIPITATION (INCHES)
RECORD
 MAXIMUM        11.04   1995
 MINIMUM         0.00   1963
TOTALS           3.54              3.41    0.13       MM
DAILY AVG.       0.11              0.11    0.00       MM
DAYS >= .01         6               6.9    -0.9       MM
DAYS >= .10         3               4.4    -1.4       MM
DAYS >= .50         2               2.1    -0.1       MM
DAYS >= 1.00        1               1.1    -0.1       MM
GREATEST
 24 HR. TOTAL    2.54   10/14 TO 10/14                MM
                        10/13 TO 10/14
                        10/14 TO 10/14

DEGREE_DAYS
HEATING TOTAL      73               118     -45       MM
 SINCE 7/1         73               129     -56       MM
COOLING TOTAL     116                67      49       MM
 SINCE 1/1       1985              1872     113       MM
.................................................................

WIND (MPH)
AVERAGE WIND SPEED              6.8
HIGHEST WIND SPEED/DIRECTION    36/340    DATE  10/31
HIGHEST GUST SPEED/DIRECTION    46/340    DATE  10/31

SKY COVER
POSSIBLE SUNSHINE (PERCENT)   MM
AVERAGE SKY COVER           0.40
NUMBER OF DAYS FAIR           12
NUMBER OF DAYS PC             16
NUMBER OF DAYS CLOUDY          3

AVERAGE RH (PERCENT)     65

WEATHER CONDITIONS. NUMBER OF DAYS WITH
THUNDERSTORM              0     MIXED PRECIP               0
HEAVY RAIN                2     RAIN                       3
LIGHT RAIN                8     FREEZING RAIN              0
LT FREEZING RAIN          0     HAIL                       0
HEAVY SNOW                0     SNOW                       0
LIGHT SNOW                0     SLEET                      0
FOG                      11     FOG W/VIS <= 1/4 MILE      0
HAZE                      3

-  INDICATES NEGATIVE NUMBERS.
R  INDICATES RECORD WAS SET OR TIED.
MM INDICATES DATA IS MISSING.
T  INDICATES TRACE AMOUNT.

$$




U.S. Dept. of Commerce
NOAA National Weather Service
1325 East West Highway
Silver Spring, MD 20910
E-mail: w-nws.webmaster@noaa.gov
Page last modified: May 16, 2007
NATIONAL WEATHER SERVICE: for Safety, for Work, for Fun - FOR LIFE