121
CXUS42 KFFC 011542
CLMATL


CLIMATE REPORT
NATIONAL WEATHER SERVICE PEACHTREE CITY GA
1041 AM EST THU JAN 1 2015

...................................

...THE ATLANTA CLIMATE SUMMARY FOR THE MONTH OF DECEMBER 2014...

CLIMATE NORMAL PERIOD 1981 TO 2010
CLIMATE RECORD PERIOD 1878 TO 2014

WEATHER         OBSERVED          NORMAL  DEPART  LAST YEAR`S
                 VALUE   DATE(S)  VALUE   FROM    VALUE  DATE(S)
                                          NORMAL
................................................................
TEMPERATURE (F)
RECORD
 HIGH              79   12/01/1991
 LOW                0   12/25/1983
HIGHEST            74   12/01        63      11       75  12/06
LOWEST             30   12/15        29       1       27  12/25
AVG. MAXIMUM     58.7              54.0     4.7     56.5
AVG. MINIMUM     41.4              36.5     4.9     39.8
MEAN             50.0              45.3     4.7     48.1
DAYS MAX >= 90      0               0.0     0.0        0
DAYS MAX <= 32      0               0.5    -0.5        0
DAYS MIN <= 32      2              10.3    -8.3        7
DAYS MIN <= 0       0               0.0     0.0        0

PRECIPITATION (INCHES)
RECORD
 MAXIMUM        12.94   1919
 MINIMUM         0.60   1889
TOTALS           5.51              3.90    1.61     7.80
DAILY AVG.       0.18              0.13    0.05     0.25
DAYS >= .01        11              10.5     0.5       15
DAYS >= .10         8               6.3     1.7       11
DAYS >= .50         3               2.8     0.2        5
DAYS >= 1.00        2               1.1     0.9        3
GREATEST
 24 HR. TOTAL    2.13   12/23 TO 12/24           12/22 TO 12/23
                                                          12/31 TO 12/31
                                                          12/31 TO 12/31

SNOWFALL (INCHES)
RECORDS
 TOTAL              T   2007
                        2003
 24 HR TOTAL        T   MM
                        12/30/2007 TO 12/30/2007
                        12/19/2007 TO 12/19/2007
TOTALS            0.0               0.4    -0.4      0.0
SINCE 7/1         0.0               0.4    -0.4      0.4
SNOWDEPTH AVG.      0                MM      MM        0
DAYS >= TRACE       0               0.4    -0.4        0
DAYS >= 1.0         0               0.2    -0.2        0
GREATEST
 24 HR TOTAL      0.0   12/31 TO 12/31           12/31 TO 12/31
                                                          12/31 TO 12/31
                                                          12/31 TO 12/31

DEGREE_DAYS
HEATING TOTAL     456               613    -157      523
 SINCE 7/1       1003              1081     -78     1050
COOLING TOTAL       0                 1      -1        7
 SINCE 1/1       1986              1883     103     1762
..................................................

WIND (MPH)
AVERAGE WIND SPEED              7.9
HIGHEST WIND SPEED/DIRECTION    28/330    DATE  12/06
HIGHEST GUST SPEED/DIRECTION    35/320    DATE  12/06

SKY COVER
POSSIBLE SUNSHINE (PERCENT)   MM
AVERAGE SKY COVER           0.60
NUMBER OF DAYS FAIR            5
NUMBER OF DAYS PC             13
NUMBER OF DAYS CLOUDY         13

AVERAGE RH (PERCENT)     71

WEATHER CONDITIONS. NUMBER OF DAYS WITH
THUNDERSTORM              0     MIXED PRECIP               0
HEAVY RAIN                6     RAIN                       6
LIGHT RAIN               13     FREEZING RAIN              0
LT FREEZING RAIN          0     HAIL                       0
HEAVY SNOW                0     SNOW                       0
LIGHT SNOW                0     SLEET                      0
FOG                      12     FOG W/VIS <= 1/4 MILE      5
HAZE                      6

-  INDICATES NEGATIVE NUMBERS.
R  INDICATES RECORD WAS SET OR TIED.
MM INDICATES DATA IS MISSING.
T  INDICATES TRACE AMOUNT.

$$




U.S. Dept. of Commerce
NOAA National Weather Service
1325 East West Highway
Silver Spring, MD 20910
E-mail: w-nws.webmaster@noaa.gov
Page last modified: May 16, 2007
NATIONAL WEATHER SERVICE: for Safety, for Work, for Fun - FOR LIFE