331
CXUS42 KFFC 022202
CLMATL


CLIMATE REPORT
NATIONAL WEATHER SERVICE PEACHTREE CITY GA
501 PM EST TUE DEC 2 2014

...................................

...THE ATLANTA CLIMATE SUMMARY FOR THE MONTH OF NOVEMBER 2014...

CLIMATE NORMAL PERIOD 1981 TO 2010
CLIMATE RECORD PERIOD 1878 TO 2014

WEATHER         OBSERVED          NORMAL  DEPART  LAST YEAR`S
                 VALUE   DATE(S)  VALUE   FROM    VALUE  DATE(S)
                                          NORMAL
................................................................
TEMPERATURE (F)
RECORD
 HIGH              84   11/02/1961
 LOW                3   11/25/1950
HIGHEST            76   11/24        83      -7       76  11/01
LOWEST             21   11/19        17       4       22  11/28
AVG. MAXIMUM     60.0              63.6    -3.6     60.7
AVG. MINIMUM     38.1              44.5    -6.4     40.4
MEAN             49.0              54.0    -5.0     50.6
DAYS MAX >= 90      0               0.0     0.0        0
DAYS MAX <= 32      0               0.0     0.0        0
DAYS MIN <= 32      6               2.5     3.5        7
DAYS MIN <= 0       0               0.0     0.0        0

PRECIPITATION (INCHES)
RECORD
 MAXIMUM        15.72   1948
 MINIMUM         0.18   1890
TOTALS           3.85              4.10   -0.25     1.87
DAILY AVG.       0.13              0.14   -0.01     0.06
DAYS >= .01         4               8.8    -4.8        8
DAYS >= .10         3               6.1    -3.1        4
DAYS >= .50         3               2.7     0.3        1
DAYS >= 1.00        1               1.4    -0.4        0
GREATEST
 24 HR. TOTAL    2.18   11/23 TO 11/23           11/26 TO 11/27
                                                          11/27 TO 11/27
                                                          11/27 TO 11/27

SNOWFALL (INCHES)
RECORDS
 TOTAL              T   2011
                        2005
 24 HR TOTAL        T   11/29/2011 TO 11/29/2011
                        11/21/2005 TO 11/21/2005
TOTALS            0.0               0.0     0.0      0.4
SINCE 7/1         0.0               0.0     0.0      0.4
SNOWDEPTH AVG.      0                MM      MM        0
DAYS >= TRACE       0               0.0     0.0        1
DAYS >= 1.0         0               0.0     0.0        0
GREATEST
 24 HR TOTAL      0.0   11/30 TO 11/30           11/27 TO 11/27
                                                          11/27 TO 11/27
                                                          11/27 TO 11/27

DEGREE_DAYS
HEATING TOTAL     474               339     135      429
 SINCE 7/1        547               468      79      527
COOLING TOTAL       1                10      -9        1
 SINCE 1/1       1986              1882     104     1755
........................................................

WIND (MPH)
AVERAGE WIND SPEED              8.3
HIGHEST WIND SPEED/DIRECTION    35/330    DATE  11/01
HIGHEST GUST SPEED/DIRECTION    45/320    DATE  11/01

SKY COVER
POSSIBLE SUNSHINE (PERCENT)   MM
AVERAGE SKY COVER           0.50
NUMBER OF DAYS FAIR           13
NUMBER OF DAYS PC              9
NUMBER OF DAYS CLOUDY          8

AVERAGE RH (PERCENT)     55

WEATHER CONDITIONS. NUMBER OF DAYS WITH
THUNDERSTORM              0     MIXED PRECIP               0
HEAVY RAIN                3     RAIN                       3
LIGHT RAIN                6     FREEZING RAIN              0
LT FREEZING RAIN          0     HAIL                       0
HEAVY SNOW                0     SNOW                       0
LIGHT SNOW                0     SLEET                      0
FOG                       4     FOG W/VIS <= 1/4 MILE      1
HAZE                      1

-  INDICATES NEGATIVE NUMBERS.
R  INDICATES RECORD WAS SET OR TIED.
MM INDICATES DATA IS MISSING.
T  INDICATES TRACE AMOUNT.

$$




U.S. Dept. of Commerce
NOAA National Weather Service
1325 East West Highway
Silver Spring, MD 20910
E-mail: w-nws.webmaster@noaa.gov
Page last modified: May 16, 2007
NATIONAL WEATHER SERVICE: for Safety, for Work, for Fun - FOR LIFE