385
CXUS42 KFFC 011758
CLMATL


CLIMATE REPORT
NATIONAL WEATHER SERVICE PEACHTREE CITY GA
1256 PM EST SAT MAR 1 2014

...................................

...THE ATLANTA CLIMATE SUMMARY FOR THE MONTH OF FEBRUARY 2014...

CLIMATE NORMAL PERIOD 1981 TO 2010
CLIMATE RECORD PERIOD 1878 TO 2014

WEATHER         OBSERVED          NORMAL  DEPART  LAST YEAR`S
                 VALUE   DATE(S)  VALUE   FROM    VALUE  DATE(S)
                                          NORMAL
................................................................
TEMPERATURE (F)
RECORD
 HIGH              80   02/26/1996
                        02/15/1989
 LOW               -9   02/13/1899
HIGHEST            76   02/20        80      -4       69  02/06
LOWEST             25   02/27         6      19       25  02/17
AVG. MAXIMUM     57.4              56.6     0.8     56.0
AVG. MINIMUM     37.1              37.7    -0.6     37.2
MEAN             47.3              47.2     0.1     46.6
DAYS MAX >= 90      0               0.0     0.0        0
DAYS MAX <= 32      0               0.2    -0.2        0
DAYS MIN <= 32     10               7.5     2.5        7
DAYS MIN <= 0       0               0.0     0.0        0

PRECIPITATION (INCHES)
RECORD
 MAXIMUM        15.82   1883
 MINIMUM         0.84   1981
TOTALS           3.81              4.67   -0.86     7.50
DAILY AVG.       0.14              0.17   -0.03     0.27
DAYS >= .01        13               9.8     3.2       12
DAYS >= .10         8               6.7     1.3        9
DAYS >= .50         2               3.2    -1.2        5
DAYS >= 1.00        1               1.4    -0.4        4
GREATEST
 24 HR. TOTAL    1.10   02/11 TO 02/12           02/10 TO 02/11
                                                          02/28 TO 02/28
                                                          02/28 TO 02/28

SNOWFALL (INCHES)
RECORDS
 TOTAL            4.6   5
                        0
                        -26215
 24 HR TOTAL      3.6   02/12/2010 TO 02/12/2010
TOTALS            2.0               0.4     1.6      0.0
SINCE 7/1         5.0               2.1     2.9        T
SNOWDEPTH AVG.      0                MM      MM        0
DAYS >= TRACE       3               0.6     2.4        0
DAYS >= 1.0         1               0.1     0.9        0
GREATEST
 24 HR TOTAL      1.4   02/12 TO 02/12           02/28 TO 02/28
                                                          02/28 TO 02/28
                                                          02/28 TO 02/28

DEGREE_DAYS
HEATING TOTAL     492               501      -9      510
 SINCE 7/1       2403              2255     148     1855
COOLING TOTAL       2                 1       1        0
 SINCE 1/1          2                 1       1        5
.........................................................

WIND (MPH)
AVERAGE WIND SPEED              8.8
HIGHEST WIND SPEED/DIRECTION    30/310    DATE  02/21
HIGHEST GUST SPEED/DIRECTION    40/230    DATE  02/21

SKY COVER
POSSIBLE SUNSHINE (PERCENT)   MM
AVERAGE SKY COVER           0.70
NUMBER OF DAYS FAIR            1
NUMBER OF DAYS PC             15
NUMBER OF DAYS CLOUDY         12

AVERAGE RH (PERCENT)     64

WEATHER CONDITIONS. NUMBER OF DAYS WITH
THUNDERSTORM              0     MIXED PRECIP               0
HEAVY RAIN                3     RAIN                       7
LIGHT RAIN               15     FREEZING RAIN              1
LT FREEZING RAIN          1     HAIL                       0
HEAVY SNOW                0     SNOW                       1
LIGHT SNOW                2     SLEET                      2
FOG                      14     FOG W/VIS <= 1/4 MILE      2
HAZE                      2

-  INDICATES NEGATIVE NUMBERS.
R  INDICATES RECORD WAS SET OR TIED.
MM INDICATES DATA IS MISSING.
T  INDICATES TRACE AMOUNT.

$$




U.S. Dept. of Commerce
NOAA National Weather Service
1325 East West Highway
Silver Spring, MD 20910
E-mail: w-nws.webmaster@noaa.gov
Page last modified: May 16, 2007
NATIONAL WEATHER SERVICE: for Safety, for Work, for Fun - FOR LIFE