247
CXUS42 KFFC 020927
CLMATL


CLIMATE REPORT
NATIONAL WEATHER SERVICE PEACHTREE CITY GA
526 AM EDT TUE SEP 2 2014

...................................

...THE ATLANTA CLIMATE SUMMARY FOR THE MONTH OF AUGUST 2014...

CLIMATE NORMAL PERIOD 1981 TO 2010
CLIMATE RECORD PERIOD 1878 TO 2014

WEATHER         OBSERVED          NORMAL  DEPART  LAST YEAR`S
                 VALUE   DATE(S)  VALUE   FROM    VALUE  DATE(S)
                                          NORMAL
................................................................
TEMPERATURE (F)
RECORD
 HIGH             104   08/22/2007
 LOW               55   08/29/1992
                        08/30/1986
                        08/24/1891
HIGHEST            95   08/07        MM      MM       92  08/29
LOWEST             62   08/14        MM      MM       61  08/17
AVG. MAXIMUM     88.3              88.1     0.2     85.0
AVG. MINIMUM     69.7              70.7    -1.0     70.0
MEAN             79.0              79.4    -0.4     77.5
DAYS MAX >= 90      9              10.6    -1.6        8
DAYS MAX <= 32      0               0.0     0.0        0
DAYS MIN <= 32      0               0.0     0.0        0
DAYS MIN <= 0       0               0.0     0.0        0

PRECIPITATION (INCHES)
RECORD
 MAXIMUM        10.02   1920
 MINIMUM         0.02   1925
TOTALS           5.80              3.90    1.90     5.24
DAILY AVG.       0.19              0.13    0.06     0.17
DAYS >= .01        11               9.7     1.3       10
DAYS >= .10         8               6.4     1.6        7
DAYS >= .50         4               2.6     1.4        2
DAYS >= 1.00        1               1.3    -0.3        2
GREATEST
 24 HR. TOTAL    2.86   08/07 TO 08/08           08/07 TO 08/07
                                                          08/06 TO 08/07
                                                          08/07 TO 08/07

DEGREE_DAYS
HEATING TOTAL       0                 0       0        1
 SINCE 7/1          0                 0       0        1
COOLING TOTAL     441               447      -6      395
 SINCE 1/1       1538              1539      -1     1382
........................................................

WIND (MPH)
AVERAGE WIND SPEED              6.2
HIGHEST WIND SPEED/DIRECTION    33/240    DATE  08/20
HIGHEST GUST SPEED/DIRECTION    49/240    DATE  08/20

SKY COVER
POSSIBLE SUNSHINE (PERCENT)   MM
AVERAGE SKY COVER           0.60
NUMBER OF DAYS FAIR            5
NUMBER OF DAYS PC             19
NUMBER OF DAYS CLOUDY          7

AVERAGE RH (PERCENT)     68

WEATHER CONDITIONS. NUMBER OF DAYS WITH
THUNDERSTORM              0     MIXED PRECIP               0
HEAVY RAIN                5     RAIN                       6
LIGHT RAIN               13     FREEZING RAIN              0
LT FREEZING RAIN          0     HAIL                       0
HEAVY SNOW                0     SNOW                       0
LIGHT SNOW                0     SLEET                      0
FOG                      11     FOG W/VIS <= 1/4 MILE      0
HAZE                      4

-  INDICATES NEGATIVE NUMBERS.
R  INDICATES RECORD WAS SET OR TIED.
MM INDICATES DATA IS MISSING.
T  INDICATES TRACE AMOUNT.

$$




U.S. Dept. of Commerce
NOAA National Weather Service
1325 East West Highway
Silver Spring, MD 20910
E-mail: w-nws.webmaster@noaa.gov
Page last modified: May 16, 2007
NATIONAL WEATHER SERVICE: for Safety, for Work, for Fun - FOR LIFE