383
CXUS42 KFFC 062056
CLMATL


CLIMATE REPORT
NATIONAL WEATHER SERVICE PEACHTREE CITY GA
454 PM EDT WED AUG 6 2014

...................................

...THE ATLANTA CLIMATE SUMMARY FOR THE MONTH OF JULY 2014...

CLIMATE NORMAL PERIOD 1981 TO 2010
CLIMATE RECORD PERIOD 1878 TO 2014

WEATHER         OBSERVED          NORMAL  DEPART  LAST YEAR`S
                 VALUE   DATE(S)  VALUE   FROM    VALUE  DATE(S)
                                          NORMAL
................................................................
TEMPERATURE (F)
RECORD
 HIGH             105   07/01/2012
                        07/17/1980
                        07/13/1980
 LOW               53   07/15/1967
                        07/12/1898
HIGHEST            93   07/02        MM      MM       91  07/17
LOWEST             59   07/30        MM      MM       65  07/30
AVG. MAXIMUM     86.6              89.1    -2.5     84.7
AVG. MINIMUM     69.3              71.3    -2.0     70.3
MEAN             77.9              80.2    -2.3     77.5
DAYS MAX >= 90      8              13.0    -5.0        3
DAYS MAX <= 32      0               0.0     0.0        0
DAYS MIN <= 32      0               0.0     0.0        0
DAYS MIN <= 0       0               0.0     0.0        0

PRECIPITATION (INCHES)
RECORD
 MAXIMUM        17.71   1994
 MINIMUM         0.56   1881
TOTALS           4.60              5.27   -0.67     8.48
DAILY AVG.       0.15              0.17   -0.02     0.27
DAYS >= .01        10              11.7    -1.7       17
DAYS >= .10         8               7.9     0.1       12
DAYS >= .50         3               3.3    -0.3        7
DAYS >= 1.00        1               1.6    -0.6        4
GREATEST
 24 HR. TOTAL    2.35   07/18 TO 07/19           07/03 TO 07/04
                                                          07/31 TO 07/31
                                                          07/31 TO 07/31

DEGREE_DAYS
HEATING TOTAL       0                 0       0        0
 SINCE 7/1          0                 0       0        0
COOLING TOTAL     409               471     -62      396
 SINCE 1/1       1097              1092       5      987
..................................................

WIND (MPH)
AVERAGE WIND SPEED              6.6
HIGHEST WIND SPEED/DIRECTION    29/320    DATE  07/24
HIGHEST GUST SPEED/DIRECTION    35/250    DATE  07/24

SKY COVER
POSSIBLE SUNSHINE (PERCENT)   MM
AVERAGE SKY COVER           0.60
NUMBER OF DAYS FAIR            2
NUMBER OF DAYS PC             20
NUMBER OF DAYS CLOUDY          9

AVERAGE RH (PERCENT)     68

WEATHER CONDITIONS. NUMBER OF DAYS WITH
THUNDERSTORM              0     MIXED PRECIP               0
HEAVY RAIN                5     RAIN                       5
LIGHT RAIN               14     FREEZING RAIN              0
LT FREEZING RAIN          0     HAIL                       0
HEAVY SNOW                0     SNOW                       0
LIGHT SNOW                0     SLEET                      0
FOG                       9     FOG W/VIS <= 1/4 MILE      1
HAZE                      6

-  INDICATES NEGATIVE NUMBERS.
R  INDICATES RECORD WAS SET OR TIED.
MM INDICATES DATA IS MISSING.
T  INDICATES TRACE AMOUNT.

$$




U.S. Dept. of Commerce
NOAA National Weather Service
1325 East West Highway
Silver Spring, MD 20910
E-mail: w-nws.webmaster@noaa.gov
Page last modified: May 16, 2007
NATIONAL WEATHER SERVICE: for Safety, for Work, for Fun - FOR LIFE