303
CXUS42 KFFC 041915
CLMATL


CLIMATE REPORT
NATIONAL WEATHER SERVICE PEACHTREE CITY GA
313 PM EDT FRI JUL 4 2014

...................................

...THE ATLANTA CLIMATE SUMMARY FOR THE MONTH OF JUNE 2014...

CLIMATE NORMAL PERIOD 1981 TO 2010
CLIMATE RECORD PERIOD 1878 TO 2014

WEATHER         OBSERVED          NORMAL  DEPART  LAST YEAR`S
                 VALUE   DATE(S)  VALUE   FROM    VALUE  DATE(S)
                                          NORMAL
................................................................
TEMPERATURE (F)
RECORD
 HIGH             106   06/30/2012
 LOW               39   06/01/1889
HIGHEST            93   06/19        99      -6       92  06/28
LOWEST             65   06/14        48      17       67  06/16
                        06/02                             06/15
                                                          06/13
AVG. MAXIMUM     86.9              86.4     0.5     85.6
AVG. MINIMUM     69.5              68.2     1.3     69.4
MEAN             78.2              77.3     0.9     77.5
DAYS MAX >= 90      6               8.6    -2.6        4
DAYS MAX <= 32      0               0.0     0.0        0
DAYS MIN <= 32      0               0.0     0.0        0
DAYS MIN <= 0       0               0.0     0.0        0

PRECIPITATION (INCHES)
RECORD
 MAXIMUM        11.21   1912
 MINIMUM         0.16   1988
TOTALS           5.10              3.95    1.15     9.57
DAILY AVG.       0.17              0.13    0.04     0.32
DAYS >= .01        16               9.9     6.1       14
DAYS >= .10        10               6.6     3.4       10
DAYS >= .50         4               2.7     1.3        6
DAYS >= 1.00        0               1.0    -1.0        2
GREATEST
 24 HR. TOTAL    1.03   06/29 TO 06/30           06/05 TO 06/05
                                                          06/04 TO 06/05
                                                          06/05 TO 06/05

DEGREE_DAYS
HEATING TOTAL       0                 2      -2        0
 SINCE 7/1       2929              2768     161     2518
COOLING TOTAL     405               371      34      383
 SINCE 1/1        688               621      67      591
......................................................

WIND (MPH)
AVERAGE WIND SPEED              5.9
HIGHEST WIND SPEED/DIRECTION    45/330    DATE  06/05
HIGHEST GUST SPEED/DIRECTION    53/330    DATE  06/05

SKY COVER
POSSIBLE SUNSHINE (PERCENT)   MM
AVERAGE SKY COVER           0.70
NUMBER OF DAYS FAIR            1
NUMBER OF DAYS PC             19
NUMBER OF DAYS CLOUDY         10

AVERAGE RH (PERCENT)     71

WEATHER CONDITIONS. NUMBER OF DAYS WITH
THUNDERSTORM              0     MIXED PRECIP               0
HEAVY RAIN               10     RAIN                       9
LIGHT RAIN               22     FREEZING RAIN              0
LT FREEZING RAIN          0     HAIL                       0
HEAVY SNOW                0     SNOW                       0
LIGHT SNOW                0     SLEET                      0
FOG                      15     FOG W/VIS <= 1/4 MILE      2
HAZE                      4

-  INDICATES NEGATIVE NUMBERS.
R  INDICATES RECORD WAS SET OR TIED.
MM INDICATES DATA IS MISSING.
T  INDICATES TRACE AMOUNT.

$$




U.S. Dept. of Commerce
NOAA National Weather Service
1325 East West Highway
Silver Spring, MD 20910
E-mail: w-nws.webmaster@noaa.gov
Page last modified: May 16, 2007
NATIONAL WEATHER SERVICE: for Safety, for Work, for Fun - FOR LIFE