129
CXUS56 KPQR 011458
CLMAST


CLIMATE REPORT
NATIONAL WEATHER SERVICE PORTLAND OREGON
758 AM PDT MON SEP 1 2014

...................................

...THE ASTORIA OR CLIMATE SUMMARY FOR THE MONTH OF AUGUST 2014...

CLIMATE NORMAL PERIOD 1981 TO 2010
CLIMATE RECORD PERIOD 1892 TO 2014

WEATHER         OBSERVED          NORMAL  DEPART  LAST YEAR`S
                 VALUE   DATE(S)  VALUE   FROM    VALUE  DATE(S)
                                          NORMAL
................................................................
TEMPERATURE (F)
HIGHEST            79                                 77  08/31
LOWEST             49                                 47  08/21
AVG. MAXIMUM     70.5              68.7     1.8     68.4
AVG. MINIMUM     55.9              53.1     2.8     54.4
MEAN             63.2              60.9     2.3     61.4
DAYS MAX >= 90      0               0.0     0.0        0
DAYS MAX <= 32      0               0.0     0.0        0
DAYS MIN <= 32      0               0.0     0.0        0
DAYS MIN <= 0       0               0.0     0.0        0

PRECIPITATION (INCHES)
RECORD
 MAXIMUM         5.22   1968
 MINIMUM         0.02   1917
TOTALS           0.70              1.16   -0.46     1.35
DAYS >= .01         5               7.4    -2.4        9
DAYS >= .10         3               2.6     0.4        4
DAYS >= .50         0               0.7    -0.7        1
DAYS >= 1.00        0               0.2    -0.2        0
GREATEST
 24 HR. TOTAL    0.49   08/12 TO 08/13

DEGREE_DAYS
HEATING TOTAL      53               131     -78      105
 SINCE 7/1        158               281    -123      247
COOLING TOTAL       6                 4       2        2
 SINCE 1/1         25                 7      18        6
.................................................................

WIND (MPH)
AVERAGE WIND SPEED              6.9
RESULTANT WIND SPEED/DIRECTION   5/287
HIGHEST WIND SPEED/DIRECTION    24/320    DATE  08/09
HIGHEST GUST SPEED/DIRECTION    30/330    DATE  08/09

SKY COVER
POSSIBLE SUNSHINE (PERCENT)   MM
AVERAGE SKY COVER           0.60
NUMBER OF DAYS FAIR            0
NUMBER OF DAYS PC              0
NUMBER OF DAYS CLOUDY          0

AVERAGE RH (PERCENT)     81

WEATHER CONDITIONS. NUMBER OF DAYS WITH
THUNDERSTORM              0     MIXED PRECIP               0
HEAVY RAIN                0     RAIN                       2
LIGHT RAIN                9     FREEZING RAIN              0
LT FREEZING RAIN          0     HAIL                       0
HEAVY SNOW                0     SNOW                       0
LIGHT SNOW                0     SLEET                      0
FOG                      20     FOG W/VIS <= 1/4 MILE      3
HAZE                      0

-  INDICATES NEGATIVE NUMBERS.
R  INDICATES RECORD WAS SET OR TIED.
MM INDICATES DATA IS MISSING.
T  INDICATES TRACE AMOUNT.

$$




U.S. Dept. of Commerce
NOAA National Weather Service
1325 East West Highway
Silver Spring, MD 20910
E-mail: w-nws.webmaster@noaa.gov
Page last modified: May 16, 2007
NATIONAL WEATHER SERVICE: for Safety, for Work, for Fun - FOR LIFE