035
CXUS56 KPQR 011730
CLMAST


CLIMATE REPORT
NATIONAL WEATHER SERVICE PORTLAND OREGON
1030 AM PDT TUE JUL 1 2014

...................................

...THE ASTORIA OR CLIMATE SUMMARY FOR THE MONTH OF JUNE 2014...

CLIMATE NORMAL PERIOD 1981 TO 2010
CLIMATE RECORD PERIOD 1892 TO 2014

WEATHER         OBSERVED          NORMAL  DEPART  LAST YEAR`S
                 VALUE   DATE(S)  VALUE   FROM    VALUE  DATE(S)
                                          NORMAL
................................................................
TEMPERATURE (F)
HIGHEST            75                                 76  06/30
                                                          06/29
LOWEST             45                                 44  06/04
AVG. MAXIMUM     64.8              63.9     0.9     65.8
AVG. MINIMUM     52.6              50.0     2.6     51.9
MEAN             58.7              57.0     1.7     58.9
DAYS MAX >= 90      0               0.0     0.0        0
DAYS MAX <= 32      0               0.0     0.0        0
DAYS MIN <= 32      0               0.0     0.0        0
DAYS MIN <= 0       0               0.0     0.0        0

PRECIPITATION (INCHES)
RECORD
 MAXIMUM         7.70   1931
 MINIMUM         0.33   1926
TOTALS           1.85              2.55   -0.70     2.45
DAYS >= .01        11              13.2    -2.2       14
DAYS >= .10         8               6.8     1.2        9
DAYS >= .50         0               1.4    -1.4        0
DAYS >= 1.00        0               0.3    -0.3        0
GREATEST
 24 HR. TOTAL    0.47   06/26 TO 06/27

DEGREE_DAYS
HEATING TOTAL     180               242     -62      181
 SINCE 7/1       4827              5023    -196     4949
COOLING TOTAL       0                 0       0        3
 SINCE 1/1         11                 0      11        4
.................................................................

WIND (MPH)
AVERAGE WIND SPEED              8.2
RESULTANT WIND SPEED/DIRECTION   6/291
HIGHEST WIND SPEED/DIRECTION    23/240    DATE  06/19
HIGHEST GUST SPEED/DIRECTION    30/190    DATE  06/27

SKY COVER
POSSIBLE SUNSHINE (PERCENT)   MM
AVERAGE SKY COVER           0.70
NUMBER OF DAYS FAIR            4
NUMBER OF DAYS PC             10
NUMBER OF DAYS CLOUDY         16

AVERAGE RH (PERCENT)     77

WEATHER CONDITIONS. NUMBER OF DAYS WITH
THUNDERSTORM              0     MIXED PRECIP               0
HEAVY RAIN                2     RAIN                       6
LIGHT RAIN               14     FREEZING RAIN              0
LT FREEZING RAIN          0     HAIL                       0
HEAVY SNOW                0     SNOW                       0
LIGHT SNOW                0     SLEET                      0
FOG                      18     FOG W/VIS <= 1/4 MILE      0
HAZE                      5

-  INDICATES NEGATIVE NUMBERS.
R  INDICATES RECORD WAS SET OR TIED.
MM INDICATES DATA IS MISSING.
T  INDICATES TRACE AMOUNT.

$$




U.S. Dept. of Commerce
NOAA National Weather Service
1325 East West Highway
Silver Spring, MD 20910
E-mail: w-nws.webmaster@noaa.gov
Page last modified: May 16, 2007
NATIONAL WEATHER SERVICE: for Safety, for Work, for Fun - FOR LIFE