332
CXUS56 KPQR 011710
CLMAST


CLIMATE REPORT
NATIONAL WEATHER SERVICE PORTLAND OREGON
910 AM PST MON DEC 1 2014

...................................

...THE ASTORIA OR CLIMATE SUMMARY FOR THE MONTH OF NOVEMBER 2014...

CLIMATE NORMAL PERIOD 1981 TO 2010
CLIMATE RECORD PERIOD 1892 TO 2014

WEATHER         OBSERVED          NORMAL  DEPART  LAST YEAR`S
                 VALUE   DATE(S)  VALUE   FROM    VALUE  DATE(S)
                                          NORMAL
................................................................
TEMPERATURE (F)
HIGHEST            62                                 62  11/12
LOWEST             24                                 29  11/20
AVG. MAXIMUM     54.4              53.5     0.9     53.8
AVG. MINIMUM     40.0              40.1    -0.1     40.1
MEAN             47.2              46.8     0.4     47.0
DAYS MAX >= 90      0               0.0     0.0        0
DAYS MAX <= 32      0               0.1    -0.1        0
DAYS MIN <= 32      7               3.6     3.4        4
DAYS MIN <= 0       0               0.0     0.0        0

PRECIPITATION (INCHES)
RECORD
 MAXIMUM        22.54   1937
 MINIMUM         1.45   1976
TOTALS           6.44             11.15   -4.71     5.11
DAYS >= .01        17              21.4    -4.4       19
DAYS >= .10        13              17.2    -4.2       11
DAYS >= .50         5               7.7    -2.7        5
DAYS >= 1.00        1               3.0    -2.0        0
GREATEST
 24 HR. TOTAL    1.58   11/21 TO 11/22

DEGREE_DAYS
HEATING TOTAL     528               546     -18      535
 SINCE 7/1        982              1413    -431     1352
COOLING TOTAL       0                 0       0        0
 SINCE 1/1         45                12      33        9
.................................................................

WIND (MPH)
AVERAGE WIND SPEED              9.5
RESULTANT WIND SPEED/DIRECTION   3/121
HIGHEST WIND SPEED/DIRECTION    35/190    DATE  11/21
HIGHEST GUST SPEED/DIRECTION    50/190    DATE  11/21

SKY COVER
POSSIBLE SUNSHINE (PERCENT)   MM
AVERAGE SKY COVER           0.60
NUMBER OF DAYS FAIR           11
NUMBER OF DAYS PC              5
NUMBER OF DAYS CLOUDY         14

AVERAGE RH (PERCENT)     74

WEATHER CONDITIONS. NUMBER OF DAYS WITH
THUNDERSTORM              0     MIXED PRECIP               0
HEAVY RAIN                7     RAIN                       9
LIGHT RAIN               19     FREEZING RAIN              0
LT FREEZING RAIN          0     HAIL                       0
HEAVY SNOW                0     SNOW                       0
LIGHT SNOW                2     SLEET                      0
FOG                      20     FOG W/VIS <= 1/4 MILE      5
HAZE                      1

-  INDICATES NEGATIVE NUMBERS.
R  INDICATES RECORD WAS SET OR TIED.
MM INDICATES DATA IS MISSING.
T  INDICATES TRACE AMOUNT.

$$




U.S. Dept. of Commerce
NOAA National Weather Service
1325 East West Highway
Silver Spring, MD 20910
E-mail: w-nws.webmaster@noaa.gov
Page last modified: May 16, 2007
NATIONAL WEATHER SERVICE: for Safety, for Work, for Fun - FOR LIFE