024
CXUS55 KGJT 011256
CLMASE


CLIMATE REPORT
NATIONAL WEATHER SERVICE GRAND JUNCTION CO
552 AM MST THU JAN 1 2015

...................................

...THE ASPEN CO CLIMATE SUMMARY FOR THE MONTH OF DECEMBER 2014...

CLIMATE NORMAL PERIOD 1981 TO 2010
CLIMATE RECORD PERIOD 9999 TO 9999

WEATHER         OBSERVED          NORMAL  DEPART  LAST YEAR`S
                 VALUE   DATE(S)  VALUE   FROM    VALUE  DATE(S)
                                          NORMAL
................................................................
TEMPERATURE (F)
HIGHEST            50   12/13        MM      MM       46  12/19
LOWEST            -10   12/31        MM      MM      -19  12/05
AVG. MAXIMUM     34.7              32.0     2.7     29.1
AVG. MINIMUM     13.0               8.0     5.0      4.0
MEAN             23.9              20.0     3.9     16.5
DAYS MAX >= 90      0               0.0     0.0        0
DAYS MAX <= 32     17              15.7     1.3       20
DAYS MIN <= 32     31              30.9     0.1       31
DAYS MIN <= 0       6               5.8     0.2        9

PRECIPITATION (INCHES)
TOTALS           1.82              1.14    0.68     1.93
DAILY AVG.       0.06              0.04    0.02     0.06
DAYS >= .01        16                MM      MM       10
DAYS >= .10         5                MM      MM        4
DAYS >= .50         1                MM      MM        2
DAYS >= 1.00        0                MM      MM        0
GREATEST
 24 HR. TOTAL    0.62   12/21 TO 12/22              0.95

SNOWFALL (INCHES)
TOTALS             MM                MM      MM       MM
SINCE 7/1          MM                MM      MM       MM
SNOWDEPTH AVG.     MM                MM      MM       MM
DAYS >= 1.0        MM                MM      MM       MM
GREATEST
 SNOW DEPTH        MM                                 MM  MM
 24 HR TOTAL       MM                                 MM

DEGREE_DAYS
HEATING TOTAL    1268              1395    -127     1497
 SINCE 7/1       3254              3721    -467     3715
COOLING TOTAL       0                 0       0        0
 SINCE 1/1         56                39      17       69
.................................................................

WIND (MPH)
AVERAGE WIND SPEED              4.4
HIGHEST WIND SPEED/DIRECTION    23/330    DATE  12/22
HIGHEST GUST SPEED/DIRECTION    33/330    DATE  12/22

SKY COVER
POSSIBLE SUNSHINE (PERCENT)   MM
AVERAGE SKY COVER           0.50
NUMBER OF DAYS FAIR           10
NUMBER OF DAYS PC             11
NUMBER OF DAYS CLOUDY         10

AVERAGE RH (PERCENT)     69

WEATHER CONDITIONS. NUMBER OF DAYS WITH
THUNDERSTORM              0     MIXED PRECIP               0
HEAVY RAIN                0     RAIN                       0
LIGHT RAIN                2     FREEZING RAIN              0
LT FREEZING RAIN          0     HAIL                       0
HEAVY SNOW                1     SNOW                       7
LIGHT SNOW               19     SLEET                      0
FOG                      18     FOG W/VIS <= 1/4 MILE      1
HAZE                     14

-  INDICATES NEGATIVE NUMBERS.
R  INDICATES RECORD WAS SET OR TIED.
MM INDICATES DATA IS MISSING.
T  INDICATES TRACE AMOUNT.

$$





U.S. Dept. of Commerce
NOAA National Weather Service
1325 East West Highway
Silver Spring, MD 20910
E-mail: w-nws.webmaster@noaa.gov
Page last modified: May 16, 2007
NATIONAL WEATHER SERVICE: for Safety, for Work, for Fun - FOR LIFE