715
CXUS51 KBUF 011716
CLMART


CLIMATE REPORT
NATIONAL WEATHER SERVICE BUFFALO NY
1244 PM EDT TUE JUL 1 2014

...................................

...THE WATERTOWN NY CLIMATE SUMMARY FOR THE MONTH OF JUNE 2014...

CLIMATE NORMAL PERIOD 1981 TO 2010
CLIMATE RECORD PERIOD 1949 TO 2014

WEATHER         OBSERVED          NORMAL  DEPART  LAST YEAR`S
                 VALUE   DATE(S)  VALUE   FROM    VALUE  DATE(S)
                                          NORMAL
................................................................
TEMPERATURE (F)
RECORD
 HIGH              95   06/14/1949
 LOW               29   06/05/1964
HIGHEST            89   06/29                         88  06/01
LOWEST             43   06/20                         39  06/05
AVG. MAXIMUM     77.8              74.4     3.4     73.3
AVG. MINIMUM     55.2              52.6     2.6     54.3
MEAN             66.5              63.5     3.0     63.8
DAYS MAX >= 90      0               0.3    -0.3        0
DAYS MAX <= 32      0               0.0     0.0        0
DAYS MIN <= 32      0               0.1    -0.1        0
DAYS MIN <= 0       0               0.0     0.0        0

PRECIPITATION (INCHES)
RECORD
 MAXIMUM         6.22   1982
 MINIMUM         0.33   1973
TOTALS           2.91              2.85    0.06     6.04
DAYS >= .01        12              12.2    -0.2       15
DAYS >= .10         8               6.7     1.3       11
DAYS >= .50         2               1.6     0.4        5
DAYS >= 1.00        0               0.3    -0.3        1
GREATEST
 24 HR. TOTAL    0.88   06/24 TO 06/25

DEGREE_DAYS
HEATING TOTAL      62               107     -45      103
 SINCE 7/1       7923              7583     340     6828
COOLING TOTAL     112                62      50       74
 SINCE 1/1        135                73      62      106
..................................................

WIND (MPH)
AVERAGE WIND SPEED              6.3
HIGHEST WIND SPEED/DIRECTION    26/210    DATE  06/24
HIGHEST GUST SPEED/DIRECTION    39/220    DATE  06/24

SKY COVER
POSSIBLE SUNSHINE (PERCENT)   MM
AVERAGE SKY COVER           0.40
NUMBER OF DAYS FAIR           15
NUMBER OF DAYS PC              9
NUMBER OF DAYS CLOUDY          6

AVERAGE RH (PERCENT)     66

WEATHER CONDITIONS. NUMBER OF DAYS WITH
THUNDERSTORM              5     MIXED PRECIP               0
HEAVY RAIN                6     RAIN                       6
LIGHT RAIN               11     FREEZING RAIN              0
LT FREEZING RAIN          0     HAIL                       0
HEAVY SNOW                0     SNOW                       0
LIGHT SNOW                0     SLEET                      0
FOG                      16     FOG W/VIS <= 1/4 MILE      3
HAZE                     16

-  INDICATES NEGATIVE NUMBERS.
R  INDICATES RECORD WAS SET OR TIED.
MM INDICATES DATA IS MISSING.
T  INDICATES TRACE AMOUNT.

$$





U.S. Dept. of Commerce
NOAA National Weather Service
1325 East West Highway
Silver Spring, MD 20910
E-mail: w-nws.webmaster@noaa.gov
Page last modified: May 16, 2007
NATIONAL WEATHER SERVICE: for Safety, for Work, for Fun - FOR LIFE