309
CXUS51 KBUF 011722
CLMART


CLIMATE REPORT
NATIONAL WEATHER SERVICE BUFFALO NY
118 PM EDT MON SEP 1 2014

...................................

...THE WATERTOWN NY CLIMATE SUMMARY FOR THE MONTH OF AUGUST 2014...

CLIMATE NORMAL PERIOD 1981 TO 2010
CLIMATE RECORD PERIOD 1949 TO 2014

WEATHER         OBSERVED          NORMAL  DEPART  LAST YEAR`S
                 VALUE   DATE(S)  VALUE   FROM    VALUE  DATE(S)
                                          NORMAL
................................................................
TEMPERATURE (F)
RECORD
 HIGH              96   08/19/1955
 LOW               30   08/27/1969
HIGHEST            87   08/11                         88  08/28
LOWEST             44   08/19                         43  08/05
AVG. MAXIMUM     77.3              78.0    -0.7     77.6
AVG. MINIMUM     56.8              56.3     0.5     56.5
MEAN             67.1              67.1     0.0     67.1
DAYS MAX >= 90      0               0.5    -0.5        0
DAYS MAX <= 32      0               0.0     0.0        0
DAYS MIN <= 32      0               0.0     0.0        0
DAYS MIN <= 0       0               0.0     0.0        0

PRECIPITATION (INCHES)
RECORD
 MAXIMUM           MM   MM
 MINIMUM           MM   MM
TOTALS           5.72              3.15    2.57     2.09
DAYS >= .01        14              10.2     3.8       12
DAYS >= .10        11               6.2     4.8        7
DAYS >= .50         4               2.0     2.0        1
DAYS >= 1.00        1               0.6     0.4        0
GREATEST
 24 HR. TOTAL    2.32   08/22 TO 08/23           08/02 TO 08/03
                                                          08/03 TO 08/03
                                                          08/03 TO 08/03

DEGREE_DAYS
HEATING TOTAL      31                46     -15       32
 SINCE 7/1         50                72     -22       43
COOLING TOTAL     102               112     -10      103
 SINCE 1/1        360               324      36      433
....................................................

WIND (MPH)
AVERAGE WIND SPEED              5.8
HIGHEST WIND SPEED/DIRECTION    25/260
HIGHEST GUST SPEED/DIRECTION    35/160    DATE  08/12

SKY COVER
POSSIBLE SUNSHINE (PERCENT)   MM
AVERAGE SKY COVER           0.40
NUMBER OF DAYS FAIR           15
NUMBER OF DAYS PC              9
NUMBER OF DAYS CLOUDY          7

AVERAGE RH (PERCENT)     69

WEATHER CONDITIONS. NUMBER OF DAYS WITH
THUNDERSTORM              0     MIXED PRECIP               0
HEAVY RAIN                8     RAIN                      10
LIGHT RAIN               15     FREEZING RAIN              0
LT FREEZING RAIN          0     HAIL                       0
HEAVY SNOW                0     SNOW                       0
LIGHT SNOW                0     SLEET                      0
FOG                      19     FOG W/VIS <= 1/4 MILE      5
HAZE                     18

-  INDICATES NEGATIVE NUMBERS.
R  INDICATES RECORD WAS SET OR TIED.
MM INDICATES DATA IS MISSING.
T  INDICATES TRACE AMOUNT.

$$




U.S. Dept. of Commerce
NOAA National Weather Service
1325 East West Highway
Silver Spring, MD 20910
E-mail: w-nws.webmaster@noaa.gov
Page last modified: May 16, 2007
NATIONAL WEATHER SERVICE: for Safety, for Work, for Fun - FOR LIFE