717
CXUS43 KLOT 011323
CLMARR


CLIMATE REPORT
NATIONAL WEATHER SERVICE CHICAGO IL
712 AM CST THU JAN 1 2015

...................................

...THE AURORA MUNICIPAL AIRPORT CLIMATE SUMMARY FOR THE MONTH OF DECEMBER 2014...

CLIMATE NORMAL PERIOD 1981 TO 2010
CLIMATE RECORD PERIOD 1998 TO 2014

WEATHER         OBSERVED          NORMAL  DEPART  LAST YEAR`S
                 VALUE   DATE(S)  VALUE   FROM    VALUE
                                          NORMAL
.............................................................
TEMPERATURE (F)
RECORD
 HIGH              70   12/03/2012
 LOW              -16   12/12/2013
HIGHEST            51   12/26        MM      MM       56
LOWEST              3   12/31        MM      MM      -16
AVG. MAXIMUM     37.4              32.8     4.6     29.9
AVG. MINIMUM     25.7              17.5     8.2     10.6
MEAN             31.6              25.1     6.5     20.3

PRECIPITATION (INCHES)
RECORD
 MAXIMUM         4.47   2008
 MINIMUM         0.53   2002
TOTALS           0.71              1.96   -1.25     0.65

DEGREE_DAYS
HEATING TOTAL    1030              1235    -205     1379
 SINCE 7/1       2609              2649     -40     2829
COOLING TOTAL       0                 0       0        0
 SINCE 1/1        693               655      38      745
..............................................................

WIND (MPH)
AVERAGE WIND SPEED              9.4
HIGHEST WIND SPEED/DIRECTION    29/260    DATE  12/27
HIGHEST GUST SPEED/DIRECTION    36/250    DATE  12/27

AVERAGE RH (PERCENT)     75


-  INDICATES NEGATIVE NUMBERS.
R  INDICATES RECORD WAS SET OR TIED.
MM INDICATES DATA IS MISSING.
T  INDICATES TRACE AMOUNT.

$$




U.S. Dept. of Commerce
NOAA National Weather Service
1325 East West Highway
Silver Spring, MD 20910
E-mail: w-nws.webmaster@noaa.gov
Page last modified: May 16, 2007
NATIONAL WEATHER SERVICE: for Safety, for Work, for Fun - FOR LIFE