379
CXUS43 KLOT 011224
CLMARR


CLIMATE REPORT
NATIONAL WEATHER SERVICE CHICAGO IL
610 AM CST MON DEC 1 2014

...................................

...THE AURORA MUNICIPAL AIRPORT CLIMATE SUMMARY FOR THE MONTH OF NOVEMBER 2014...

CLIMATE NORMAL PERIOD 1981 TO 2010
CLIMATE RECORD PERIOD 1998 TO 2014

WEATHER         OBSERVED          NORMAL  DEPART  LAST YEAR`S
                 VALUE   DATE(S)  VALUE   FROM    VALUE
                                          NORMAL
.............................................................
TEMPERATURE (F)
RECORD
 HIGH              74   11/09/1999
                        11/08/1999
 LOW                1   11/21/2014

HIGHEST            64   11/10                         68
                        11/03
LOWEST              1R  11/21                          8

AVG. MAXIMUM     42.0              47.8    -5.8     44.9
AVG. MINIMUM     22.6              28.4    -5.8     26.2
MEAN             32.3              38.1    -5.8     35.5

PRECIPITATION (INCHES)
RECORD
 MAXIMUM         5.67   2003
 MINIMUM         0.52   2002
                        1999
TOTALS           1.15              3.14   -1.99     2.30

DEGREE_DAYS
HEATING TOTAL     974               807     167      877
 SINCE 7/1       1579              1414     165     1450
COOLING TOTAL       0                 0       0        0
 SINCE 1/1        693               655      38      745
..............................................................

WIND (MPH)
AVERAGE WIND SPEED              11.8
HIGHEST WIND SPEED/DIRECTION    37/260    DATE  11/24
HIGHEST GUST SPEED/DIRECTION    43/260    DATE  11/24

AVERAGE RH (PERCENT)     66


-  INDICATES NEGATIVE NUMBERS.
R  INDICATES RECORD WAS SET OR TIED.
MM INDICATES DATA IS MISSING.
T  INDICATES TRACE AMOUNT.

$$





U.S. Dept. of Commerce
NOAA National Weather Service
1325 East West Highway
Silver Spring, MD 20910
E-mail: w-nws.webmaster@noaa.gov
Page last modified: May 16, 2007
NATIONAL WEATHER SERVICE: for Safety, for Work, for Fun - FOR LIFE