366
CXUS43 KLOT 011137
CLMARR


CLIMATE REPORT
NATIONAL WEATHER SERVICE CHICAGO IL
627 AM CDT MON SEP 1 2014

...................................

...THE AURORA  CLIMATE SUMMARY FOR THE MONTH OF AUGUST 2014...

CLIMATE NORMAL PERIOD 1981 TO 2010
CLIMATE RECORD PERIOD 1998 TO 2014

WEATHER         OBSERVED          NORMAL  DEPART  LAST YEAR`S
                 VALUE   DATE(S)  VALUE   FROM    VALUE
                                          NORMAL
.............................................................
TEMPERATURE (F)
RECORD
 HIGH              97   08/02/2006
 LOW               40   08/31/2009
HIGHEST            87   08/24
LOWEST             47   08/15
AVG. MAXIMUM     82.4              81.2     1.2     82.7
AVG. MINIMUM     61.5              59.0     2.5     57.7
MEAN             72.0              70.1     1.9     70.2

PRECIPITATION (INCHES)
RECORD
 MAXIMUM         8.57   2007
 MINIMUM         0.51   2003
TOTALS           3.80              4.12   -0.32     3.37

DEGREE_DAYS
HEATING TOTAL       6                15      -9
COOLING TOTAL     227               173      54
 SINCE 1/1        630               584      46
..............................................................

WIND (MPH)
HIGHEST WIND SPEED/DIRECTION    32/280    DATE  08/25
HIGHEST GUST SPEED/DIRECTION    50/270    DATE  08/25



-  INDICATES NEGATIVE NUMBERS.
R  INDICATES RECORD WAS SET OR TIED.
MM INDICATES DATA IS MISSING.
T  INDICATES TRACE AMOUNT.

$$





U.S. Dept. of Commerce
NOAA National Weather Service
1325 East West Highway
Silver Spring, MD 20910
E-mail: w-nws.webmaster@noaa.gov
Page last modified: May 16, 2007
NATIONAL WEATHER SERVICE: for Safety, for Work, for Fun - FOR LIFE