247
CXUS43 KLOT 011319
CLMARR

CLIMATE REPORT
NATIONAL WEATHER SERVICE CHICAGO IL
759 AM CDT SAT NOV 1 2014

...................................
...THE AURORA MUNICIPAL AIRPORT CLIMATE SUMMARY FOR THE MONTH OF OCTOBER 2014...

CLIMATE NORMAL PERIOD 1981 TO 2010
CLIMATE RECORD PERIOD 1998 TO 2014

WEATHER         OBSERVED          NORMAL  DEPART  LAST YEAR`S
                 VALUE   DATE(S)  VALUE   FROM    VALUE
                                          NORMAL
.............................................................
TEMPERATURE (F)
RECORD
 HIGH              89   10/09/2010
                        10/07/2007
 LOW                8   10/15/2004

HIGHEST            77   10/27        MM      MM       80
LOWEST             25   10/30        MM      MM       20

AVG. MAXIMUM     61.7              62.2    -0.5     62.9
AVG. MINIMUM     40.0              39.0     1.0     38.9
MEAN             50.9              50.6     0.3     50.9

PRECIPITATION (INCHES)
RECORD
 MAXIMUM         6.15   2001
 MINIMUM         0.41   2005

TOTALS           2.33              3.12   -0.79     3.08

DEGREE_DAYS
HEATING TOTAL     434               454     -20      444
 SINCE 7/1        605               607      -2      573
COOLING TOTAL       3                 8      -5       14
 SINCE 1/1        693               655      38      745
..............................................................

WIND (MPH)
AVERAGE WIND SPEED              8.7
HIGHEST WIND SPEED/DIRECTION    38/340    DATE  10/31
HIGHEST GUST SPEED/DIRECTION    50/350    DATE  10/31

AVERAGE RH (PERCENT)     69


-  INDICATES NEGATIVE NUMBERS.
R  INDICATES RECORD WAS SET OR TIED.
MM INDICATES DATA IS MISSING.
T  INDICATES TRACE AMOUNT.

$$





U.S. Dept. of Commerce
NOAA National Weather Service
1325 East West Highway
Silver Spring, MD 20910
E-mail: w-nws.webmaster@noaa.gov
Page last modified: May 16, 2007
NATIONAL WEATHER SERVICE: for Safety, for Work, for Fun - FOR LIFE