376
CXUS53 KAPX 010812
CLMAPN


CLIMATE REPORT
NATIONAL WEATHER SERVICE GAYLORD MI
411 AM EDT WED OCT 1 2014

...................................

...THE ALPENA MI CLIMATE SUMMARY FOR THE MONTH OF SEPTEMBER 2014...

CLIMATE NORMAL PERIOD 1981 TO 2010
CLIMATE RECORD PERIOD 1916 TO 2014

WEATHER         OBSERVED          NORMAL  DEPART  LAST YEAR`S
                 VALUE   DATE(S)  VALUE   FROM    VALUE  DATE(S)
                                          NORMAL
................................................................
TEMPERATURE (F)
RECORD
 HIGH              99   09/01/1953
 LOW               23   09/28/1957
                        09/23/1942
HIGHEST            83   09/01        MM      MM       95  09/10
LOWEST             32   09/19        MM      MM       30  09/17
AVG. MAXIMUM     69.3              68.9     0.4     69.6
AVG. MINIMUM     46.4              46.5    -0.1     44.3
MEAN             57.9              57.7     0.2     56.9
DAYS MAX >= 90      0               0.1    -0.1        1
DAYS MAX <= 32      0               0.0     0.0        0
DAYS MIN <= 32      1               1.1    -0.1        2
DAYS MIN <= 0       0               0.0     0.0        0

PRECIPITATION (INCHES)
RECORD
 MAXIMUM           MM   MM
 MINIMUM           MM   MM
TOTALS           4.15              2.92    1.23     1.59
DAILY AVG.       0.14              0.10    0.04     0.05
DAYS >= .01        10              12.0    -2.0       12
DAYS >= .10         7               6.4     0.6        6
DAYS >= .50         3               1.9     1.1        0
DAYS >= 1.00        1               0.6     0.4        0
GREATEST
 24 HR. TOTAL    1.33   09/01 TO 09/01
                        08/31 TO 09/01
                        09/01 TO 09/01
 STORM TOTAL       MM
 (MM/DD(HH))            MM

SNOWFALL (INCHES)
RECORDS
 TOTAL             MM   MM
 SNOW DEPTH        MM   MM
TOTALS            0.0               0.0     0.0      0.0
SINCE 7/1         0.0               0.0     0.0      0.0
SNOWDEPTH AVG.      0                MM      MM        0
DAYS >= TRACE       0               0.0     0.0        0
DAYS >= 1.0         0               0.0     0.0        0
GREATEST
 SNOW DEPTH         0   MM                             0  MM
 24 HR TOTAL      0.0   09/30 TO 09/30               0.0

DEGREE_DAYS
HEATING TOTAL     223               242     -19      273
 SINCE 7/1        347               357     -10      384
COOLING TOTAL      18                23      -5       36
 SINCE 1/1        168               289    -121      343

FREEZE DATES
RECORD
 EARLIEST     MM
 LATEST       MM
EARLIEST                        MM
LATEST                          MM
.................................................................

WIND (MPH)
AVERAGE WIND SPEED              6.2
HIGHEST WIND SPEED/DIRECTION    26/040    DATE  09/21
HIGHEST GUST SPEED/DIRECTION    34/140    DATE  09/10

SKY COVER
POSSIBLE SUNSHINE (PERCENT)   MM
AVERAGE SKY COVER           0.40
NUMBER OF DAYS FAIR           14
NUMBER OF DAYS PC             11
NUMBER OF DAYS CLOUDY          5

AVERAGE RH (PERCENT)     75

WEATHER CONDITIONS. NUMBER OF DAYS WITH
THUNDERSTORM              0     MIXED PRECIP               0
HEAVY RAIN                4     RAIN                       7
LIGHT RAIN               13     FREEZING RAIN              0
LT FREEZING RAIN          0     HAIL                       0
HEAVY SNOW                0     SNOW                       0
LIGHT SNOW                0     SLEET                      0
FOG                      16     FOG W/VIS <= 1/4 MILE      4
HAZE                      0

-  INDICATES NEGATIVE NUMBERS.
R  INDICATES RECORD WAS SET OR TIED.
MM INDICATES DATA IS MISSING.
T  INDICATES TRACE AMOUNT.

$$




U.S. Dept. of Commerce
NOAA National Weather Service
1325 East West Highway
Silver Spring, MD 20910
E-mail: w-nws.webmaster@noaa.gov
Page last modified: May 16, 2007
NATIONAL WEATHER SERVICE: for Safety, for Work, for Fun - FOR LIFE