038
CXUS52 KMFL 012214
CLMAPF

CLIMATE REPORT
NATIONAL WEATHER SERVICE MIAMI, FL
109 PM EST MON DEC 1 2014

...................................

...THE NAPLES CLIMATE SUMMARY FOR THE MONTH OF NOVEMBER 2014...

CLIMATE NORMAL PERIOD 1981 TO 2010
CLIMATE RECORD PERIOD 1942 TO 2014

WEATHER         OBSERVED          NORMAL  DEPART  LAST YEAR`S
                 VALUE   DATE(S)  VALUE   FROM    VALUE  DATE(S)
                                          NORMAL
................................................................
TEMPERATURE (F)
RECORD
 HIGH              91   11/15/1993
                        11/14/1993
                        11/16/1988
 LOW               14   11/26/2012
HIGHEST            85   11/25                         89  11/06
                        11/24
                        11/23
LOWEST             48   11/28                         44  11/28
                        11/27
AVG. MAXIMUM     77.7              81.2    -3.5     83.0
AVG. MINIMUM     59.3              62.9    -3.6     66.2
MEAN             68.5              72.1    -3.6     74.6
DAYS MAX >= 90      0                                  0
DAYS MAX <= 32      0                                  0
DAYS MIN <= 32      0                                  0
DAYS MIN <= 0       0                                  0

PRECIPITATION (INCHES)
RECORD
 MAXIMUM         9.69   1946
 MINIMUM         0.01   1951
TOTALS           1.05              2.04   -0.99     0.78
DAILY AVG.       0.04              0.07   -0.03     0.03
DAYS >= .01         4                                  3
DAYS >= .10         3                                  2
DAYS >= .50         0                                  1
DAYS >= 1.00        0                                  0
GREATEST
 24 HR. TOTAL    0.39   11/26 TO 11/26              0.68

DEGREE_DAYS
HEATING TOTAL      29                13      16        7
 SINCE 7/1         29                14      15        7
COOLING TOTAL     140               224     -84      302
 SINCE 1/1       3948              3819     129     3943
.................................................................

WIND (MPH)
AVERAGE WIND SPEED              8.6
HIGHEST WIND SPEED/DIRECTION    28/300    DATE  11/26
HIGHEST GUST SPEED/DIRECTION    36/300    DATE  11/01

SKY COVER
POSSIBLE SUNSHINE (PERCENT)   MM
AVERAGE SKY COVER           0.40
NUMBER OF DAYS FAIR           15
NUMBER OF DAYS PC              9
NUMBER OF DAYS CLOUDY          6

AVERAGE RH (PERCENT)     73

WEATHER CONDITIONS. NUMBER OF DAYS WITH
THUNDERSTORM              2     MIXED PRECIP               0
HEAVY RAIN                2     RAIN                       3
LIGHT RAIN                7     FREEZING RAIN              0
LT FREEZING RAIN          0     HAIL                       0
HEAVY SNOW                0     SNOW                       0
LIGHT SNOW                0     SLEET                      0
FOG                       8     FOG W/VIS <= 1/4 MILE      0
HAZE                      0

-  INDICATES NEGATIVE NUMBERS.
R  INDICATES RECORD WAS SET OR TIED.
MM INDICATES DATA IS MISSING.
T  INDICATES TRACE AMOUNT.

$$




U.S. Dept. of Commerce
NOAA National Weather Service
1325 East West Highway
Silver Spring, MD 20910
E-mail: w-nws.webmaster@noaa.gov
Page last modified: May 16, 2007
NATIONAL WEATHER SERVICE: for Safety, for Work, for Fun - FOR LIFE