620
CXUS52 KMFL 011459
CLMAPF

CLIMATE REPORT
NATIONAL WEATHER SERVICE MIAMI, FL
1051 AM EDT FRI AUG 1 2014

...................................

...THE NAPLES CLIMATE SUMMARY FOR THE MONTH OF JULY 2014...

CLIMATE NORMAL PERIOD 1981 TO 2010
CLIMATE RECORD PERIOD 1942 TO 2014

WEATHER         OBSERVED          NORMAL  DEPART  LAST YEAR`S
                 VALUE   DATE(S)  VALUE   FROM    VALUE  DATE(S)
                                          NORMAL
................................................................
TEMPERATURE (F)
RECORD
 HIGH              98   07/28/1996
                        07/12/1986
                        07/30/1966
 LOW               62   07/14/1974
HIGHEST            92   07/20                         94  07/30
                        07/19
LOWEST             72   07/15                         72  07/19
                                                          07/18
                                                          07/01
AVG. MAXIMUM     89.6              91.2    -1.6     89.0
AVG. MINIMUM     76.6              74.9     1.7     74.8
MEAN             83.1              83.1     0.0     81.9
DAYS MAX >= 90     22                                 10
DAYS MAX <= 32      0                                  0
DAYS MIN <= 32      0                                  0
DAYS MIN <= 0       0                                  0

PRECIPITATION (INCHES)
RECORD
 MAXIMUM        21.49   1985
 MINIMUM         1.30   1944
TOTALS           6.95              7.27   -0.32     9.06
DAILY AVG.       0.22              0.23   -0.01     0.29
DAYS >= .01        12                                 17
DAYS >= .10        11                                 10
DAYS >= .50         6                                  4
DAYS >= 1.00        2                                  2
GREATEST
 24 HR. TOTAL    1.75   07/15 TO 07/15              4.12

DEGREE_DAYS
HEATING TOTAL       0                 0       0        0
 SINCE 7/1          0                 0       0        0
COOLING TOTAL     569               559      10      532
 SINCE 1/1       2265              2094     171     2130
.................................................................

WIND (MPH)
AVERAGE WIND SPEED              5.8
HIGHEST WIND SPEED/DIRECTION    28/280    DATE  07/15
HIGHEST GUST SPEED/DIRECTION    33/280    DATE  07/15

SKY COVER
POSSIBLE SUNSHINE (PERCENT)   MM
AVERAGE SKY COVER           0.20
NUMBER OF DAYS FAIR           31
NUMBER OF DAYS PC              0
NUMBER OF DAYS CLOUDY          0

AVERAGE RH (PERCENT)     82

WEATHER CONDITIONS. NUMBER OF DAYS WITH
THUNDERSTORM             25     MIXED PRECIP               0
HEAVY RAIN               11     RAIN                       8
LIGHT RAIN               16     FREEZING RAIN              0
LT FREEZING RAIN          0     HAIL                       0
HEAVY SNOW                0     SNOW                       0
LIGHT SNOW                0     SLEET                      0
FOG                      13     FOG W/VIS <= 1/4 MILE      1
HAZE                      3

-  INDICATES NEGATIVE NUMBERS.
R  INDICATES RECORD WAS SET OR TIED.
MM INDICATES DATA IS MISSING.
T  INDICATES TRACE AMOUNT.

$$




U.S. Dept. of Commerce
NOAA National Weather Service
1325 East West Highway
Silver Spring, MD 20910
E-mail: w-nws.webmaster@noaa.gov
Page last modified: May 16, 2007
NATIONAL WEATHER SERVICE: for Safety, for Work, for Fun - FOR LIFE