145
CXUS52 KMFL 011514
CLMAPF

CLIMATE REPORT
NATIONAL WEATHER SERVICE MIAMI, FL
1108 AM EDT TUE APR 1 2014

...................................

...THE NAPLES CLIMATE SUMMARY FOR THE MONTH OF MARCH 2014...

CLIMATE NORMAL PERIOD 1981 TO 2010
CLIMATE RECORD PERIOD 1942 TO 2014

WEATHER         OBSERVED          NORMAL  DEPART  LAST YEAR`S
                 VALUE   DATE(S)  VALUE   FROM    VALUE  DATE(S)
                                          NORMAL
................................................................
TEMPERATURE (F)
RECORD
 HIGH              91   03/31/2008
                        03/16/2002
                        03/28/1975
 LOW               33   03/04/1980
HIGHEST            85   03/28                         84  03/23
LOWEST             50   03/14                         41  03/04
AVG. MAXIMUM     78.6              79.9    -1.3     74.0
AVG. MINIMUM     60.6              60.0     0.6     54.1
MEAN             69.6              70.0    -0.4     64.0
DAYS MAX >= 90      0                                  0
DAYS MAX <= 32      0                                  0
DAYS MIN <= 32      0                                  0
DAYS MIN <= 0       0                                  0

PRECIPITATION (INCHES)
RECORD
 MAXIMUM        13.56   1970
 MINIMUM         0.00   1974
                        1945
TOTALS           1.90              2.38   -0.48     0.62
DAILY AVG.       0.06              0.08   -0.02     0.02
DAYS >= .01         5                                  4
DAYS >= .10         3                                  1
DAYS >= .50         2                                  0
DAYS >= 1.00        0                                  0
GREATEST
 24 HR. TOTAL    0.89   03/06 TO 03/06

SNOWFALL (INCHES)
RECORDS
 24 HR TOTAL       MM
 SNOW DEPTH        MM   MM
TOTALS            0.0                                0.0
SINCE 7/1         0.0                MM      MM      0.0
SNOWDEPTH AVG.      0                                  0
DAYS >= 1.0         0                MM      MM        0
GREATEST
 24 HR TOTAL      0.0   03/31 TO 03/31           03/31 TO 03/31
                                                          03/31 TO 03/31
                                                          03/31 TO 03/31

DEGREE_DAYS
HEATING TOTAL       7                23     -16       88
 SINCE 7/1        149               256    -107      182
COOLING TOTAL     158               176     -18       63
 SINCE 1/1        431               367      64      391
..................................................

WIND (MPH)
AVERAGE WIND SPEED              8.2
HIGHEST WIND SPEED/DIRECTION    33/230    DATE  03/06
HIGHEST GUST SPEED/DIRECTION    45/230    DATE  03/06

SKY COVER
POSSIBLE SUNSHINE (PERCENT)   MM
AVERAGE SKY COVER           0.30
NUMBER OF DAYS FAIR           21
NUMBER OF DAYS PC              9
NUMBER OF DAYS CLOUDY          1

AVERAGE RH (PERCENT)     75

WEATHER CONDITIONS. NUMBER OF DAYS WITH
THUNDERSTORM              2     MIXED PRECIP               0
HEAVY RAIN                3     RAIN                       2
LIGHT RAIN                5     FREEZING RAIN              0
LT FREEZING RAIN          0     HAIL                       0
HEAVY SNOW                0     SNOW                       0
LIGHT SNOW                0     SLEET                      0
FOG                      16     FOG W/VIS <= 1/4 MILE      2
HAZE                      1

-  INDICATES NEGATIVE NUMBERS.
R  INDICATES RECORD WAS SET OR TIED.
MM INDICATES DATA IS MISSING.
T  INDICATES TRACE AMOUNT.

$$




U.S. Dept. of Commerce
NOAA National Weather Service
1325 East West Highway
Silver Spring, MD 20910
E-mail: w-nws.webmaster@noaa.gov
Page last modified: May 16, 2007
NATIONAL WEATHER SERVICE: for Safety, for Work, for Fun - FOR LIFE