099
CXUS52 KMFL 011450
CLMAPF


CLIMATE REPORT
NATIONAL WEATHER SERVICE MIAMI, FL
1050 AM EDT TUE JUL 1 2014

...................................

...THE NAPLES CLIMATE SUMMARY FOR THE MONTH OF JUNE 2014...

CLIMATE NORMAL PERIOD 1981 TO 2010
CLIMATE RECORD PERIOD 1942 TO 2014

WEATHER         OBSERVED          NORMAL  DEPART  LAST YEAR`S
                 VALUE   DATE(S)  VALUE   FROM    VALUE  DATE(S)
                                          NORMAL
................................................................
TEMPERATURE (F)
RECORD
 HIGH              98   06/06/1985
                        06/05/1985
                        06/13/1981
 LOW               59   06/01/1984
HIGHEST            95   06/26                         92  06/25
                                                          06/17
LOWEST             70   06/15                         72  06/20
                        06/04                             06/13
                                                          06/07
AVG. MAXIMUM     89.3              89.9    -0.6     88.1
AVG. MINIMUM     74.0              73.9     0.1     74.3
MEAN             81.6              81.9    -0.3     81.2
DAYS MAX >= 90     11                                 11
DAYS MAX <= 32      0                                  0
DAYS MIN <= 32      0                                  0
DAYS MIN <= 0       0                                  0

PRECIPITATION (INCHES)
RECORD
 MAXIMUM        21.28   2005
 MINIMUM         0.91   1980
TOTALS           8.18              8.82   -0.64     8.76
DAILY AVG.       0.27              0.29   -0.02     0.29
DAYS >= .01        15                                 19
DAYS >= .10        13                                 13
DAYS >= .50         4                                  6
DAYS >= 1.00        3                                  3
GREATEST
 24 HR. TOTAL    1.61   06/15 TO 06/15              1.74
                        06/14 TO 06/15
                        06/15 TO 06/15

DEGREE_DAYS
HEATING TOTAL       0                 0       0        0
 SINCE 7/1        149               260    -111      182
COOLING TOTAL     507               507       0      494
 SINCE 1/1       1696              1535     161     1598
.................................................................

WIND (MPH)
AVERAGE WIND SPEED              6.8
HIGHEST WIND SPEED/DIRECTION    31/040    DATE  06/15
HIGHEST GUST SPEED/DIRECTION    41/080    DATE  06/17

SKY COVER
POSSIBLE SUNSHINE (PERCENT)   MM
AVERAGE SKY COVER           0.20
NUMBER OF DAYS FAIR           26
NUMBER OF DAYS PC              4
NUMBER OF DAYS CLOUDY          0

AVERAGE RH (PERCENT)     76

WEATHER CONDITIONS. NUMBER OF DAYS WITH
THUNDERSTORM             19     MIXED PRECIP               0
HEAVY RAIN               13     RAIN                      12
LIGHT RAIN               16     FREEZING RAIN              0
LT FREEZING RAIN          0     HAIL                       0
HEAVY SNOW                0     SNOW                       0
LIGHT SNOW                0     SLEET                      0
FOG                      15     FOG W/VIS <= 1/4 MILE      1
HAZE                      6

-  INDICATES NEGATIVE NUMBERS.
R  INDICATES RECORD WAS SET OR TIED.
MM INDICATES DATA IS MISSING.
T  INDICATES TRACE AMOUNT.

$$





U.S. Dept. of Commerce
NOAA National Weather Service
1325 East West Highway
Silver Spring, MD 20910
E-mail: w-nws.webmaster@noaa.gov
Page last modified: May 16, 2007
NATIONAL WEATHER SERVICE: for Safety, for Work, for Fun - FOR LIFE