918
CXUS52 KMFL 011408
CLMAPF


CLIMATE REPORT
NATIONAL WEATHER SERVICE MIAMI, FL
1008 AM EDT MON SEP 1 2014

...................................

...THE NAPLES CLIMATE SUMMARY FOR THE MONTH OF AUGUST 2014...

CLIMATE NORMAL PERIOD 1981 TO 2010
CLIMATE RECORD PERIOD 1942 TO 2014

WEATHER         OBSERVED          NORMAL  DEPART  LAST YEAR`S
                 VALUE   DATE(S)  VALUE   FROM    VALUE  DATE(S)
                                          NORMAL
................................................................
TEMPERATURE (F)
RECORD
 HIGH              98   08/29/2007
 LOW               63   08/28/1973
                        08/21/1973
HIGHEST            95   08/31                         95  08/11
                        08/30
LOWEST             72   08/27                         72  08/27
                                                          08/19
AVG. MAXIMUM     91.9              91.0     0.9     90.5
AVG. MINIMUM     76.6              75.3     1.3     75.5
MEAN             84.2              83.2     1.0     83.0
DAYS MAX >= 90     30                                 21
DAYS MAX <= 32      0                                  0
DAYS MIN <= 32      0                                  0
DAYS MIN <= 0       0                                  0

PRECIPITATION (INCHES)
RECORD
 MAXIMUM        14.60   1962
 MINIMUM         1.46   1952
TOTALS          13.89              8.58    5.31     7.85
DAILY AVG.       0.45              0.28    0.17     0.25
DAYS >= .01        19                                 19
DAYS >= .10        17                                 12
DAYS >= .50         6                                  5
DAYS >= 1.00        1                                  3
GREATEST
 24 HR. TOTAL    6.93   08/03 TO 08/04              2.59

DEGREE_DAYS
HEATING TOTAL       0                 0       0        0
 SINCE 7/1          0                 0       0        0
COOLING TOTAL     605               563      42      565
 SINCE 1/1       2870              2657     213     2695
.................................................................

WIND (MPH)
AVERAGE WIND SPEED              5.8
HIGHEST WIND SPEED/DIRECTION    29/140    DATE  08/20
HIGHEST GUST SPEED/DIRECTION    39/040    DATE  08/31

SKY COVER
POSSIBLE SUNSHINE (PERCENT)   MM
AVERAGE SKY COVER           0.20
NUMBER OF DAYS FAIR           28
NUMBER OF DAYS PC              3
NUMBER OF DAYS CLOUDY          0

AVERAGE RH (PERCENT)     79

WEATHER CONDITIONS. NUMBER OF DAYS WITH
THUNDERSTORM             24     MIXED PRECIP               0
HEAVY RAIN               17     RAIN                      10
LIGHT RAIN               19     FREEZING RAIN              0
LT FREEZING RAIN          0     HAIL                       0
HEAVY SNOW                0     SNOW                       0
LIGHT SNOW                0     SLEET                      0
FOG                      16     FOG W/VIS <= 1/4 MILE      1
HAZE                      7

-  INDICATES NEGATIVE NUMBERS.
R  INDICATES RECORD WAS SET OR TIED.
MM INDICATES DATA IS MISSING.
T  INDICATES TRACE AMOUNT.

$$





U.S. Dept. of Commerce
NOAA National Weather Service
1325 East West Highway
Silver Spring, MD 20910
E-mail: w-nws.webmaster@noaa.gov
Page last modified: May 16, 2007
NATIONAL WEATHER SERVICE: for Safety, for Work, for Fun - FOR LIFE