842
CXUS52 KMFL 011704 RRA
CLMAPF

CLIMATE REPORT
NATIONAL WEATHER SERVICE MIAMI, FL
101 PM EDT WED OCT 1 2014

...................................

...THE NAPLES CLIMATE SUMMARY FOR THE MONTH OF SEPTEMBER 2014...

CLIMATE NORMAL PERIOD 1981 TO 2010
CLIMATE RECORD PERIOD 1942 TO 2014

WEATHER         OBSERVED          NORMAL  DEPART  LAST YEAR`S
                 VALUE   DATE(S)  VALUE   FROM    VALUE  DATE(S)
                                          NORMAL
................................................................
TEMPERATURE (F)
RECORD
 HIGH              99   09/01/1986
 LOW               59   09/24/1993
HIGHEST            93   09/15                         93  09/06
                        09/06                             09/05
LOWEST             72   09/23                         71  09/06
AVG. MAXIMUM     89.2              89.9    -0.7     89.0
AVG. MINIMUM     74.7              74.8    -0.1     74.2
MEAN             82.0              82.4    -0.4     81.6
DAYS MAX >= 90     17                                 12
DAYS MAX <= 32      0                                  0
DAYS MIN <= 32      0                                  0
DAYS MIN <= 0       0                                  0

PRECIPITATION (INCHES)
RECORD
 MAXIMUM        20.84   2001
 MINIMUM         2.95   2004
TOTALS          10.08              7.69    2.39    10.97
DAILY AVG.       0.34              0.26    0.08     0.37
DAYS >= .01        19                                 20
DAYS >= .10        15                                 15
DAYS >= .50         8                                  5
DAYS >= 1.00        2                                  3
GREATEST
 24 HR. TOTAL    2.39   09/25 TO 09/26              2.90

DEGREE_DAYS
HEATING TOTAL       0                 0       0        0
 SINCE 7/1          0                 0       0        0
COOLING TOTAL     519               520      -1      505
 SINCE 1/1       3389              3177     212     3200
.................................................................

WIND (MPH)
AVERAGE WIND SPEED              5.8
HIGHEST WIND SPEED/DIRECTION    29/130    DATE  09/25
HIGHEST GUST SPEED/DIRECTION    35/130    DATE  09/25

SKY COVER
POSSIBLE SUNSHINE (PERCENT)   MM
AVERAGE SKY COVER           0.20
NUMBER OF DAYS FAIR           24
NUMBER OF DAYS PC              6
NUMBER OF DAYS CLOUDY          0

AVERAGE RH (PERCENT)     78

WEATHER CONDITIONS. NUMBER OF DAYS WITH
THUNDERSTORM              0     MIXED PRECIP               0
HEAVY RAIN               12     RAIN                      12
LIGHT RAIN               22     FREEZING RAIN              0
LT FREEZING RAIN          0     HAIL                       0
HEAVY SNOW                0     SNOW                       0
LIGHT SNOW                0     SLEET                      0
FOG                      18     FOG W/VIS <= 1/4 MILE      1
HAZE                     10

-  INDICATES NEGATIVE NUMBERS.
R  INDICATES RECORD WAS SET OR TIED.
MM INDICATES DATA IS MISSING.
T  INDICATES TRACE AMOUNT.

$$




U.S. Dept. of Commerce
NOAA National Weather Service
1325 East West Highway
Silver Spring, MD 20910
E-mail: w-nws.webmaster@noaa.gov
Page last modified: May 16, 2007
NATIONAL WEATHER SERVICE: for Safety, for Work, for Fun - FOR LIFE