398
CXUS51 KCTP 011508
CLMAOO

PHLCLMAOO 000
TTAA00 KCTP 011012


CLIMATE REPORT
NATIONAL WEATHER SERVICE STATE COLLEGE PA
512 AM EST SAT MAR 1 2014

...................................

...THE ALTOONA CLIMATE SUMMARY FOR THE MONTH OF FEBRUARY 2014...

CLIMATE NORMAL PERIOD 1981 TO 2010
CLIMATE RECORD PERIOD 1948 TO 2014

WEATHER         OBSERVED          NORMAL  DEPART  LAST YEAR`S
                 VALUE   DATE(S)  VALUE   FROM    VALUE  DATE(S)
                                          NORMAL
................................................................
TEMPERATURE (F)
RECORD
 HIGH              74   02/27/1997
                        02/16/1954
 LOW              -11   02/02/1961
HIGHEST            48   02/22                         MM  MM
                        02/19
LOWEST             -5   02/12                         MM  MM
AVG. MAXIMUM     32.5              37.2    -4.7       MM
AVG. MINIMUM     15.9              21.1    -5.2       MM
MEAN             24.2              29.2    -5.0       MM
DAYS MAX >= 90      0                MM      MM       MM
DAYS MAX <= 32     15                MM      MM       MM
DAYS MIN <= 32     26                MM      MM       MM
DAYS MIN <= 0       3                MM      MM       MM

PRECIPITATION (INCHES)
RECORD
 MAXIMUM         4.60   1971
 MINIMUM         0.46   2009
TOTALS           2.52              2.04    0.48       MM
DAILY AVG.       0.09              0.07    0.02       MM
DAYS >= .01        14                MM      MM       MM
DAYS >= .10         7                MM      MM       MM
DAYS >= .50         2                MM      MM       MM
DAYS >= 1.00        0                MM      MM       MM
GREATEST
 24 HR. TOTAL    0.78   02/12 TO 02/13                MM

DEGREE_DAYS
HEATING TOTAL    1133              1004     129       MM
 SINCE 7/1       4744              4555     189       MM
COOLING TOTAL       0                 0       0       MM
 SINCE 1/1          0                 0       0       MM
.................................................................

WIND (MPH)
AVERAGE WIND SPEED              8.3
HIGHEST WIND SPEED/DIRECTION    33/280    DATE  02/27
HIGHEST GUST SPEED/DIRECTION    47/MM     DATE   MM

SKY COVER
POSSIBLE SUNSHINE (PERCENT)   MM
AVERAGE SKY COVER           0.50
NUMBER OF DAYS FAIR            9
NUMBER OF DAYS PC             12
NUMBER OF DAYS CLOUDY          7

AVERAGE RH (PERCENT)     68

WEATHER CONDITIONS. NUMBER OF DAYS WITH
THUNDERSTORM              0     MIXED PRECIP               0
HEAVY RAIN                1     RAIN                       1
LIGHT RAIN                5     FREEZING RAIN              2
LT FREEZING RAIN          1     HAIL                       0
HEAVY SNOW                5     SNOW                       9
LIGHT SNOW               17     SLEET                      0
FOG                      18     FOG W/VIS <= 1/4 MILE      6
HAZE                     12

-  INDICATES NEGATIVE NUMBERS.
R  INDICATES RECORD WAS SET OR TIED.
MM INDICATES DATA IS MISSING.
T  INDICATES TRACE AMOUNT.

$$







U.S. Dept. of Commerce
NOAA National Weather Service
1325 East West Highway
Silver Spring, MD 20910
E-mail: w-nws.webmaster@noaa.gov
Page last modified: May 16, 2007
NATIONAL WEATHER SERVICE: for Safety, for Work, for Fun - FOR LIFE