125
CXUS53 KAPX 022029
CLMANJ


CLIMATE REPORT
NATIONAL WEATHER SERVICE GAYLORD MI
428 PM EDT WED JUL 2 2014

...................................

...THE SAULT STE MARIE MI CLIMATE SUMMARY FOR THE MONTH OF JUNE 2014...

CLIMATE NORMAL PERIOD 1981 TO 2010
CLIMATE RECORD PERIOD 1888 TO 2014

WEATHER         OBSERVED          NORMAL  DEPART  LAST YEAR`S
                 VALUE   DATE(S)  VALUE   FROM    VALUE  DATE(S)
                                          NORMAL
................................................................
TEMPERATURE (F)
RECORD
 HIGH              93   06/26/1983
                        06/30/1927
                        06/27/1901
 LOW               26   06/03/1982
HIGHEST            83   06/30        MM      MM       86  06/26
                        06/28
                        06/16
LOWEST             39   06/14        MM      MM       37  06/03
AVG. MAXIMUM     72.8              71.3     1.5     71.6
AVG. MINIMUM     51.8              48.7     3.1     50.7
MEAN             62.3              60.0     2.3     61.2
DAYS MAX >= 90      0               0.1    -0.1        0
DAYS MAX <= 32      0               0.0     0.0        0
DAYS MIN <= 32      0               0.2    -0.2        0
DAYS MIN <= 0       0               0.0     0.0        0

PRECIPITATION (INCHES)
RECORD
 MAXIMUM           MM   MM
 MINIMUM           MM   MM
TOTALS           2.92              2.70    0.22     3.25
DAILY AVG.       0.10              0.09    0.01     0.11
DAYS >= .01        11              11.1    -0.1       10
DAYS >= .10         5               6.4    -1.4        5
DAYS >= .50         3               1.7     1.3        2
DAYS >= 1.00        0               0.4    -0.4        1
GREATEST
 24 HR. TOTAL    0.89   06/24 TO 06/24
                        06/23 TO 06/24
                        06/24 TO 06/24
 STORM TOTAL       MM
 (MM/DD(HH))            MM

DEGREE_DAYS
COOLING TOTAL      37                30       7
 SINCE 1/1         39                35       4

FREEZE DATES
RECORD
 EARLIEST     MM
 LATEST       MM
EARLIEST      05/05             MM
LATEST        05/17             MM
.................................................................

WIND (MPH)
AVERAGE WIND SPEED              6.3
HIGHEST WIND SPEED/DIRECTION    23/220    DATE  06/30
HIGHEST GUST SPEED/DIRECTION    34/110    DATE  06/15

SKY COVER
POSSIBLE SUNSHINE (PERCENT)   MM
AVERAGE SKY COVER           0.40
NUMBER OF DAYS FAIR           18
NUMBER OF DAYS PC              6
NUMBER OF DAYS CLOUDY          6

AVERAGE RH (PERCENT)     68

WEATHER CONDITIONS. NUMBER OF DAYS WITH
THUNDERSTORM              0     MIXED PRECIP               0
HEAVY RAIN                4     RAIN                       4
LIGHT RAIN               12     FREEZING RAIN              0
LT FREEZING RAIN          0     HAIL                       0
HEAVY SNOW                0     SNOW                       0
LIGHT SNOW                0     SLEET                      0
FOG                      10     FOG W/VIS <= 1/4 MILE      2
HAZE                      4

-  INDICATES NEGATIVE NUMBERS.
R  INDICATES RECORD WAS SET OR TIED.
MM INDICATES DATA IS MISSING.
T  INDICATES TRACE AMOUNT.

$$





U.S. Dept. of Commerce
NOAA National Weather Service
1325 East West Highway
Silver Spring, MD 20910
E-mail: w-nws.webmaster@noaa.gov
Page last modified: May 16, 2007
NATIONAL WEATHER SERVICE: for Safety, for Work, for Fun - FOR LIFE