272
CXUS54 KBMX 011416
CLMANB


CLIMATE REPORT
NATIONAL WEATHER SERVICE BIRMINGHAM, AL
914 AM CDT TUE JUL 1 2014

...................................

...THE ANNISTON CLIMATE SUMMARY FOR THE MONTH OF JUNE 2014...

CLIMATE NORMAL PERIOD 1981 TO 2010
CLIMATE RECORD PERIOD 1903 TO 2014

WEATHER         OBSERVED          NORMAL  DEPART  LAST YEAR`S
                 VALUE   DATE(S)  VALUE   FROM    VALUE  DATE(S)
                                          NORMAL
................................................................
TEMPERATURE (F)
RECORD
 HIGH             104   06/30/2012
                        06/28/1931
                        08/29/2000
 LOW               42   06/01/1972
HIGHEST            92   06/21        MM      MM       92  06/12
                        06/19
                        06/17
LOWEST             65   06/13        MM      MM       63  06/15
                        06/12
AVG. MAXIMUM     87.1              87.3    -0.2     86.8
AVG. MINIMUM     68.5              66.6     1.9     68.7
MEAN             77.8                               77.8
DAYS MAX >= 90      8               9.3    -1.3        5
DAYS MAX <= 32      0               0.0     0.0        0
DAYS MIN <= 32      0               0.0     0.0        0
DAYS MIN <= 0       0               0.0     0.0        0

PRECIPITATION (INCHES)
RECORD
 MAXIMUM         9.28   2003
 MINIMUM         0.00   1988
TOTALS           5.11              4.08    1.03     6.69
DAILY AVG.       0.17              0.14    0.03
DAYS >= .01        17              10.0     7.0
DAYS >= .10         8               6.9     1.1
DAYS >= .50         5               2.8     2.2
DAYS >= 1.00        1               1.1    -0.1

DEGREE_DAYS
COOLING TOTAL     393               359      34      391
 SINCE 1/1        637               599      38      601
.................................................................

WIND (MPH)
AVERAGE WIND SPEED              4.0
HIGHEST WIND SPEED/DIRECTION    37/240    DATE  06/10
HIGHEST GUST SPEED/DIRECTION    48/240    DATE  06/10

AVERAGE RH (PERCENT)     74

WEATHER CONDITIONS. NUMBER OF DAYS WITH
THUNDERSTORM              0     MIXED PRECIP               0
HEAVY RAIN                7     RAIN                      10
LIGHT RAIN               18     FREEZING RAIN              0
LT FREEZING RAIN          0     HAIL                       0
HEAVY SNOW                0     SNOW                       0
LIGHT SNOW                0     SLEET                      0
FOG                      28     FOG W/VIS <= 1/4 MILE      3
HAZE                     12

-  INDICATES NEGATIVE NUMBERS.
R  INDICATES RECORD WAS SET OR TIED.
MM INDICATES DATA IS MISSING.
T  INDICATES TRACE AMOUNT.

$$




U.S. Dept. of Commerce
NOAA National Weather Service
1325 East West Highway
Silver Spring, MD 20910
E-mail: w-nws.webmaster@noaa.gov
Page last modified: May 16, 2007
NATIONAL WEATHER SERVICE: for Safety, for Work, for Fun - FOR LIFE