435
CXUS54 KBMX 012134
CLMANB


CLIMATE REPORT
NATIONAL WEATHER SERVICE BIRMINGHAM, AL
434 PM CDT FRI AUG 1 2014

...................................

...THE ANNISTON CLIMATE SUMMARY FOR THE MONTH OF JULY 2014...

CLIMATE NORMAL PERIOD 1981 TO 2010
CLIMATE RECORD PERIOD 1903 TO 2014

WEATHER         OBSERVED          NORMAL  DEPART  LAST YEAR`S
                 VALUE   DATE(S)  VALUE   FROM    VALUE  DATE(S)
                                          NORMAL
................................................................
TEMPERATURE (F)
RECORD
 HIGH             105   07/13/1980
 LOW               50   07/15/1967
HIGHEST            96   07/27        MM      MM       93  07/17
LOWEST             54   07/30        MM      MM       63  07/30
AVG. MAXIMUM     88.1              89.9    -1.8     85.6
AVG. MINIMUM     67.5              70.1    -2.6     69.8
MEAN             77.8                               77.7
DAYS MAX >= 90     12              15.6    -3.6        5
DAYS MAX <= 32      0               0.0     0.0        0
DAYS MIN <= 32      0               0.0     0.0        0
DAYS MIN <= 0       0               0.0     0.0        0

PRECIPITATION (INCHES)
RECORD
 MAXIMUM        13.90   1950
 MINIMUM         0.57   2014
TOTALS           0.57R             4.62   -4.05    12.70
DAILY AVG.       0.02              0.15   -0.13
DAYS >= .01         9              11.3    -2.3
DAYS >= .10         3               7.6    -4.6
DAYS >= .50         0               3.0    -3.0
DAYS >= 1.00        0               1.2    -1.2

DEGREE_DAYS
COOLING TOTAL     408               465     -57      399
 SINCE 1/1       1045              1064     -19     1000
.................................................................

WIND (MPH)
AVERAGE WIND SPEED              4.5
HIGHEST WIND SPEED/DIRECTION    20/020    DATE  07/15
HIGHEST GUST SPEED/DIRECTION    28/300    DATE  07/29

AVERAGE RH (PERCENT)     70

WEATHER CONDITIONS. NUMBER OF DAYS WITH
THUNDERSTORM              0     MIXED PRECIP               0
HEAVY RAIN                1     RAIN                       2
LIGHT RAIN                8     FREEZING RAIN              0
LT FREEZING RAIN          0     HAIL                       0
HEAVY SNOW                0     SNOW                       0
LIGHT SNOW                0     SLEET                      0
FOG                      21     FOG W/VIS <= 1/4 MILE      2
HAZE                     10

-  INDICATES NEGATIVE NUMBERS.
R  INDICATES RECORD WAS SET OR TIED.
MM INDICATES DATA IS MISSING.
T  INDICATES TRACE AMOUNT.

$$




U.S. Dept. of Commerce
NOAA National Weather Service
1325 East West Highway
Silver Spring, MD 20910
E-mail: w-nws.webmaster@noaa.gov
Page last modified: May 16, 2007
NATIONAL WEATHER SERVICE: for Safety, for Work, for Fun - FOR LIFE