456
CXUS54 KBMX 012124
CLMANB


CLIMATE REPORT
NATIONAL WEATHER SERVICE BIRMINGHAM, AL
423 PM CDT TUE APR 1 2014

...................................

...THE ANNISTON CLIMATE SUMMARY FOR THE MONTH OF MARCH 2014...

CLIMATE NORMAL PERIOD 1981 TO 2010
CLIMATE RECORD PERIOD 1903 TO 2014

WEATHER         OBSERVED          NORMAL  DEPART  LAST YEAR`S
                 VALUE   DATE(S)  VALUE   FROM    VALUE  DATE(S)
                                          NORMAL
................................................................
TEMPERATURE (F)
RECORD
 HIGH              89   03/09/1974
                        03/31/1963
 LOW                8   03/13/1993
HIGHEST            78   03/31        MM      MM       77  03/18
                        03/11                             03/16
LOWEST             27   03/26        MM      MM       26  03/27
                                                          03/04
AVG. MAXIMUM     65.0              66.3    -1.3     61.8
AVG. MINIMUM     39.8              42.8    -3.0     38.3
MEAN             52.4                               50.0
DAYS MAX >= 90      0               0.0     0.0        0
DAYS MAX <= 32      0               0.0     0.0        0
DAYS MIN <= 32      5               4.0     1.0       10
DAYS MIN <= 0       0               0.0     0.0        0

PRECIPITATION (INCHES)
RECORD
 MAXIMUM        18.09   1977
 MINIMUM         1.38   1985
TOTALS           5.41              4.96    0.45     4.00
DAILY AVG.       0.17              0.16    0.01
DAYS >= .01        12               9.9     2.1
DAYS >= .10         6               6.7    -0.7
DAYS >= .50         3               3.6    -0.6
DAYS >= 1.00        2               1.8     0.2

DEGREE_DAYS
HEATING TOTAL     382               336      46      442
 SINCE 7/1       2863              2608     255     2505
COOLING TOTAL       0                12     -12        0
 SINCE 1/1          0                13     -13        8
.................................................................

WIND (MPH)
AVERAGE WIND SPEED              5.6
HIGHEST WIND SPEED/DIRECTION    25/310    DATE  03/25
HIGHEST GUST SPEED/DIRECTION    40/280    DATE  03/12

AVERAGE RH (PERCENT)     65

WEATHER CONDITIONS. NUMBER OF DAYS WITH
THUNDERSTORM              0     MIXED PRECIP               0
HEAVY RAIN                3     RAIN                       7
LIGHT RAIN               12     FREEZING RAIN              0
LT FREEZING RAIN          0     HAIL                       0
HEAVY SNOW                0     SNOW                       0
LIGHT SNOW                0     SLEET                      0
FOG                      20     FOG W/VIS <= 1/4 MILE      1
HAZE                      5

-  INDICATES NEGATIVE NUMBERS.
R  INDICATES RECORD WAS SET OR TIED.
MM INDICATES DATA IS MISSING.
T  INDICATES TRACE AMOUNT.

$$




U.S. Dept. of Commerce
NOAA National Weather Service
1325 East West Highway
Silver Spring, MD 20910
E-mail: w-nws.webmaster@noaa.gov
Page last modified: May 16, 2007
NATIONAL WEATHER SERVICE: for Safety, for Work, for Fun - FOR LIFE