854
CXUS54 KBMX 011350
CLMANB


CLIMATE REPORT
NATIONAL WEATHER SERVICE BIRMINGHAM, AL
849 AM CDT WED OCT 1 2014

...................................

...THE ANNISTON CLIMATE SUMMARY FOR THE MONTH OF SEPTEMBER 2014...

CLIMATE NORMAL PERIOD 1981 TO 2010
CLIMATE RECORD PERIOD 1903 TO 2014

WEATHER         OBSERVED          NORMAL  DEPART  LAST YEAR`S
                 VALUE   DATE(S)  VALUE   FROM    VALUE  DATE(S)
                                          NORMAL
................................................................
TEMPERATURE (F)
RECORD
 HIGH             101   09/01/1957
                        09/06/1954
                        09/04/1954
 LOW               34   09/30/1967
HIGHEST            93   09/12        MM      MM       91  09/09
                        09/02
LOWEST             54   09/23        MM      MM       53  09/22
AVG. MAXIMUM     86.1              84.1     2.0     84.6
AVG. MINIMUM     66.3              62.9     3.4     63.8
MEAN             76.2                               74.2
DAYS MAX >= 90      8               5.2     2.8        3
DAYS MAX <= 32      0               0.0     0.0        0
DAYS MIN <= 32      0               0.0     0.0        0
DAYS MIN <= 0       0               0.0     0.0        0

PRECIPITATION (INCHES)
RECORD
 MAXIMUM         7.91   2002
 MINIMUM         0.09   1947
TOTALS           1.50              2.93   -1.43     2.71
DAILY AVG.       0.05              0.10   -0.05
DAYS >= .01         6               7.3    -1.3
DAYS >= .10         2               4.6    -2.6
DAYS >= .50         1               1.8    -0.8
DAYS >= 1.00        1               1.0     0.0

DEGREE_DAYS
HEATING TOTAL       0                11     -11        0
 SINCE 7/1          0                11     -11        0
COOLING TOTAL     342               266      76      286
 SINCE 1/1       1849              1783      66     1683
.................................................................

WIND (MPH)
AVERAGE WIND SPEED              4.3
HIGHEST WIND SPEED/DIRECTION    21/060    DATE  09/03
HIGHEST GUST SPEED/DIRECTION    26/060    DATE  09/03

AVERAGE RH (PERCENT)     72

WEATHER CONDITIONS. NUMBER OF DAYS WITH
THUNDERSTORM              0     MIXED PRECIP               0
HEAVY RAIN                2     RAIN                       1
LIGHT RAIN               10     FREEZING RAIN              0
LT FREEZING RAIN          0     HAIL                       0
HEAVY SNOW                0     SNOW                       0
LIGHT SNOW                0     SLEET                      0
FOG                       8     FOG W/VIS <= 1/4 MILE      1
HAZE                      1

-  INDICATES NEGATIVE NUMBERS.
R  INDICATES RECORD WAS SET OR TIED.
MM INDICATES DATA IS MISSING.
T  INDICATES TRACE AMOUNT.

$$




U.S. Dept. of Commerce
NOAA National Weather Service
1325 East West Highway
Silver Spring, MD 20910
E-mail: w-nws.webmaster@noaa.gov
Page last modified: May 16, 2007
NATIONAL WEATHER SERVICE: for Safety, for Work, for Fun - FOR LIFE