376
CXUS54 KBMX 031503
CLMANB


CLIMATE REPORT
NATIONAL WEATHER SERVICE BIRMINGHAM, AL
901 AM CST WED DEC 3 2014

...................................

...THE ANNISTON CLIMATE SUMMARY FOR THE MONTH OF NOVEMBER 2014...

CLIMATE NORMAL PERIOD 1981 TO 2010
CLIMATE RECORD PERIOD 1903 TO 2014

WEATHER         OBSERVED          NORMAL  DEPART  LAST YEAR`S
                 VALUE   DATE(S)  VALUE   FROM    VALUE  DATE(S)
                                          NORMAL
................................................................
TEMPERATURE (F)
RECORD
 HIGH              88   11/02/1974
 LOW                5   11/25/1950
HIGHEST            74   11/24        MM      MM       75  11/01
                        11/11
LOWEST             18   11/19        MM      MM       19  11/28
AVG. MAXIMUM     60.5              65.2    -4.7     62.3
AVG. MINIMUM     34.6              41.9    -7.3     39.0
MEAN             47.6                               50.7
DAYS MAX >= 90      0               0.0     0.0        0
DAYS MAX <= 32      0               0.0     0.0        0
DAYS MIN <= 32     12               5.4     6.6        9
DAYS MIN <= 0       0               0.0     0.0        0

PRECIPITATION (INCHES)
RECORD
 MAXIMUM        15.10   1948
 MINIMUM         0.61   1949
TOTALS           5.31              4.58    0.73     2.69
DAILY AVG.       0.18              0.15    0.03
DAYS >= .01         5               9.1    -4.1
DAYS >= .10         4               6.0    -2.0
DAYS >= .50         3               3.2    -0.2
DAYS >= 1.00        2               1.9     0.1

DEGREE_DAYS
HEATING TOTAL     517               355     162      425
 SINCE 7/1        628               497     131      527
.................................................................

WIND (MPH)
AVERAGE WIND SPEED              5.1
HIGHEST WIND SPEED/DIRECTION    21/250    DATE  11/24
HIGHEST GUST SPEED/DIRECTION    33/300    DATE  11/17

AVERAGE RH (PERCENT)     64

WEATHER CONDITIONS. NUMBER OF DAYS WITH
THUNDERSTORM              0     MIXED PRECIP               0
HEAVY RAIN                3     RAIN                       4
LIGHT RAIN                5     FREEZING RAIN              0
LT FREEZING RAIN          0     HAIL                       0
HEAVY SNOW                0     SNOW                       0
LIGHT SNOW                0     SLEET                      0
FOG                      11     FOG W/VIS <= 1/4 MILE      0
HAZE                      1

-  INDICATES NEGATIVE NUMBERS.
R  INDICATES RECORD WAS SET OR TIED.
MM INDICATES DATA IS MISSING.
T  INDICATES TRACE AMOUNT.

$$




U.S. Dept. of Commerce
NOAA National Weather Service
1325 East West Highway
Silver Spring, MD 20910
E-mail: w-nws.webmaster@noaa.gov
Page last modified: May 16, 2007
NATIONAL WEATHER SERVICE: for Safety, for Work, for Fun - FOR LIFE