485
CXUS54 KBMX 011853
CLMANB


CLIMATE REPORT
NATIONAL WEATHER SERVICE BIRMINGHAM, AL
1253 PM CST THU JAN 1 2015

...................................

...THE ANNISTON CLIMATE SUMMARY FOR THE MONTH OF DECEMBER 2014...

CLIMATE NORMAL PERIOD 1981 TO 2010
CLIMATE RECORD PERIOD 1903 TO 2014

WEATHER         OBSERVED          NORMAL  DEPART  LAST YEAR`S
                 VALUE   DATE(S)  VALUE   FROM    VALUE  DATE(S)
                                          NORMAL
................................................................
TEMPERATURE (F)
RECORD
 HIGH              80   12/07/1951
 LOW                1   12/13/1962
HIGHEST            76   12/04        MM      MM       78  12/06
LOWEST             23   12/13        MM      MM       25  12/25
                        12/12
AVG. MAXIMUM     58.7              55.8     2.9     57.2
AVG. MINIMUM     37.9              35.3     2.6     37.8
MEAN             48.3                               47.5
DAYS MAX >= 90      0               0.0     0.0        0
DAYS MAX <= 32      0               0.4    -0.4        0
DAYS MIN <= 32     11              12.9    -1.9       13
DAYS MIN <= 0       0               0.0     0.0        0

PRECIPITATION (INCHES)
RECORD
 MAXIMUM        10.32   1983
 MINIMUM         0.71   1980
TOTALS           6.22              4.12    2.10     9.22
DAILY AVG.       0.20              0.13    0.07
DAYS >= .01        13               9.7     3.3
DAYS >= .10         9               6.8     2.2
DAYS >= .50         4               3.0     1.0
DAYS >= 1.00        2               1.1     0.9

DEGREE_DAYS
HEATING TOTAL     510               605     -95      544
 SINCE 7/1       1138              1102      36     1073
.................................................................

WIND (MPH)
AVERAGE WIND SPEED              4.5
HIGHEST WIND SPEED/DIRECTION    28/270    DATE  12/24
HIGHEST GUST SPEED/DIRECTION    33/270    DATE  12/24

AVERAGE RH (PERCENT)     74

WEATHER CONDITIONS. NUMBER OF DAYS WITH
THUNDERSTORM              0     MIXED PRECIP               0
HEAVY RAIN                4     RAIN                       5
LIGHT RAIN               12     FREEZING RAIN              0
LT FREEZING RAIN          0     HAIL                       0
HEAVY SNOW                0     SNOW                       0
LIGHT SNOW                0     SLEET                      0
FOG                      27     FOG W/VIS <= 1/4 MILE      2
HAZE                      6

-  INDICATES NEGATIVE NUMBERS.
R  INDICATES RECORD WAS SET OR TIED.
MM INDICATES DATA IS MISSING.
T  INDICATES TRACE AMOUNT.

$$




U.S. Dept. of Commerce
NOAA National Weather Service
1325 East West Highway
Silver Spring, MD 20910
E-mail: w-nws.webmaster@noaa.gov
Page last modified: May 16, 2007
NATIONAL WEATHER SERVICE: for Safety, for Work, for Fun - FOR LIFE