377
CXUS52 KJAX 011155
CLMAMG

CLIMATE REPORT
NATIONAL WEATHER SERVICE JACKSONVILLE FL
647 AM EST MON DEC 1 2014

...................................

...THE ALMA CLIMATE SUMMARY FOR THE MONTH OF NOVEMBER 2014...

CLIMATE NORMAL PERIOD 1981 TO 2010
CLIMATE RECORD PERIOD 1948 TO 2014

WEATHER         OBSERVED          NORMAL  DEPART  LAST YEAR`S
                 VALUE   DATE(S)  VALUE   FROM    VALUE  DATE(S)
                                          NORMAL
................................................................
TEMPERATURE (F)
RECORD
 HIGH              89   11/17/1957
 LOW               15   11/25/1950
HIGHEST            80   11/06        72       8       79  11/18
                                                          11/07
                                                          11/01
LOWEST             20   11/19        50     -30       28  11/28
AVG. MAXIMUM     67.2              71.5    -4.3     69.1
AVG. MINIMUM     39.5              48.2    -8.7     46.5
MEAN             53.3              59.9    -6.6     57.8
DAYS MAX >= 90      0               0.0     0.0        0
DAYS MAX <= 32      0               0.0     0.0        0
DAYS MIN <= 32      8               1.6     6.4        4
DAYS MIN <= 0       0               0.0     0.0        0

PRECIPITATION (INCHES)
RECORD
 MAXIMUM         5.83   1977
 MINIMUM         0.15   1956
TOTALS           4.95              2.48    2.47     3.93
DAILY AVG.       0.16              0.08    0.08     0.13
DAYS >= .01         6               6.6    -0.6        6
DAYS >= .10         6               4.2     1.8        4
DAYS >= .50         3               1.8     1.2        3
DAYS >= 1.00        1               0.6     0.4        1
GREATEST
 24 HR. TOTAL    2.63

SNOWFALL (INCHES)
RECORDS
 TOTAL             MM   MM
TOTALS            0.0               0.0     0.0      0.0
SINCE 7/1         0.0               0.0     0.0      0.0
SNOWDEPTH AVG.      0                MM      MM        0
DAYS >= 1.0         0               0.0     0.0        0
GREATEST
 SNOW DEPTH         0   MM                             0  MM
 24 HR TOTAL      0.0

DEGREE_DAYS
HEATING TOTAL     350               194     156      231
 SINCE 7/1        398               244     154      275
COOLING TOTAL       8                40     -32       24
 SINCE 1/1       2439              2465     -26     2320
.................................................................

WIND (MPH)
AVERAGE WIND SPEED              5.1
HIGHEST WIND SPEED/DIRECTION    29/320    DATE  11/01
HIGHEST GUST SPEED/DIRECTION    39/310    DATE  11/01

SKY COVER
POSSIBLE SUNSHINE (PERCENT)   MM
AVERAGE SKY COVER           0.20
NUMBER OF DAYS FAIR           24
NUMBER OF DAYS PC              2
NUMBER OF DAYS CLOUDY          4

AVERAGE RH (PERCENT)     67

WEATHER CONDITIONS. NUMBER OF DAYS WITH
THUNDERSTORM              0     MIXED PRECIP               0
HEAVY RAIN                3     RAIN                       5
LIGHT RAIN                6     FREEZING RAIN              0
LT FREEZING RAIN          0     HAIL                       0
HEAVY SNOW                0     SNOW                       0
LIGHT SNOW                0     SLEET                      0
FOG                      20     FOG W/VIS <= 1/4 MILE      3
HAZE                      3

-  INDICATES NEGATIVE NUMBERS.
R  INDICATES RECORD WAS SET OR TIED.
MM INDICATES DATA IS MISSING.
T  INDICATES TRACE AMOUNT.

$$







U.S. Dept. of Commerce
NOAA National Weather Service
1325 East West Highway
Silver Spring, MD 20910
E-mail: w-nws.webmaster@noaa.gov
Page last modified: May 16, 2007
NATIONAL WEATHER SERVICE: for Safety, for Work, for Fun - FOR LIFE