205
CXUS52 KJAX 011242
CLMAMG

MIACLMAMG 000
TTAA00 KJAX 011235


CLIMATE REPORT
NATIONAL WEATHER SERVICE JACKSONVILLE FL
735 AM EST THU JAN 1 2015

...................................

...THE ALMA CLIMATE SUMMARY FOR THE YEAR OF 2014...

CLIMATE NORMAL PERIOD 1981 TO 2010
CLIMATE RECORD PERIOD 1948 TO 2014

WEATHER         OBSERVED          NORMAL  DEPART  LAST YEAR`S
                 VALUE   DATE(S)  VALUE   FROM    VALUE  DATE(S)
                                          NORMAL
................................................................
TEMPERATURE (F)
RECORD
 HIGH             105   08/18/1995
 LOW                    01/21/1985
HIGHEST            99   08/23        79      20       96  06/12
                        07/27
LOWEST             18   01/07        57     -39       25  02/02
AVG. MAXIMUM     77.8              78.3    -0.5     77.8
AVG. MINIMUM     54.2              56.2    -2.0     55.8
MEAN             66.0              67.2    -1.2     66.8
DAYS MAX >= 90    106              76.7    29.3       72
DAYS MAX <= 32      1               0.1     0.9        0
DAYS MIN <= 32     33              21.6    11.4       17
DAYS MIN <= 0       0               0.0     0.0        0

PRECIPITATION (INCHES)
RECORD
 MAXIMUM        62.67   1964
 MINIMUM        26.08   1954
TOTALS          42.27             46.65   -4.38    52.47
DAILY AVG.       0.12              0.13   -0.01     0.14
DAYS >= .01        90             106.2   -16.2      117
DAYS >= .10        68              70.5    -2.5       83
DAYS >= .50        27              30.8    -3.8       37
DAYS >= 1.00       14              13.5     0.5       14
GREATEST
 24 HR. TOTAL    3.75   MM                       12/31 TO 12/31
                                                          12/31 TO 12/31
                                                          12/31 TO 12/31
 STORM TOTAL       MM                                 MM
 (MM/DD(HH))            MM                    12/31(00) TO 12/31(00)
                                                 12/31(00) TO 12/31(00)1
                                                 12/31(00) TO 12/31(00)1

SNOWFALL (INCHES)
RECORDS
 TOTAL            4.4   1973
 24 HR TOTAL      4.4   02/10/1973 TO 02/10/1973
 SNOW DEPTH         4   02/10/1973
TOTALS              T               0.1    -0.1        T
 LIQUID EQUIV      MM              0.00      MM       MM
SINCE 7/1         0.0               0.1    -0.1      0.0
 LIQUID 7/1      0.00              0.00    0.00     0.00
SNOWDEPTH AVG.      0                MM      MM        0
DAYS >= TRACE       1               0.0     1.0        1
DAYS >= 1.0         0               0.0     0.0        0
GREATEST
 SNOW DEPTH         0   MM                             0  MM
 24 HR TOTAL      0.0   MM                       12/31 TO 12/31
                                                          12/31 TO 12/31
                                                          12/31 TO 12/31
 STORM TOTAL       MM                                 MM
 (MM/DD(HH))            MM                    12/31(00) TO 12/31(00)
                                                 12/31(00) TO 12/31(00)1
                                                 12/31(00) TO 12/31(00)1

DEGREE_DAYS
HEATING TOTAL    1965              1658     307     1569
 SINCE 7/1        718               640      78      560
COOLING TOTAL    2440              2475     -35     2350
 SINCE 1/1       2440              2476     -36     2350

FREEZE DATES
RECORD
 EARLIEST     10/17/1954
 LATEST       04/08/2007
EARLIEST                        11/26
LATEST                          03/04
..................................................

WIND (MPH)
AVERAGE WIND SPEED              4.6
RESULTANT WIND SPEED/DIRECTION   1/276
HIGHEST WIND SPEED/DIRECTION    36/310    DATE  06/22
HIGHEST GUST SPEED/DIRECTION    59/320    DATE  06/22

AVERAGE RH (PERCENT)     69


-  INDICATES NEGATIVE NUMBERS.
R  INDICATES RECORD WAS SET OR TIED.
MM INDICATES DATA IS MISSING.
T  INDICATES TRACE AMOUNT.

$$







U.S. Dept. of Commerce
NOAA National Weather Service
1325 East West Highway
Silver Spring, MD 20910
E-mail: w-nws.webmaster@noaa.gov
Page last modified: May 16, 2007
NATIONAL WEATHER SERVICE: for Safety, for Work, for Fun - FOR LIFE