807
CXUS52 KJAX 041225
CLMAMG

CLIMATE REPORT
NATIONAL WEATHER SERVICE JACKSONVILLE FL
1112 AM EDT SAT NOV 1 2014

...................................

...THE ALMA CLIMATE SUMMARY FOR THE MONTH OF OCTOBER 2014...

CLIMATE NORMAL PERIOD 1981 TO 2010
CLIMATE RECORD PERIOD 1948 TO 2014

WEATHER         OBSERVED          NORMAL  DEPART  LAST YEAR`S
                 VALUE   DATE(S)  VALUE   FROM    VALUE  DATE(S)
                                          NORMAL
................................................................
TEMPERATURE (F)
RECORD
 HIGH              95   10/02/1986
                        10/05/1954
 LOW               26   10/31/1954
                        10/30/1952
HIGHEST            90   10/11        80      10       88  10/05
                        10/09                             10/04
LOWEST             42   10/23        57     -15       38  10/26
AVG. MAXIMUM     81.7              79.4     2.3     80.1
AVG. MINIMUM     54.1              57.5    -3.4     55.6
MEAN             67.9              68.4    -0.5     67.9
DAYS MAX >= 90      2               0.9     1.1        0
DAYS MAX <= 32      0               0.0     0.0        0
DAYS MIN <= 32      0               0.0     0.0        0
DAYS MIN <= 0       0               0.0     0.0        0

PRECIPITATION (INCHES)
RECORD
 MAXIMUM        10.37   1994
 MINIMUM            T   1963
TOTALS           1.72              3.03   -1.31     0.72
DAILY AVG.       0.06              0.10   -0.04     0.02
DAYS >= .01         2               6.7    -4.7        4
DAYS >= .10         2               4.0    -2.0        3
DAYS >= .50         2               1.8     0.2        0
DAYS >= 1.00        1               0.8     0.2        0
GREATEST
 24 HR. TOTAL    1.15

SNOWFALL (INCHES)
RECORDS
 TOTAL             MM   MM
TOTALS            0.0               0.0     0.0      0.0
SINCE 7/1         0.0               0.0     0.0      0.0
SNOWDEPTH AVG.      0                MM      MM        0
DAYS >= 1.0         0               0.0     0.0        0
GREATEST
 SNOW DEPTH         0   MM                             0  MM
 24 HR TOTAL      0.0

DEGREE_DAYS
HEATING TOTAL      46                48      -2       44
 SINCE 7/1         48                50      -2       44
COOLING TOTAL     141               155     -14      141
 SINCE 1/1       2431              2425       6     2296
.................................................................

WIND (MPH)
AVERAGE WIND SPEED              3.4
HIGHEST WIND SPEED/DIRECTION    26/230    DATE  10/03
HIGHEST GUST SPEED/DIRECTION    38/230    DATE  10/03

SKY COVER
POSSIBLE SUNSHINE (PERCENT)   MM
AVERAGE SKY COVER           0.20
NUMBER OF DAYS FAIR           26
NUMBER OF DAYS PC              5
NUMBER OF DAYS CLOUDY          0

AVERAGE RH (PERCENT)     69

WEATHER CONDITIONS. NUMBER OF DAYS WITH
THUNDERSTORM              0     MIXED PRECIP               0
HEAVY RAIN                2     RAIN                       2
LIGHT RAIN                3     FREEZING RAIN              0
LT FREEZING RAIN          0     HAIL                       0
HEAVY SNOW                0     SNOW                       0
LIGHT SNOW                0     SLEET                      0
FOG                      24     FOG W/VIS <= 1/4 MILE      8
HAZE                     11

-  INDICATES NEGATIVE NUMBERS.
R  INDICATES RECORD WAS SET OR TIED.
MM INDICATES DATA IS MISSING.
T  INDICATES TRACE AMOUNT.

$$








U.S. Dept. of Commerce
NOAA National Weather Service
1325 East West Highway
Silver Spring, MD 20910
E-mail: w-nws.webmaster@noaa.gov
Page last modified: May 16, 2007
NATIONAL WEATHER SERVICE: for Safety, for Work, for Fun - FOR LIFE