966
CXUS52 KJAX 011309
CLMAMG

CLIMATE REPORT
NATIONAL WEATHER SERVICE JACKSONVILLE
859 AM EDT TUE APR 1 2014

...................................

...THE ALMA CLIMATE SUMMARY FOR THE MONTH OF MARCH 2014...

CLIMATE NORMAL PERIOD 1981 TO 2010
CLIMATE RECORD PERIOD 1948 TO 2014

WEATHER         OBSERVED          NORMAL  DEPART  LAST YEAR`S
                 VALUE   DATE(S)  VALUE   FROM    VALUE  DATE(S)
                                          NORMAL
................................................................
TEMPERATURE (F)
RECORD
 HIGH              91   03/18/1963
 LOW               18   03/03/1980
HIGHEST            81   03/11        73       8       80  03/24
LOWEST             30   03/14        49     -19       27  03/04
AVG. MAXIMUM     68.6              72.2    -3.6     65.5
AVG. MINIMUM     43.2              48.1    -4.9     40.6
MEAN             55.9              60.2    -4.3     53.0
DAYS MAX >= 90      0               0.0     0.0        0
DAYS MAX <= 32      0               0.0     0.0        0
DAYS MIN <= 32      2               1.3     0.7        4
DAYS MIN <= 0       0               0.0     0.0        0

PRECIPITATION (INCHES)
RECORD
 MAXIMUM        12.94   1980
 MINIMUM         0.10   2004
TOTALS           3.22              4.75   -1.53     2.29
DAILY AVG.       0.10              0.15   -0.05     0.07
DAYS >= .01        10               8.1     1.9        7
DAYS >= .10         8               5.7     2.3        4
DAYS >= .50         3               3.0     0.0        2
DAYS >= 1.00        1               1.6    -0.6        0
GREATEST
 24 HR. TOTAL    1.06

SNOWFALL (INCHES)
RECORDS
 TOTAL             MM   MM
TOTALS            0.0               0.0     0.0        T
SINCE 7/1           T               0.1    -0.1        T
SNOWDEPTH AVG.      0                MM      MM        0
DAYS >= 1.0         0               0.0     0.0        0
GREATEST
 SNOW DEPTH         0   MM                             0  MM
 24 HR TOTAL      0.0

DEGREE_DAYS
HEATING TOTAL     279               188      91      368
 SINCE 7/1       1746              1589     157     1527
COOLING TOTAL       4                38     -34        6
 SINCE 1/1         12                54     -42       33
.................................................................

WIND (MPH)
AVERAGE WIND SPEED              5.6
HIGHEST WIND SPEED/DIRECTION    30/310    DATE  03/12
HIGHEST GUST SPEED/DIRECTION    41/300    DATE  03/12

SKY COVER
POSSIBLE SUNSHINE (PERCENT)   MM
AVERAGE SKY COVER           0.40
NUMBER OF DAYS FAIR           16
NUMBER OF DAYS PC              7
NUMBER OF DAYS CLOUDY          8

AVERAGE RH (PERCENT)     66

WEATHER CONDITIONS. NUMBER OF DAYS WITH
THUNDERSTORM              0     MIXED PRECIP               0
HEAVY RAIN                4     RAIN                       7
LIGHT RAIN               10     FREEZING RAIN              0
LT FREEZING RAIN          0     HAIL                       0
HEAVY SNOW                0     SNOW                       0
LIGHT SNOW                0     SLEET                      0
FOG                      26     FOG W/VIS <= 1/4 MILE      4
HAZE                     11

-  INDICATES NEGATIVE NUMBERS.
R  INDICATES RECORD WAS SET OR TIED.
MM INDICATES DATA IS MISSING.
T  INDICATES TRACE AMOUNT.

$$







U.S. Dept. of Commerce
NOAA National Weather Service
1325 East West Highway
Silver Spring, MD 20910
E-mail: w-nws.webmaster@noaa.gov
Page last modified: May 16, 2007
NATIONAL WEATHER SERVICE: for Safety, for Work, for Fun - FOR LIFE