058
CXUS54 KAMA 011531
CLMAMA


CLIMATE REPORT
NATIONAL WEATHER SERVICE AMARILLO TX
931 AM CST THU JAN 1 2015

...................................

...THE AMARILLO CLIMATE SUMMARY FOR THE MONTH OF DECEMBER 2014...

CLIMATE NORMAL PERIOD 1981 TO 2010
CLIMATE RECORD PERIOD 1892 TO 2014

WEATHER         OBSERVED          NORMAL  DEPART  LAST YEAR`S
                 VALUE   DATE(S)  VALUE   FROM    VALUE  DATE(S)
                                          NORMAL
................................................................
TEMPERATURE (F)
RECORD
 HIGH              83   12/06/1939
 LOW               -8   12/22/1989
HIGHEST            70   12/13                         72  12/19
                                                          12/03
LOWEST              3   12/31                          3  12/07
AVG. MAXIMUM     50.9              49.7     1.2     49.4
AVG. MINIMUM     28.7              24.0     4.7     21.9
MEAN             39.8              36.9     2.9     35.6
DAYS MAX >= 90      0               0.0     0.0        0
DAYS MAX <= 32      2               3.2    -1.2        6
DAYS MIN <= 32     19              26.7    -7.7       28
DAYS MIN <= 0       0               0.5    -0.5        0

PRECIPITATION (INCHES)
RECORD
 MAXIMUM         4.52   1959
 MINIMUM         0.00   1908
TOTALS           0.13              0.71   -0.58     0.32
DAILY AVG.       0.00              0.02   -0.02     0.01
DAYS >= .01         5               4.7     0.3        2
DAYS >= .10         0               1.9    -1.9        1
DAYS >= .50         0               0.4    -0.4        0
DAYS >= 1.00        0               0.0     0.0        0
GREATEST
 24 HR. TOTAL    0.06   12/14 TO 12/14

SNOWFALL (INCHES)
RECORDS
 TOTAL           21.4   1918
TOTALS            0.4               3.7    -3.3      2.2
SINCE 7/1         2.9               6.4    -3.5      6.5
DAYS >= TRACE       4               2.8     1.2        4
DAYS >= 1.0         0               1.2    -1.2        1
GREATEST
 SNOW DEPTH         T   12/31
 24 HR TOTAL      0.4   MM

DEGREE_DAYS
HEATING TOTAL     775               873     -98      903
 SINCE 7/1       1569              1717    -148     1741
COOLING TOTAL       0                 0       0        0
 SINCE 1/1       1534              1399     135     1806
.................................................................

WIND (MPH)
AVERAGE WIND SPEED              11.8
HIGHEST WIND SPEED/DIRECTION    41/230    DATE  12/14
HIGHEST GUST SPEED/DIRECTION    57/220    DATE  12/14

SKY COVER
POSSIBLE SUNSHINE (PERCENT)   MM
NUMBER OF DAYS FAIR           15
NUMBER OF DAYS PC             11
NUMBER OF DAYS CLOUDY          5

AVERAGE RH (PERCENT)     66

WEATHER CONDITIONS. NUMBER OF DAYS WITH
THUNDERSTORM              0     MIXED PRECIP               0
HEAVY RAIN                0     RAIN                       0
LIGHT RAIN                4     FREEZING RAIN              0
LT FREEZING RAIN          0     HAIL                       1
HEAVY SNOW                0     SNOW                       1
LIGHT SNOW                3     SLEET                      0
FOG                      16     FOG W/VIS <= 1/4 MILE     11
HAZE                      3

-  INDICATES NEGATIVE NUMBERS.
R  INDICATES RECORD WAS SET OR TIED.
MM INDICATES DATA IS MISSING.
T  INDICATES TRACE AMOUNT.

$$




U.S. Dept. of Commerce
NOAA National Weather Service
1325 East West Highway
Silver Spring, MD 20910
E-mail: w-nws.webmaster@noaa.gov
Page last modified: May 16, 2007
NATIONAL WEATHER SERVICE: for Safety, for Work, for Fun - FOR LIFE