249
CXUS54 KAMA 020239
CLMAMA


CLIMATE REPORT
NATIONAL WEATHER SERVICE AMARILLO TX
932 PM CDT SAT NOV 1 2014

...................................

...THE AMARILLO CLIMATE SUMMARY FOR THE MONTH OF OCTOBER 2014...

CLIMATE NORMAL PERIOD 1981 TO 2010
CLIMATE RECORD PERIOD 1892 TO 2014

WEATHER         OBSERVED          NORMAL  DEPART  LAST YEAR`S
                 VALUE   DATE(S)  VALUE   FROM    VALUE  DATE(S)
                                          NORMAL
................................................................
TEMPERATURE (F)
RECORD
 HIGH              99   10/03/2000
 LOW               12   10/30/1993
HIGHEST            89   10/26                         91  10/03
LOWEST             35   10/31                         27  10/19
AVG. MAXIMUM     75.5              71.9     3.6     73.5
AVG. MINIMUM     47.5              44.7     2.8     43.0
MEAN             61.5              58.3     3.2     58.3
DAYS MAX >= 90      0               0.6    -0.6        1
DAYS MAX <= 32      0               0.1    -0.1        0
DAYS MIN <= 32      0               1.6    -1.6        2
DAYS MIN <= 0       0               0.0     0.0        0

PRECIPITATION (INCHES)
RECORD
 MAXIMUM         7.64   1941
 MINIMUM         0.00   1952
TOTALS           1.08              1.66   -0.58     0.17
DAILY AVG.       0.03              0.05   -0.02     0.01
DAYS >= .01         5               5.3    -0.3        6
DAYS >= .10         3               3.1    -0.1        0
DAYS >= .50         1               1.2    -0.2        0
DAYS >= 1.00        0               0.3    -0.3        0
GREATEST
 24 HR. TOTAL    0.55   10/22

SNOWFALL (INCHES)
RECORDS
 TOTAL            9.0   1906
TOTALS            0.0               0.2    -0.2      0.0
SINCE 7/1           T               0.2    -0.2      0.0
DAYS >= TRACE       0               0.1    -0.1        0
DAYS >= 1.0         0               0.1    -0.1        0
GREATEST
 SNOW DEPTH         0
 24 HR TOTAL      0.0

DEGREE_DAYS
HEATING TOTAL     140               236     -96      235
 SINCE 7/1        164               280    -116      244
COOLING TOTAL      42                28      14       34
 SINCE 1/1       1534              1398     136     1806
.................................................................

WIND (MPH)
AVERAGE WIND SPEED              10.9
HIGHEST WIND SPEED/DIRECTION    40/280    DATE  10/12
HIGHEST GUST SPEED/DIRECTION    51/320    DATE  10/12

SKY COVER
POSSIBLE SUNSHINE (PERCENT)   MM
NUMBER OF DAYS FAIR           28
NUMBER OF DAYS PC              1
NUMBER OF DAYS CLOUDY          2

AVERAGE RH (PERCENT)     58

WEATHER CONDITIONS. NUMBER OF DAYS WITH
THUNDERSTORM              2     MIXED PRECIP               0
HEAVY RAIN                1     RAIN                       3
LIGHT RAIN                6     FREEZING RAIN              0
LT FREEZING RAIN          0     HAIL                       0
HEAVY SNOW                0     SNOW                       0
LIGHT SNOW                0     SLEET                      0
FOG                       9     FOG W/VIS <= 1/4 MILE      0
HAZE                      0

-  INDICATES NEGATIVE NUMBERS.
R  INDICATES RECORD WAS SET OR TIED.
MM INDICATES DATA IS MISSING.
T  INDICATES TRACE AMOUNT.

$$





U.S. Dept. of Commerce
NOAA National Weather Service
1325 East West Highway
Silver Spring, MD 20910
E-mail: w-nws.webmaster@noaa.gov
Page last modified: May 16, 2007
NATIONAL WEATHER SERVICE: for Safety, for Work, for Fun - FOR LIFE