517
CXUS54 KAMA 071357
CLMAMA


CLIMATE REPORT
NATIONAL WEATHER SERVICE AMARILLO TX
852 AM CDT TUE OCT 7 2014

...................................

...THE AMARILLO CLIMATE SUMMARY FOR THE MONTH OF SEPTEMBER 2014...

CLIMATE NORMAL PERIOD 1981 TO 2010
CLIMATE RECORD PERIOD 1892 TO 2014

WEATHER         OBSERVED          NORMAL  DEPART  LAST YEAR`S
                 VALUE   DATE(S)  VALUE   FROM    VALUE  DATE(S)
                                          NORMAL
................................................................
TEMPERATURE (F)
RECORD
 HIGH             103   09/05/1995
 LOW               30   09/30/1984
HIGHEST            96   09/02                         96  09/07
                                                          09/06
                                                          09/04
LOWEST             45   09/13                         44  09/30
                        09/12                             09/29
AVG. MAXIMUM     80.2              82.6    -2.4     86.6
AVG. MINIMUM     58.6              56.4     2.2     60.8
MEAN             69.4              69.5    -0.1     73.7
DAYS MAX >= 90      5               6.5    -1.5       10
DAYS MAX <= 32      0               0.0     0.0        0
DAYS MIN <= 32      0               0.1    -0.1        0
DAYS MIN <= 0       0               0.0     0.0        0

PRECIPITATION (INCHES)
RECORD
 MAXIMUM         6.42   1923
 MINIMUM         0.03   2000
                        1977
TOTALS           4.16              1.92    2.24     1.83
DAILY AVG.       0.14              0.06    0.08     0.06
DAYS >= .01         9               6.3     2.7        6
DAYS >= .10         6               3.8     2.2        4
DAYS >= .50         4               1.3     2.7        3
DAYS >= 1.00        1               0.4     0.6        0
GREATEST
 24 HR. TOTAL    1.92   09/05 TO 09/06

SNOWFALL (INCHES)
RECORDS
 TOTAL            0.3   1984
TOTALS              T                 T     0.0      0.0
SINCE 7/1           T                 T     0.0      0.0
DAYS >= TRACE       2               0.0     2.0        0
DAYS >= 1.0         0               0.0     0.0        0
GREATEST
 SNOW DEPTH         0
 24 HR TOTAL        TR  09/24
                        09/02

DEGREE_DAYS
HEATING TOTAL      24                43     -19        9
 SINCE 7/1         24                44     -20        9
COOLING TOTAL     162               178     -16      276
 SINCE 1/1       1492              1370     122     1772
.................................................................

WIND (MPH)
AVERAGE WIND SPEED              12.4
HIGHEST WIND SPEED/DIRECTION    43/030    DATE  09/24
HIGHEST GUST SPEED/DIRECTION    51/030    DATE  09/24

SKY COVER
POSSIBLE SUNSHINE (PERCENT)   MM
NUMBER OF DAYS FAIR           18
NUMBER OF DAYS PC              9
NUMBER OF DAYS CLOUDY          3

AVERAGE RH (PERCENT)     72

WEATHER CONDITIONS. NUMBER OF DAYS WITH
THUNDERSTORM              4     MIXED PRECIP               0
HEAVY RAIN                5     RAIN                       6
LIGHT RAIN               10     FREEZING RAIN              0
LT FREEZING RAIN          0     HAIL                       2
HEAVY SNOW                0     SNOW                       0
LIGHT SNOW                0     SLEET                      0
FOG                      17     FOG W/VIS <= 1/4 MILE      4
HAZE                      3

-  INDICATES NEGATIVE NUMBERS.
R  INDICATES RECORD WAS SET OR TIED.
MM INDICATES DATA IS MISSING.
T  INDICATES TRACE AMOUNT.

&&
REMARKS...
USED BACKUP SENSOR FOR MIN TEMPERATURE ON 13TH DUE TO ASOS OUTAGE.

$$

NF




U.S. Dept. of Commerce
NOAA National Weather Service
1325 East West Highway
Silver Spring, MD 20910
E-mail: w-nws.webmaster@noaa.gov
Page last modified: May 16, 2007
NATIONAL WEATHER SERVICE: for Safety, for Work, for Fun - FOR LIFE