831
CXUS54 KAMA 012008
CLMAMA


CLIMATE REPORT
NATIONAL WEATHER SERVICE AMARILLO TX
303 PM CDT TUE JUL 1 2014

...................................

...THE AMARILLO CLIMATE SUMMARY FOR THE MONTH OF JUNE 2014...

CLIMATE NORMAL PERIOD 1981 TO 2010
CLIMATE RECORD PERIOD 1892 TO 2014

WEATHER         OBSERVED          NORMAL  DEPART  LAST YEAR`S
                 VALUE   DATE(S)  VALUE   FROM    VALUE  DATE(S)
                                          NORMAL
................................................................
TEMPERATURE (F)
RECORD
 HIGH             111   06/26/2011
 LOW               38   06/02/1917
HIGHEST           100   06/04                        105  06/27
LOWEST             52   06/10                         51  06/02
AVG. MAXIMUM     87.3              87.7    -0.4     91.2
AVG. MINIMUM     63.2              61.0     2.2     64.3
MEAN             75.2              74.4     0.8     77.8
DAYS MAX >= 90     14              12.1     1.9       18
DAYS MAX <= 32      0               0.0     0.0        0
DAYS MIN <= 32      0               0.0     0.0        0
DAYS MIN <= 0       0               0.0     0.0        0

PRECIPITATION (INCHES)
RECORD
 MAXIMUM        10.73   1965
 MINIMUM         0.01   1953
TOTALS           5.40              3.16    2.24     2.80
DAILY AVG.       0.18              0.11    0.07     0.09
DAYS >= .01        10               8.5     1.5       11
DAYS >= .10         7               5.4     1.6        7
DAYS >= .50         4               2.5     1.5        2
DAYS >= 1.00        1               0.8     0.2        0
GREATEST
 24 HR. TOTAL    1.98   06/06

SNOWFALL (INCHES)
RECORDS
 TOTAL              T   2008
                        2007
                        2002
TOTALS            0.0               0.0     0.0      0.0
SINCE 7/1        12.8              17.8    -5.0     29.7
DAYS >= TRACE       0               0.0     0.0        0
DAYS >= 1.0         0               0.0     0.0        0
GREATEST
 SNOW DEPTH         0
 24 HR TOTAL      0.0

DEGREE_DAYS
HEATING TOTAL       4                 7      -3        0
 SINCE 7/1       4228              4178      50     3736
COOLING TOTAL     318               288      30      391
 SINCE 1/1        515               413     102      639
.................................................................

WIND (MPH)
AVERAGE WIND SPEED              16.2
HIGHEST WIND SPEED/DIRECTION    49/330    DATE  06/22
HIGHEST GUST SPEED/DIRECTION    67/320    DATE  06/22

SKY COVER
POSSIBLE SUNSHINE (PERCENT)   MM
NUMBER OF DAYS FAIR           26
NUMBER OF DAYS PC              3
NUMBER OF DAYS CLOUDY          1

AVERAGE RH (PERCENT)     61

WEATHER CONDITIONS. NUMBER OF DAYS WITH
THUNDERSTORM             11     MIXED PRECIP               0
HEAVY RAIN                6     RAIN                       7
LIGHT RAIN               12     FREEZING RAIN              0
LT FREEZING RAIN          0     HAIL                       1
HEAVY SNOW                0     SNOW                       0
LIGHT SNOW                0     SLEET                      0
FOG                      10     FOG W/VIS <= 1/4 MILE      0
HAZE                      2

-  INDICATES NEGATIVE NUMBERS.
R  INDICATES RECORD WAS SET OR TIED.
MM INDICATES DATA IS MISSING.
T  INDICATES TRACE AMOUNT.

$$





U.S. Dept. of Commerce
NOAA National Weather Service
1325 East West Highway
Silver Spring, MD 20910
E-mail: w-nws.webmaster@noaa.gov
Page last modified: May 16, 2007
NATIONAL WEATHER SERVICE: for Safety, for Work, for Fun - FOR LIFE