659
CXUS54 KAMA 011421
CLMAMA


CLIMATE REPORT
NATIONAL WEATHER SERVICE AMARILLO TX
917 AM CDT TUE APR 1 2014

...................................

...THE AMARILLO CLIMATE SUMMARY FOR THE MONTH OF MARCH 2014...

CLIMATE NORMAL PERIOD 1981 TO 2010
CLIMATE RECORD PERIOD 1892 TO 2014

WEATHER         OBSERVED          NORMAL  DEPART  LAST YEAR`S
                 VALUE   DATE(S)  VALUE   FROM    VALUE  DATE(S)
                                          NORMAL
................................................................
TEMPERATURE (F)
RECORD
 HIGH              96   03/20/1907
                        03/19/1907
 LOW               -3   03/11/1948
HIGHEST            81   03/30                         85  03/15
LOWEST              3   03/03                         21  03/25
AVG. MAXIMUM     62.9              62.5     0.4     66.3
AVG. MINIMUM     30.6              33.3    -2.7     34.9
MEAN             46.7              47.9    -1.2     50.6
DAYS MAX >= 90      0               0.1    -0.1        0
DAYS MAX <= 32      1               0.6     0.4        0
DAYS MIN <= 32     17              13.0     4.0       11
DAYS MIN <= 0       0               0.0     0.0        0

PRECIPITATION (INCHES)
RECORD
 MAXIMUM         4.14   2000
 MINIMUM            T   1950
                        1944
                        1936
TOTALS           0.20              1.39   -1.19     0.15
DAILY AVG.       0.01              0.04   -0.03     0.00
DAYS >= .01         3               6.0    -3.0        3
DAYS >= .10         1               3.2    -2.2        1
DAYS >= .50         0               0.8    -0.8        0
DAYS >= 1.00        0               0.3    -0.3        0
GREATEST
 24 HR. TOTAL    0.11   03/26 TO 03/26

SNOWFALL (INCHES)
RECORDS
 TOTAL           21.5   1934
TOTALS            0.3               2.9    -2.6      0.1
SINCE 7/1        12.4              16.9    -4.5     29.7
DAYS >= TRACE       2               1.9     0.1        2
DAYS >= 1.0         0               0.9    -0.9        0
GREATEST
 SNOW DEPTH         0   MM
 24 HR TOTAL      0.3   MM

DEGREE_DAYS
HEATING TOTAL     559               532      27      437
 SINCE 7/1       3912              3809     103     3302
COOLING TOTAL       0                 2      -2        0
 SINCE 1/1          0                 2      -2        0
.................................................................

WIND (MPH)
AVERAGE WIND SPEED              16.1
HIGHEST WIND SPEED/DIRECTION    48/350    DATE  03/11
HIGHEST GUST SPEED/DIRECTION    59/350    DATE  03/11

SKY COVER
POSSIBLE SUNSHINE (PERCENT)   MM
NUMBER OF DAYS FAIR           25
NUMBER OF DAYS PC              5
NUMBER OF DAYS CLOUDY          1

AVERAGE RH (PERCENT)     45

WEATHER CONDITIONS. NUMBER OF DAYS WITH
THUNDERSTORM              0     MIXED PRECIP               0
HEAVY RAIN                0     RAIN                       0
LIGHT RAIN                2     FREEZING RAIN              0
LT FREEZING RAIN          0     HAIL                       0
HEAVY SNOW                0     SNOW                       0
LIGHT SNOW                2     SLEET                      1
FOG                       6     FOG W/VIS <= 1/4 MILE      2
HAZE                      8

-  INDICATES NEGATIVE NUMBERS.
R  INDICATES RECORD WAS SET OR TIED.
MM INDICATES DATA IS MISSING.
T  INDICATES TRACE AMOUNT.

$$





U.S. Dept. of Commerce
NOAA National Weather Service
1325 East West Highway
Silver Spring, MD 20910
E-mail: w-nws.webmaster@noaa.gov
Page last modified: May 16, 2007
NATIONAL WEATHER SERVICE: for Safety, for Work, for Fun - FOR LIFE