091
CXUS55 KPUB 012302 CCA
CLMALS

CLIMATE REPORT...CORRECTION
NATIONAL WEATHER SERVICE PUEBLO
1248 PM MDT WED OCT 1 2014

...................................

...THE ALAMOSA CO CLIMATE SUMMARY FOR THE MONTH OF SEPTEMBER 2014...

CLIMATE NORMAL PERIOD 1981 TO 2010
CLIMATE RECORD PERIOD 1932 TO 2014

WEATHER         OBSERVED          NORMAL  DEPART  LAST YEAR`S
                 VALUE   DATE(S)  VALUE   FROM    VALUE  DATE(S)
                                          NORMAL
................................................................
TEMPERATURE (F)
RECORD
 HIGH              87   09/04/2013
                        09/13/1990
                        09/08/1977
 LOW               15   09/29/1999
                        09/30/1985
HIGHEST            86   09/03        76      10       87  09/04
LOWEST             30   09/30        31      -1       21  09/28
AVG. MAXIMUM     77.8              73.0     4.8     73.5
AVG. MINIMUM     39.6              36.9     2.7     42.1
MEAN             58.7              55.0     3.7     57.8
DAYS MAX >= 90      0               0.0     0.0
DAYS MAX <= 32      0               0.0     0.0
DAYS MIN <= 32      1               7.2    -6.2
DAYS MIN <= 0       0               0.0     0.0

PRECIPITATION (INCHES)
RECORD
 MAXIMUM         2.98   2013
 MINIMUM            T   1956
                        1953
TOTALS           0.41              0.91   -0.50     2.98
DAILY AVG.       0.01              0.03   -0.02
DAYS >= .01         5               6.8    -1.8
DAYS >= .10         2               2.8    -0.8
DAYS >= .50         0               0.3    -0.3
DAYS >= 1.00        0               0.0     0.0
GREATEST
 24 HR. TOTAL    0.29   09/28 TO 09/29

SNOWFALL (INCHES)
RECORDS
 TOTAL           10.0   1936
TOTALS            0.0               0.0     0.0      0.0
SINCE 7/1         0.0               0.0     0.0      0.0
SNOWDEPTH AVG.      0
DAYS >= 1.0         0               0.0     0.0
GREATEST
 SNOW DEPTH         0                                  0
 24 HR TOTAL      0.0   09/30                        0.0

DEGREE_DAYS
HEATING TOTAL     179               302    -123      222
 SINCE 7/1        300               431    -131      297
COOLING TOTAL       0                 0       0       14
 SINCE 1/1         60                51       9      113
.................................................................

WIND (MPH)
AVERAGE WIND SPEED              6.3
HIGHEST WIND SPEED/DIRECTION    36/160    DATE  09/29
HIGHEST GUST SPEED/DIRECTION    44/230    DATE  09/29

SKY COVER
POSSIBLE SUNSHINE (PERCENT)   MM
AVERAGE SKY COVER           0.20
NUMBER OF DAYS FAIR           21
NUMBER OF DAYS PC              9
NUMBER OF DAYS CLOUDY          0

AVERAGE RH (PERCENT)     54

WEATHER CONDITIONS. NUMBER OF DAYS WITH
THUNDERSTORM              5     MIXED PRECIP               0
HEAVY RAIN                1     RAIN                       4
LIGHT RAIN               16     FREEZING RAIN              0
LT FREEZING RAIN          0     HAIL                       0
HEAVY SNOW                0     SNOW                       0
LIGHT SNOW                0     SLEET                      0
FOG                       6     FOG W/VIS <= 1/4 MILE      3
HAZE                      0

-  INDICATES NEGATIVE NUMBERS.
R  INDICATES RECORD WAS SET OR TIED.
MM INDICATES DATA IS MISSING.
T  INDICATES TRACE AMOUNT.

$$




U.S. Dept. of Commerce
NOAA National Weather Service
1325 East West Highway
Silver Spring, MD 20910
E-mail: w-nws.webmaster@noaa.gov
Page last modified: May 16, 2007
NATIONAL WEATHER SERVICE: for Safety, for Work, for Fun - FOR LIFE