121
CXUS55 KPUB 012146
CLMALS


CLIMATE REPORT
NATIONAL WEATHER SERVICE PUEBLO
341 PM MDT SAT NOV 1 2014

...................................

...THE ALAMOSA CO CLIMATE SUMMARY FOR THE MONTH OF OCTOBER 2014...

CLIMATE NORMAL PERIOD 1981 TO 2010
CLIMATE RECORD PERIOD 1932 TO 2014

WEATHER         OBSERVED          NORMAL  DEPART  LAST YEAR`S
                 VALUE   DATE(S)  VALUE   FROM    VALUE  DATE(S)
                                          NORMAL
................................................................
TEMPERATURE (F)
RECORD
 HIGH              81   10/07/1979
 LOW               -9   10/31/1991
HIGHEST            75   10/25        68       7       75  10/01
LOWEST             14   10/29        18      -4       15  10/31
AVG. MAXIMUM     65.8              61.7     4.1     59.6
AVG. MINIMUM     27.7              24.5     3.2     24.6
MEAN             46.8              43.1     3.7     42.1
DAYS MAX >= 90      0               0.0     0.0
DAYS MAX <= 32      0               0.2    -0.2
DAYS MIN <= 32     25              26.2    -1.2
DAYS MIN <= 0       0               0.1    -0.1

PRECIPITATION (INCHES)
RECORD
 MAXIMUM         2.37   1969
 MINIMUM         0.00   1995
                        1934
TOTALS           0.70              0.68    0.02     0.53
DAILY AVG.       0.02              0.02    0.00
DAYS >= .01         4               4.7    -0.7
DAYS >= .10         3               2.2     0.8
DAYS >= .50         0               0.3    -0.3
DAYS >= 1.00        0               0.0     0.0
GREATEST
 24 HR. TOTAL    0.52   10/09 TO 10/10

SNOWFALL (INCHES)
RECORDS
 TOTAL           20.3   1969
TOTALS              T               2.1    -2.1      3.5
SINCE 7/1           T               2.1    -2.1      3.5
SNOWDEPTH AVG.      0
DAYS >= 1.0         0               0.6    -0.6
GREATEST
 SNOW DEPTH         0                                  3
 24 HR TOTAL        T   10/02                        3.5
                        10/12

DEGREE_DAYS
HEATING TOTAL     556               679    -123      702
 SINCE 7/1        856              1110    -254      999
COOLING TOTAL       0                 0       0        0
 SINCE 1/1         60                51       9      113
.................................................................

WIND (MPH)
AVERAGE WIND SPEED              5.8
HIGHEST WIND SPEED/DIRECTION    37/350    DATE  10/12
HIGHEST GUST SPEED/DIRECTION    47/340    DATE  10/12

SKY COVER
POSSIBLE SUNSHINE (PERCENT)   MM
AVERAGE SKY COVER           0.20
NUMBER OF DAYS FAIR           27
NUMBER OF DAYS PC              2
NUMBER OF DAYS CLOUDY          2

AVERAGE RH (PERCENT)     52

WEATHER CONDITIONS. NUMBER OF DAYS WITH
THUNDERSTORM              3     MIXED PRECIP               0
HEAVY RAIN                1     RAIN                       3
LIGHT RAIN               10     FREEZING RAIN              0
LT FREEZING RAIN          0     HAIL                       0
HEAVY SNOW                0     SNOW                       0
LIGHT SNOW                2     SLEET                      0
FOG                       5     FOG W/VIS <= 1/4 MILE      2
HAZE                      0

-  INDICATES NEGATIVE NUMBERS.
R  INDICATES RECORD WAS SET OR TIED.
MM INDICATES DATA IS MISSING.
T  INDICATES TRACE AMOUNT.

$$





U.S. Dept. of Commerce
NOAA National Weather Service
1325 East West Highway
Silver Spring, MD 20910
E-mail: w-nws.webmaster@noaa.gov
Page last modified: May 16, 2007
NATIONAL WEATHER SERVICE: for Safety, for Work, for Fun - FOR LIFE