945
CXUS55 KPUB 011720
CLMALS


CLIMATE REPORT
NATIONAL WEATHER SERVICE PUEBLO
1014 AM MST MON DEC 1 2014

...................................

...THE ALAMOSA CO CLIMATE SUMMARY FOR THE MONTH OF NOVEMBER 2014...

CLIMATE NORMAL PERIOD 1981 TO 2010
CLIMATE RECORD PERIOD 1932 TO 2014

WEATHER         OBSERVED          NORMAL  DEPART  LAST YEAR`S
                 VALUE   DATE(S)  VALUE   FROM    VALUE  DATE(S)
                                          NORMAL
................................................................
TEMPERATURE (F)
RECORD
 HIGH              71   11/10/1980
                        11/09/1980
 LOW              -30   11/27/1952
HIGHEST            66   11/01        53      13       63  11/08
LOWEST             -1   11/18         5      -6      -12  11/30
                        11/17                             11/29
                                                          11/28
AVG. MAXIMUM     50.5              46.9     3.6     44.8
AVG. MINIMUM     13.3              12.1     1.2     11.4
MEAN             31.9              29.5     2.4     28.1
DAYS MAX >= 90      0               0.0     0.0
DAYS MAX <= 32      1               2.8    -1.8
DAYS MIN <= 32     28              29.5    -1.5
DAYS MIN <= 0       2               3.1    -1.1

PRECIPITATION (INCHES)
RECORD
 MAXIMUM         1.63   2013
 MINIMUM         0.00   1936
                        1907
TOTALS           0.34              0.42   -0.08     1.63
DAILY AVG.       0.01              0.01    0.00
DAYS >= .01         5               3.9     1.1
DAYS >= .10         1               1.3    -0.3
DAYS >= .50         0               0.1    -0.1
DAYS >= 1.00        0               0.0     0.0
GREATEST
 24 HR. TOTAL    0.16   11/02 TO 11/02

SNOWFALL (INCHES)
RECORDS
 TOTAL           20.0   1940
TOTALS            1.6               3.7    -2.1     18.1
SINCE 7/1         1.6               5.8    -4.2     21.6
SNOWDEPTH AVG.      0
DAYS >= 1.0         1               1.2    -0.2
GREATEST
 SNOW DEPTH         1   11/16                         15
 24 HR TOTAL      1.0   11/16 TO 11/16               7.0

DEGREE_DAYS
HEATING TOTAL     987              1065     -78     1101
 SINCE 7/1       1843              2175    -332     2100
COOLING TOTAL       0                 0       0        0
 SINCE 1/1         60                51       9      113
.................................................................

WIND (MPH)
AVERAGE WIND SPEED              6.8
HIGHEST WIND SPEED/DIRECTION    35/330    DATE  11/23
HIGHEST GUST SPEED/DIRECTION    45/240    DATE  11/11

SKY COVER
POSSIBLE SUNSHINE (PERCENT)   MM
AVERAGE SKY COVER           0.10
NUMBER OF DAYS FAIR           27
NUMBER OF DAYS PC              3
NUMBER OF DAYS CLOUDY          0

AVERAGE RH (PERCENT)     54

WEATHER CONDITIONS. NUMBER OF DAYS WITH
THUNDERSTORM              1     MIXED PRECIP               0
HEAVY RAIN                1     RAIN                       2
LIGHT RAIN                3     FREEZING RAIN              0
LT FREEZING RAIN          0     HAIL                       0
HEAVY SNOW                0     SNOW                       1
LIGHT SNOW                3     SLEET                      0
FOG                       6     FOG W/VIS <= 1/4 MILE      1
HAZE                      3

-  INDICATES NEGATIVE NUMBERS.
R  INDICATES RECORD WAS SET OR TIED.
MM INDICATES DATA IS MISSING.
T  INDICATES TRACE AMOUNT.

$$





U.S. Dept. of Commerce
NOAA National Weather Service
1325 East West Highway
Silver Spring, MD 20910
E-mail: w-nws.webmaster@noaa.gov
Page last modified: May 16, 2007
NATIONAL WEATHER SERVICE: for Safety, for Work, for Fun - FOR LIFE