437
CXUS55 KPUB 102359 CCA
CLMALS

CLIMATE REPORT...CORRECTION
NATIONAL WEATHER SERVICE PUEBLO
1247 PM MDT FRI AUG 1 2014

...................................

...THE ALAMOSA CO CLIMATE SUMMARY FOR THE MONTH OF JULY 2014...

CLIMATE NORMAL PERIOD 1981 TO 2010
CLIMATE RECORD PERIOD 1932 TO 2014

WEATHER         OBSERVED          NORMAL  DEPART  LAST YEAR`S
                 VALUE   DATE(S)  VALUE   FROM    VALUE  DATE(S)
                                          NORMAL
................................................................
TEMPERATURE (F)
RECORD
 HIGH              96   07/05/1989
 LOW               30   07/02/1997
HIGHEST            90   07/22        82       8       90  07/23
LOWEST             42   07/04        44      -2       41  07/30
AVG. MAXIMUM     82.8              82.3     0.5     83.1
AVG. MINIMUM     49.1              46.9     2.2     47.8
MEAN             66.0              64.6     1.4     65.4
DAYS MAX >= 90      1               1.2    -0.2
DAYS MAX <= 32      0               0.0     0.0
DAYS MIN <= 32      0               0.0     0.0
DAYS MIN <= 0       0               0.0     0.0

PRECIPITATION (INCHES)
RECORD
 MAXIMUM         3.50   1968
 MINIMUM         0.02   1994
TOTALS           1.52              0.97    0.55     0.80
DAILY AVG.       0.05              0.03    0.02
DAYS >= .01        10               8.1     1.9
DAYS >= .10         3               2.8     0.2
DAYS >= .50         1               0.3     0.7
DAYS >= 1.00        0               0.0     0.0
GREATEST
 24 HR. TOTAL    0.59   07/15 TO 07/16

SNOWFALL (INCHES)
RECORDS
 TOTAL            0.2   1952
TOTALS            0.0               0.0     0.0      0.0
SINCE 7/1         0.0               0.0     0.0      0.0
SNOWDEPTH AVG.      0
DAYS >= 1.0         0               0.0     0.0
GREATEST
 SNOW DEPTH         0   MM                             0
 24 HR TOTAL      0.0   07/31 TO 07/31               0.0

DEGREE_DAYS
HEATING TOTAL      22                45     -23       28
 SINCE 7/1         22                45     -23       28
COOLING TOTAL      56                32      24       49
 SINCE 1/1         57                38      19       65
.................................................................

WIND (MPH)
AVERAGE WIND SPEED              6.7
HIGHEST WIND SPEED/DIRECTION    36/330    DATE  07/07
HIGHEST GUST SPEED/DIRECTION    48/340    DATE  07/07

SKY COVER
POSSIBLE SUNSHINE (PERCENT)   MM
AVERAGE SKY COVER           0.20
NUMBER OF DAYS FAIR           25
NUMBER OF DAYS PC              6
NUMBER OF DAYS CLOUDY          0

AVERAGE RH (PERCENT)     58

WEATHER CONDITIONS. NUMBER OF DAYS WITH
THUNDERSTORM             15     MIXED PRECIP               0
HEAVY RAIN                3     RAIN                       5
LIGHT RAIN               22     FREEZING RAIN              0
LT FREEZING RAIN          0     HAIL                       0
HEAVY SNOW                0     SNOW                       0
LIGHT SNOW                0     SLEET                      0
FOG                       6     FOG W/VIS <= 1/4 MILE      1
HAZE                      2

-  INDICATES NEGATIVE NUMBERS.
R  INDICATES RECORD WAS SET OR TIED.
MM INDICATES DATA IS MISSING.
T  INDICATES TRACE AMOUNT.

$$

CORRECTION TO NUMBER OF DAYS WITH THUNDERSTORM.




U.S. Dept. of Commerce
NOAA National Weather Service
1325 East West Highway
Silver Spring, MD 20910
E-mail: w-nws.webmaster@noaa.gov
Page last modified: May 16, 2007
NATIONAL WEATHER SERVICE: for Safety, for Work, for Fun - FOR LIFE