845
CXUS53 KDMX 011420
CLMALO

CLIMATE REPORT
NATIONAL WEATHER SERVICE DES MOINES IA
917 AM CDT FRI AUG 1 2014

...................................

...THE WATERLOO CLIMATE SUMMARY FOR THE MONTH OF JULY 2014...

CLIMATE NORMAL PERIOD 1981 TO 2010
CLIMATE RECORD PERIOD 1895 TO 2014

WEATHER         OBSERVED          NORMAL  DEPART  LAST YEAR`S
                 VALUE   DATE(S)  VALUE   FROM    VALUE  DATE(S)
                                          NORMAL
................................................................
TEMPERATURE (F)
RECORD
 HIGH             112   07/14/1936
                        07/13/1936
 LOW               42   07/07/1984
HIGHEST            93   07/22        95      -2       96  07/17
LOWEST             46   07/03        50      -4       48  07/29
AVG. MAXIMUM     79.9              84.4    -4.5     84.1
AVG. MINIMUM     57.9              62.8    -4.9     61.0
MEAN             68.9              73.6    -4.7     72.6
DAYS MAX >= 90      1               5.6    -4.6        9
DAYS MAX <= 32      0               0.0     0.0        0
DAYS MIN <= 32      0               0.0     0.0        0
DAYS MIN <= 0       0               0.0     0.0        0

PRECIPITATION (INCHES)
RECORD
 MAXIMUM        12.97   1999
 MINIMUM         0.35   1998
TOTALS           1.14              4.91   -3.77     4.03
DAILY AVG.       0.04              0.16   -0.12     0.13
DAYS >= .01         6               9.7    -3.7        6
DAYS >= .10         2               6.8    -4.8        3
DAYS >= .50         1               3.3    -2.3        2
DAYS >= 1.00        0               1.5    -1.5        1

SNOWFALL (INCHES)
RECORDS
 TOTAL             MM   5
TOTALS            0.0               0.0     0.0      0.0
SINCE 7/1         0.0               0.0     0.0      0.0
SNOWDEPTH AVG.      0                MM      MM        0
DAYS >= 1.0         0               0.0     0.0        0
GREATEST
 SNOW DEPTH         0   MM                             0  MM
 24 HR TOTAL      0.0   07/31 TO 07/31

DEGREE_DAYS
HEATING TOTAL      17                 4      13       14
 SINCE 7/1         17                 4      13       14
COOLING TOTAL     148               271    -123      255
 SINCE 1/1        386               504    -118      476
.................................................................

WIND (MPH)
AVERAGE WIND SPEED              8.1
HIGHEST WIND SPEED/DIRECTION    30/180    DATE  07/25
HIGHEST GUST SPEED/DIRECTION    38/180    DATE  07/25

SKY COVER
POSSIBLE SUNSHINE (PERCENT)   MM
AVERAGE SKY COVER           0.30
NUMBER OF DAYS FAIR           18
NUMBER OF DAYS PC             12
NUMBER OF DAYS CLOUDY          1

AVERAGE RH (PERCENT)     72

WEATHER CONDITIONS. NUMBER OF DAYS WITH
THUNDERSTORM              0     MIXED PRECIP               0
HEAVY RAIN                1     RAIN                       3
LIGHT RAIN                8     FREEZING RAIN              0
LT FREEZING RAIN          0     HAIL                       0
HEAVY SNOW                0     SNOW                       0
LIGHT SNOW                0     SLEET                      0
FOG                      13     FOG W/VIS <= 1/4 MILE      3
HAZE                      0

-  INDICATES NEGATIVE NUMBERS.
R  INDICATES RECORD WAS SET OR TIED.
MM INDICATES DATA IS MISSING.
T  INDICATES TRACE AMOUNT.

$$




U.S. Dept. of Commerce
NOAA National Weather Service
1325 East West Highway
Silver Spring, MD 20910
E-mail: w-nws.webmaster@noaa.gov
Page last modified: May 16, 2007
NATIONAL WEATHER SERVICE: for Safety, for Work, for Fun - FOR LIFE