439
CXUS51 KALY 010638
CLMALB


CLIMATE REPORT
NATIONAL WEATHER SERVICE ALBANY NY
234 AM EDT FRI AUG 1 2014

...................................

...THE ALBANY NY CLIMATE SUMMARY FOR THE MONTH OF JULY 2014...

CLIMATE NORMAL PERIOD 1981 TO 2010
CLIMATE RECORD PERIOD 1874 TO 2014

WEATHER         OBSERVED          NORMAL  DEPART  LAST YEAR`S
                 VALUE   DATE(S)  VALUE   FROM    VALUE  DATE(S)
                                          NORMAL
................................................................
TEMPERATURE (F)
RECORD
 HIGH             104   07/04/1911
 LOW               40   07/31/1978
                        07/02/1978
HIGHEST            91   07/23        84       7       96  07/19
                        07/01
LOWEST             53   07/18        60      -7       53  07/25
AVG. MAXIMUM     82.1              82.3    -0.2     85.0
AVG. MINIMUM     62.7              61.4     1.3     66.8
MEAN             72.4              71.8     0.6     75.9
DAYS MAX >= 90      3               3.6    -0.6        9
DAYS MAX <= 32      0               0.0     0.0        0
DAYS MIN <= 32      0               0.0     0.0        0
DAYS MIN <= 0       0               0.0     0.0        0

PRECIPITATION (INCHES)
RECORD
 MAXIMUM         9.91   2009
 MINIMUM         0.49   1968
TOTALS           6.87              4.12    2.75     5.39
DAILY AVG.       0.22              0.13    0.09     0.17
DAYS >= .01        12              10.8     1.2        9
DAYS >= .10        11               6.9     4.1        7
DAYS >= .50         6               2.7     3.3        5
DAYS >= 1.00        2               1.0     1.0        1
GREATEST
 24 HR. TOTAL    2.22   07/27 TO 07/28

DEGREE_DAYS
HEATING TOTAL       0                 5      -5        2
 SINCE 7/1          0                 5      -5        2
COOLING TOTAL     237               218      19      351
 SINCE 1/1        420               366      54      543

FREEZE DATES
RECORD
 EARLIEST     09/24/1963
 LATEST       05/27/1969
EARLIEST                        10/10
LATEST                          04/28
.................................................................

WIND (MPH)
AVERAGE WIND SPEED              6.4
HIGHEST WIND SPEED/DIRECTION    35/230    DATE  07/07
HIGHEST GUST SPEED/DIRECTION    45/280    DATE  07/09

SKY COVER
AVERAGE SKY COVER           0.60

AVERAGE RH (PERCENT)     69

WEATHER CONDITIONS. NUMBER OF DAYS WITH
THUNDERSTORM              9     MIXED PRECIP               0
HEAVY RAIN                7     RAIN                       9
LIGHT RAIN               16     FREEZING RAIN              0
LT FREEZING RAIN          0     HAIL                       0
HEAVY SNOW                0     SNOW                       0
LIGHT SNOW                0     SLEET                      0
FOG                      17     FOG W/VIS <= 1/4 MILE      1
HAZE                      4

-  INDICATES NEGATIVE NUMBERS.
R  INDICATES RECORD WAS SET OR TIED.
MM INDICATES DATA IS MISSING.
T  INDICATES TRACE AMOUNT.

$$





U.S. Dept. of Commerce
NOAA National Weather Service
1325 East West Highway
Silver Spring, MD 20910
E-mail: w-nws.webmaster@noaa.gov
Page last modified: May 16, 2007
NATIONAL WEATHER SERVICE: for Safety, for Work, for Fun - FOR LIFE