127
CXAK58 PAKN 011154
CLMAKN

CLIMATE REPORT
NATIONAL WEATHER SERVICE KING SALMON, AK
354 AM AKDT FRI AUG 1 2014

...................................

...THE KING SALMON AP CLIMATE SUMMARY FOR THE MONTH OF JULY 2014...

CLIMATE NORMAL PERIOD 1981 TO 2010
CLIMATE RECORD PERIOD 1917 TO 2013

WEATHER         OBSERVED          NORMAL  DEPART  LAST YEAR`S
                 VALUE   DATE(S)  VALUE   FROM    VALUE  DATE(S)
                                          NORMAL
................................................................
TEMPERATURE (F)
RECORD
 HIGH              86   7/10/1951
 LOW               31   7/05/2013
HIGHEST            80   7/30         70      10      82  7/26
LOWEST             36                36       0      31  7/05
AVG. MAXIMUM       67.1              63.8     3.3    67.5
AVG. MINIMUM       46.9              47.3    -0.4    47.8
MEAN               57.0              55.5     1.5    57.7
DAYS MAX >= 90      0                 0.0     0.0     0
DAYS MAX <= 32      0                 0.0     0.0     0
DAYS MAX >= 80      1                 0.5     0.5     4
DAYS MAX >= 70     10                 5.4     4.6    14
DAYS MIN <= 32      0                 0.0     0.0     1
DAYS MIN <= 0       0                 0.0     0.0     0

PRECIPITATION (INCHES)
RECORD
 MAXIMUM            5.08   1990
 MINIMUM            0.32   1951
TOTALS              2.38              2.30    0.08    1.30
DAILY AVG.          0.08              0.08    0.00    0.04
DAYS >= .01        15                14.2     0.8    13
DAYS >= .10         8                 6.3     1.7     6
DAYS >= .50         0                 1.0    -1.0     0
DAYS >= 1.0         0                 0.0    -0.0     0
GREATEST
 24 HR TOTAL        0.38   7/11                       0.25  7/03

SNOWFALL (INCHES)
RECORDS
 TOTAL              0.0   1949
 24 HR TOTAL        0.0   7-31-2014
 SNOW DEPTH         0     7-31-2014
TOTALS              0.0               0.0     0.0     0.0
SINCE 7/1           0.0               0.0     0.0     0.0
SNOWDEPTH AVG.      0                 0       0       0
DAYS >= TRACE       0                 0.0     0.0     0
DAYS >= 1.0         0                 0.0     0.0     0
DAYS >= 6.0         0                 0.0     0.0     0
GREATEST
 SNOW DEPTH         0   MM                            0  MM
 24 HR TOTAL      0.0   MM                          0.0  MM

DEGREE_DAYS
HEATING TOTAL     238               290     -52     222
 SINCE 7/1        238               290     -52     222
COOLING TOTAL       0                 0       0       4
 SINCE 1/1          0                 0       0       4
................................................................

WIND (MPH)
AVERAGE WIND SPEED                6.8
HIGHEST WIND SPEED/DIRECTION     22/260    DATE   07/19
HIGHEST GUST SPEED/DIRECTION     29/270    DATE   07/19

SKY COVER
POSSIBLE SUNSHINE (PERCENT)   MM
AVERAGE SKY COVER             MM
NUMBER OF DAYS FAIR           MM
NUMBER OF DAYS PC             MM
NUMBER OF DAYS CLOUDY         MM

AVERAGE RH (PERCENT)     MM

WEATHER CONDITIONS. NUMBER OF DAYS WITH
THUNDERSTORM              0     ICE PELLETS                 0
RAIN                     17     GLAZE                       0
DRIZZLE                   0     HAIL                        0
SNOW                      0     HAZE                        1
FOG                      22     FOG W/VIS <= 1/4 MILE       6
BLOWING SNOW              0


-  INDICATES NEGATIVE NUMBERS.
R  INDICATES RECORD WAS SET OR TIED.
MM INDICATES DATA IS MISSING.
T  INDICATES TRACE AMOUNT.

&&

...WARM JULY IN KING SALMON...

JULY 2014 IN KING SALMON WILL GO DOWN IN THE CLIMATE BOOKS AS ONE
OF THE WARMER JULYS ON RECORD. AN ANOMALOUSLY STRONG RIDGE OF HIGH
PRESSURE CENTERED OVER THE SOUTHWESTERN BERING SEA COUPLED WITH AN
NORTH-SOUTH ORIENTED TROUGH OF LOW PRESSURE ANCHORED OVER THE
ARCTIC OCEAN NORTH OF BARROW KEPT THE KING SALMON AREA GENERALLY UNDER
INFLUENCE OF HIGH PRESSURE. THIS ALLOWED FOR WARMER THAN NORMAL
AFTERNOON HIGH TEMPERATURES THROUGHOUT THE MONTH.

OVERALL...PRELIMINARY DATA SHOWS THAT JULY 2014 WILL RANK AS THE
11TH WARMEST JULY ON RECORD WITH RESPECT TO MEAN DAILY TEMPERATURE AND
THE 6TH WARMEST WITH RESPECT TO MEAN DAILY MAXIMUM TEMPERATURE. DAILY
AVERAGE MINIMUM TEMPERATURES HOWEVER WERE NEAR NORMAL FOR THE MONTH.
ONE DAILY TEMPERATURE RECORD WAS SET DURING THE MONTH. A NEW DAILY HIGH
TEMPERATURE OF 80 DEGREES WAS SET ON JULY 30TH...BEATING THE PREVIOUS
HIGH OF 79 DEGREES SET IN 2002.

PRECIPITATION FOR KING SALMON IN JULY 2014 WAS NEAR NORMAL.




$$
FONTENOT




U.S. Dept. of Commerce
NOAA National Weather Service
1325 East West Highway
Silver Spring, MD 20910
E-mail: w-nws.webmaster@noaa.gov
Page last modified: May 16, 2007
NATIONAL WEATHER SERVICE: for Safety, for Work, for Fun - FOR LIFE