732
CXUS55 KCYS 082117
CLMAIA


CLIMATE REPORT
NATIONAL WEATHER SERVICE CHEYENNE WY
216 PM MST MON DEC 8 2014

...................................

...THE ALLIANCE NE AIRPORT CLIMATE SUMMARY FOR THE MONTH OF NOVEMBER 2014...

CLIMATE NORMAL PERIOD 1981 TO 2010
CLIMATE RECORD PERIOD 1896 TO 2014

WEATHER         OBSERVED          NORMAL  DEPART  LAST YEAR`S
                 VALUE   DATE(S)  VALUE   FROM    VALUE
                                          NORMAL
.............................................................
TEMPERATURE (F)
RECORD
 HIGH              80   11/08/2006
                        11/08/1999
                        11/07/1999
 LOW              -25   11/13/1916
HIGHEST            68   11/28        MM      MM       69
LOWEST            -13   11/13        MM      MM      -15
AVG. MAXIMUM     45.8              48.6    -2.8     49.5
AVG. MINIMUM     14.1              17.6    -3.5     17.1
MEAN             29.9              33.1    -3.2     33.3
DAYS MAX >= 90      0               0.0                0
DAYS MAX <= 32      9               4.7                3
DAYS MIN <= 32     29              28.6               30
DAYS MIN <= 0       5               1.5                3

PRECIPITATION (INCHES)
RECORD
 MAXIMUM         1.50   1972
 MINIMUM         0.00   1997
                        1989
                        1949
TOTALS           0.40              0.45   -0.05     0.73
DAYS >= .01         4                MM      MM        5
DAYS >= .10         1                MM      MM        4
DAYS >= .50         0                MM      MM        0
DAYS >= 1.00        0                MM      MM        0
GREATEST
 24 HR. TOTAL    0.33   11/02 TO 11/03

DEGREE_DAYS
HEATING TOTAL    1041               957      84      944
 SINCE 7/1       1708              1799     -91     1730
COOLING TOTAL       0                 0       0        0
 SINCE 1/1        499               564     -65      795
..............................................................

WIND (MPH)
AVERAGE WIND SPEED              12.3
HIGHEST WIND SPEED/DIRECTION    40/320    DATE  11/16
HIGHEST GUST SPEED/DIRECTION    51/330    DATE  11/16

SKY COVER
POSSIBLE SUNSHINE (PERCENT)   MM
AVERAGE SKY COVER           0.30
NUMBER OF DAYS FAIR           20
NUMBER OF DAYS PC              6
NUMBER OF DAYS CLOUDY          3

AVERAGE RH (PERCENT)     64

WEATHER CONDITIONS. NUMBER OF DAYS WITH
THUNDERSTORM              0     MIXED PRECIP               0
HEAVY RAIN                0     RAIN                       0
LIGHT RAIN                2     FREEZING RAIN              0
LT FREEZING RAIN          0     HAIL                       0
HEAVY SNOW                1     SNOW                       2
LIGHT SNOW                8     SLEET                      0
FOG                       7     FOG W/VIS <= 1/4 MILE      1
HAZE                      3

-  INDICATES NEGATIVE NUMBERS.
R  INDICATES RECORD WAS SET OR TIED.
MM INDICATES DATA IS MISSING.
T  INDICATES TRACE AMOUNT.

$$




U.S. Dept. of Commerce
NOAA National Weather Service
1325 East West Highway
Silver Spring, MD 20910
E-mail: w-nws.webmaster@noaa.gov
Page last modified: May 16, 2007
NATIONAL WEATHER SERVICE: for Safety, for Work, for Fun - FOR LIFE