383
CXUS42 KFFC 011758
CLMAHN


CLIMATE REPORT
NATIONAL WEATHER SERVICE PEACHTREE CITY GA
1256 PM EST SAT MAR 1 2014

...................................

...THE ATHENS CLIMATE SUMMARY FOR THE MONTH OF FEBRUARY 2014...

CLIMATE NORMAL PERIOD 1981 TO 2010
CLIMATE RECORD PERIOD 1898 TO 2014

WEATHER         OBSERVED          NORMAL  DEPART  LAST YEAR`S
                 VALUE   DATE(S)  VALUE   FROM    VALUE  DATE(S)
                                          NORMAL
................................................................
TEMPERATURE (F)
RECORD
 HIGH              81   02/26/1996
                        02/16/1989
                        02/11/1932
 LOW               -3   02/12/1899
HIGHEST            77   02/20        81      -4       70  02/06
LOWEST             27   02/28         7      20       22  02/02
                        02/27
                        02/12
AVG. MAXIMUM     58.0              58.2    -0.2     56.1
AVG. MINIMUM     35.9              36.3    -0.4     34.4
MEAN             47.0              47.2    -0.2     45.2
DAYS MAX >= 90      0               0.0     0.0        0
DAYS MAX <= 32      0               0.1    -0.1        0
DAYS MIN <= 32      9               8.8     0.2       10
DAYS MIN <= 0       0               0.0     0.0        0

PRECIPITATION (INCHES)
RECORD
 MAXIMUM        11.25   1929
 MINIMUM         0.66   1898
TOTALS           3.96              4.48   -0.52     6.36
DAILY AVG.       0.14              0.16   -0.02     0.23
GREATEST
 24 HR. TOTAL    1.24   02/12 TO 02/12           02/25 TO 02/26
                                                          02/28 TO 02/28
                                                          02/28 TO 02/28

SNOWFALL (INCHES)
RECORDS
 TOTAL              T   2012
                        2004
 24 HR TOTAL        T   02/14/2012 TO 02/14/2012
                        02/14/2012 TO 02/27/2004
TOTALS            1.0R              0.6     0.4      0.0
SINCE 7/1         2.8               2.1     0.7      0.0
SNOWDEPTH AVG.      0                MM      MM        0
DAYS >= TRACE       2               0.4     1.6        0
DAYS >= 1.0         1               0.2     0.8        0
GREATEST
 24 HR TOTAL      1.0R  02/13 TO 02/13           02/28 TO 02/28
                                                          02/28 TO 02/28
                                                          02/28 TO 02/28

DEGREE_DAYS
HEATING TOTAL     498               498       0      546
 SINCE 7/1       2462              2255     207     2015
.........................................................

WIND (MPH)
AVERAGE WIND SPEED              6.0
HIGHEST WIND SPEED/DIRECTION    24/060    DATE  02/12
HIGHEST GUST SPEED/DIRECTION    37/270    DATE  02/21

SKY COVER
POSSIBLE SUNSHINE (PERCENT)   MM
AVERAGE SKY COVER           0.40
NUMBER OF DAYS FAIR           12
NUMBER OF DAYS PC             13
NUMBER OF DAYS CLOUDY          3

AVERAGE RH (PERCENT)     63

WEATHER CONDITIONS. NUMBER OF DAYS WITH
THUNDERSTORM              0     MIXED PRECIP               0
HEAVY RAIN                3     RAIN                       7
LIGHT RAIN               13     FREEZING RAIN              1
LT FREEZING RAIN          1     HAIL                       0
HEAVY SNOW                0     SNOW                       0
LIGHT SNOW                3     SLEET                      0
FOG                      16     FOG W/VIS <= 1/4 MILE      2
HAZE                      5

-  INDICATES NEGATIVE NUMBERS.
R  INDICATES RECORD WAS SET OR TIED.
MM INDICATES DATA IS MISSING.
T  INDICATES TRACE AMOUNT.

$$





U.S. Dept. of Commerce
NOAA National Weather Service
1325 East West Highway
Silver Spring, MD 20910
E-mail: w-nws.webmaster@noaa.gov
Page last modified: May 16, 2007
NATIONAL WEATHER SERVICE: for Safety, for Work, for Fun - FOR LIFE