382
CXUS42 KFFC 062056
CLMAHN


CLIMATE REPORT
NATIONAL WEATHER SERVICE PEACHTREE CITY GA
454 PM EDT WED AUG 6 2014

...................................

...THE ATHENS CLIMATE SUMMARY FOR THE MONTH OF JULY 2014...

CLIMATE NORMAL PERIOD 1981 TO 2010
CLIMATE RECORD PERIOD 1898 TO 2014

WEATHER         OBSERVED          NORMAL  DEPART  LAST YEAR`S
                 VALUE   DATE(S)  VALUE   FROM    VALUE  DATE(S)
                                          NORMAL
................................................................
TEMPERATURE (F)
RECORD
 HIGH             108   07/01/2012
                        07/12/1930
                        07/21/1926
 LOW               55   07/15/1967
                        07/02/1885
HIGHEST            98   07/14        MM      MM       93  07/17
LOWEST             60   07/30        MM      MM       62  07/30
AVG. MAXIMUM     89.9              91.4    -1.5     86.5
AVG. MINIMUM     68.6              69.8    -1.2     69.1
MEAN             79.3              80.6    -1.3     77.8
DAYS MAX >= 90     18              19.4    -1.4        3
DAYS MAX <= 32      0               0.0     0.0        0
DAYS MIN <= 32      0               0.0     0.0        0
DAYS MIN <= 0       0               0.0     0.0        0

PRECIPITATION (INCHES)
RECORD
 MAXIMUM        11.79   1919
 MINIMUM         0.99   1947
TOTALS           4.22              4.47   -0.25     9.19
DAILY AVG.       0.14              0.14    0.00     0.30
GREATEST
 24 HR. TOTAL    2.86   07/18 TO 07/19           07/09 TO 07/10
                                                          07/31 TO 07/31
                                                          07/31 TO 07/31

DEGREE_DAYS
COOLING TOTAL     449               484     -35      403
 SINCE 1/1       1137              1102      35      949
..................................................

WIND (MPH)
AVERAGE WIND SPEED              3.7
HIGHEST WIND SPEED/DIRECTION    17/290    DATE  07/28
HIGHEST GUST SPEED/DIRECTION    25/310    DATE  07/28

SKY COVER
POSSIBLE SUNSHINE (PERCENT)   MM
AVERAGE SKY COVER           0.30
NUMBER OF DAYS FAIR           20
NUMBER OF DAYS PC              9
NUMBER OF DAYS CLOUDY          2

AVERAGE RH (PERCENT)     69

WEATHER CONDITIONS. NUMBER OF DAYS WITH
THUNDERSTORM              0     MIXED PRECIP               0
HEAVY RAIN                5     RAIN                       4
LIGHT RAIN               11     FREEZING RAIN              0
LT FREEZING RAIN          0     HAIL                       0
HEAVY SNOW                0     SNOW                       0
LIGHT SNOW                0     SLEET                      0
FOG                      18     FOG W/VIS <= 1/4 MILE      3
HAZE                     12

-  INDICATES NEGATIVE NUMBERS.
R  INDICATES RECORD WAS SET OR TIED.
MM INDICATES DATA IS MISSING.
T  INDICATES TRACE AMOUNT.

$$





U.S. Dept. of Commerce
NOAA National Weather Service
1325 East West Highway
Silver Spring, MD 20910
E-mail: w-nws.webmaster@noaa.gov
Page last modified: May 16, 2007
NATIONAL WEATHER SERVICE: for Safety, for Work, for Fun - FOR LIFE