123
CXUS42 KFFC 011542
CLMAHN


CLIMATE REPORT
NATIONAL WEATHER SERVICE PEACHTREE CITY GA
1041 AM EST THU JAN 1 2015

...................................

...THE ATHENS CLIMATE SUMMARY FOR THE MONTH OF DECEMBER 2014...

CLIMATE NORMAL PERIOD 1981 TO 2010
CLIMATE RECORD PERIOD 1898 TO 2014

WEATHER         OBSERVED          NORMAL  DEPART  LAST YEAR`S
                 VALUE   DATE(S)  VALUE   FROM    VALUE  DATE(S)
                                          NORMAL
................................................................
TEMPERATURE (F)
RECORD
 HIGH              79   12/10/2007
                        12/29/1984
                        12/18/1984
 LOW                2   12/13/1962
HIGHEST            74   12/01        64      10       75  12/06
LOWEST             25   12/11        28      -3       23  12/13
AVG. MAXIMUM     58.7              55.7     3.0     57.3
AVG. MINIMUM     38.4              35.0     3.4     37.9
MEAN             48.5              45.4     3.1     47.6
DAYS MAX >= 90      0               0.0     0.0        0
DAYS MAX <= 32      0               0.1    -0.1        0
DAYS MIN <= 32      9              12.6    -3.6       12
DAYS MIN <= 0       0               0.0     0.0        0

PRECIPITATION (INCHES)
RECORD
 MAXIMUM        11.31   1946
                        1931
 MINIMUM         0.31   2001
TOTALS           4.69              3.73    0.96     7.62
DAILY AVG.       0.15              0.12    0.03     0.25
GREATEST
 24 HR. TOTAL    2.42   12/23 TO 12/24           12/22 TO 12/23
                                                          12/31 TO 12/31
                                                          12/31 TO 12/31

SNOWFALL (INCHES)
RECORDS
 TOTAL            3.3   2010
 24 HR TOTAL      2.0   12/25/2010 TO 12/25/2010
TOTALS            0.0               0.1    -0.1      0.0
SINCE 7/1         0.0               0.1    -0.1      0.0
SNOWDEPTH AVG.      0                MM      MM        0
DAYS >= TRACE       0               0.3    -0.3        0
DAYS >= 1.0         0               0.0     0.0        0
GREATEST
 24 HR TOTAL      0.0   12/31 TO 12/31           12/31 TO 12/31
                                                          12/31 TO 12/31
                                                          12/31 TO 12/31

DEGREE_DAYS
HEATING TOTAL     503               610    -107      539
 SINCE 7/1       1116              1090      26     1101
..................................................

WIND (MPH)
AVERAGE WIND SPEED              5.0
HIGHEST WIND SPEED/DIRECTION    21/310    DATE  12/09
HIGHEST GUST SPEED/DIRECTION    30/280    DATE  12/16

SKY COVER
POSSIBLE SUNSHINE (PERCENT)   MM
AVERAGE SKY COVER           0.40
NUMBER OF DAYS FAIR           16
NUMBER OF DAYS PC              5
NUMBER OF DAYS CLOUDY         10

AVERAGE RH (PERCENT)     73

WEATHER CONDITIONS. NUMBER OF DAYS WITH
THUNDERSTORM              0     MIXED PRECIP               0
HEAVY RAIN                6     RAIN                       7
LIGHT RAIN               12     FREEZING RAIN              0
LT FREEZING RAIN          0     HAIL                       0
HEAVY SNOW                0     SNOW                       0
LIGHT SNOW                0     SLEET                      0
FOG                      18     FOG W/VIS <= 1/4 MILE      5
HAZE                      8

-  INDICATES NEGATIVE NUMBERS.
R  INDICATES RECORD WAS SET OR TIED.
MM INDICATES DATA IS MISSING.
T  INDICATES TRACE AMOUNT.

$$




U.S. Dept. of Commerce
NOAA National Weather Service
1325 East West Highway
Silver Spring, MD 20910
E-mail: w-nws.webmaster@noaa.gov
Page last modified: May 16, 2007
NATIONAL WEATHER SERVICE: for Safety, for Work, for Fun - FOR LIFE