446
CXUS42 KFFC 011423
CLMAHN


CLIMATE REPORT
NATIONAL WEATHER SERVICE PEACHTREE CITY GA
1021 AM EDT SAT NOV 1 2014

...................................

...THE ATHENS CLIMATE SUMMARY FOR THE MONTH OF OCTOBER 2014...

CLIMATE NORMAL PERIOD 1981 TO 2010
CLIMATE RECORD PERIOD 1898 TO 2014

WEATHER         OBSERVED          NORMAL  DEPART  LAST YEAR`S
                 VALUE   DATE(S)  VALUE   FROM    VALUE  DATE(S)
                                          NORMAL
................................................................
TEMPERATURE (F)
RECORD
 HIGH              98   10/06/1954
                        10/05/1954
 LOW               24   10/30/1952
HIGHEST            87   10/11        80       7       MM  MM
                        10/08
                        10/02
LOWEST             38   10/05        57     -19       MM  MM
AVG. MAXIMUM     77.3              74.4     2.9       MM
AVG. MINIMUM     51.1              51.5    -0.4       MM
MEAN             64.2              63.0     1.2       MM
DAYS MAX >= 90      0               0.2    -0.2       MM
DAYS MAX <= 32      0               0.0     0.0       MM
DAYS MIN <= 32      0               0.4    -0.4       MM
DAYS MIN <= 0       0               0.0     0.0       MM

PRECIPITATION (INCHES)
RECORD
 MAXIMUM        11.23   1937
 MINIMUM         0.00   1963
TOTALS           3.41              3.55   -0.14       MM
DAILY AVG.       0.11              0.11    0.00       MM
GREATEST
 24 HR. TOTAL    2.78   10/14 TO 10/14                MM
                        10/13 TO 10/14
                        10/14 TO 10/14

SNOWFALL (INCHES)
RECORDS
 TOTAL            0.0   2002
                        2001
 24 HR TOTAL      0.0   10/31/2002 TO 10/31/2002
                        10/01/2001 TO 10/01/2001
TOTALS            0.0               0.0     0.0       MM
SINCE 7/1         0.0               0.0     0.0       MM
SNOWDEPTH AVG.      0                MM      MM       MM
DAYS >= TRACE       0               0.0     0.0       MM
DAYS >= 1.0         0               0.0     0.0       MM
GREATEST
 24 HR TOTAL      0.0   10/31 TO 10/31                MM

DEGREE_DAYS
HEATING TOTAL     107               125     -18       MM
 SINCE 7/1        109               135     -26       MM
COOLING TOTAL      88                62      26       MM
 SINCE 1/1       1983              1877     106       MM
.................................................................

WIND (MPH)
AVERAGE WIND SPEED              3.4
HIGHEST WIND SPEED/DIRECTION    21/310    DATE  10/31
HIGHEST GUST SPEED/DIRECTION    33/310    DATE  10/31

SKY COVER
POSSIBLE SUNSHINE (PERCENT)   MM
AVERAGE SKY COVER           0.20
NUMBER OF DAYS FAIR           23
NUMBER OF DAYS PC              6
NUMBER OF DAYS CLOUDY          2

AVERAGE RH (PERCENT)     69

WEATHER CONDITIONS. NUMBER OF DAYS WITH
THUNDERSTORM              0     MIXED PRECIP               0
HEAVY RAIN                4     RAIN                       2
LIGHT RAIN                6     FREEZING RAIN              0
LT FREEZING RAIN          0     HAIL                       0
HEAVY SNOW                0     SNOW                       0
LIGHT SNOW                0     SLEET                      0
FOG                       1     FOG W/VIS <= 1/4 MILE      0
HAZE                      0

-  INDICATES NEGATIVE NUMBERS.
R  INDICATES RECORD WAS SET OR TIED.
MM INDICATES DATA IS MISSING.
T  INDICATES TRACE AMOUNT.

$$




U.S. Dept. of Commerce
NOAA National Weather Service
1325 East West Highway
Silver Spring, MD 20910
E-mail: w-nws.webmaster@noaa.gov
Page last modified: May 16, 2007
NATIONAL WEATHER SERVICE: for Safety, for Work, for Fun - FOR LIFE