305
CXUS42 KFFC 041915
CLMAHN


CLIMATE REPORT
NATIONAL WEATHER SERVICE PEACHTREE CITY GA
313 PM EDT FRI JUL 4 2014

...................................

...THE ATHENS CLIMATE SUMMARY FOR THE MONTH OF JUNE 2014...

CLIMATE NORMAL PERIOD 1981 TO 2010
CLIMATE RECORD PERIOD 1898 TO 2014

WEATHER         OBSERVED          NORMAL  DEPART  LAST YEAR`S
                 VALUE   DATE(S)  VALUE   FROM    VALUE  DATE(S)
                                          NORMAL
................................................................
TEMPERATURE (F)
RECORD
 HIGH             109   06/29/2012
 LOW               44   06/01/1889
HIGHEST            96   06/20       103      -7       95  06/12
                        06/19
LOWEST             58   06/02        45      13       61  06/15
AVG. MAXIMUM     90.1              88.7     1.4     86.6
AVG. MINIMUM     67.3              66.4     0.9     67.3
MEAN             78.7              77.5     1.2     76.9
DAYS MAX >= 90     19              13.3     5.7        4
DAYS MAX <= 32      0               0.0     0.0        0
DAYS MIN <= 32      0               0.0     0.0        0
DAYS MIN <= 0       0               0.0     0.0        0

PRECIPITATION (INCHES)
RECORD
 MAXIMUM        13.25   1994
 MINIMUM         0.69   1920
TOTALS           3.74              4.18   -0.44     8.21
DAILY AVG.       0.12              0.14   -0.02     0.27
GREATEST
 24 HR. TOTAL    1.62   06/11 TO 06/11           06/09 TO 06/10
                                                          06/30 TO 06/30
                                                          06/30 TO 06/30

DEGREE_DAYS
COOLING TOTAL     418               378      40      367
 SINCE 1/1        688               618      70      546
.................................................

WIND (MPH)
AVERAGE WIND SPEED              3.2
HIGHEST WIND SPEED/DIRECTION    23/300    DATE  06/05
HIGHEST GUST SPEED/DIRECTION    37/180    DATE  06/29

SKY COVER
POSSIBLE SUNSHINE (PERCENT)   MM
AVERAGE SKY COVER           0.20
NUMBER OF DAYS FAIR           24
NUMBER OF DAYS PC              5
NUMBER OF DAYS CLOUDY          1

AVERAGE RH (PERCENT)     70

WEATHER CONDITIONS. NUMBER OF DAYS WITH
THUNDERSTORM              0     MIXED PRECIP               0
HEAVY RAIN                7     RAIN                       5
LIGHT RAIN               12     FREEZING RAIN              0
LT FREEZING RAIN          0     HAIL                       0
HEAVY SNOW                0     SNOW                       0
LIGHT SNOW                0     SLEET                      0
FOG                      19     FOG W/VIS <= 1/4 MILE      3
HAZE                      6

-  INDICATES NEGATIVE NUMBERS.
R  INDICATES RECORD WAS SET OR TIED.
MM INDICATES DATA IS MISSING.
T  INDICATES TRACE AMOUNT.

$$




U.S. Dept. of Commerce
NOAA National Weather Service
1325 East West Highway
Silver Spring, MD 20910
E-mail: w-nws.webmaster@noaa.gov
Page last modified: May 16, 2007
NATIONAL WEATHER SERVICE: for Safety, for Work, for Fun - FOR LIFE