246
CXUS42 KFFC 020927
CLMAHN


CLIMATE REPORT
NATIONAL WEATHER SERVICE PEACHTREE CITY GA
526 AM EDT TUE SEP 2 2014

...................................

...THE ATHENS CLIMATE SUMMARY FOR THE MONTH OF AUGUST 2014...

CLIMATE NORMAL PERIOD 1981 TO 2010
CLIMATE RECORD PERIOD 1898 TO 2014

WEATHER         OBSERVED          NORMAL  DEPART  LAST YEAR`S
                 VALUE   DATE(S)  VALUE   FROM    VALUE  DATE(S)
                                          NORMAL
................................................................
TEMPERATURE (F)
RECORD
 HIGH             107   08/21/1983
                        08/20/1925
 LOW               44   08/02/1936
HIGHEST            98   08/23        MM      MM       93  08/29
                        08/21
LOWEST             60   08/28        MM      MM       59  08/26
AVG. MAXIMUM     91.3              89.9     1.4     85.3
AVG. MINIMUM     67.4              69.3    -1.9     68.5
MEAN             79.3              79.6    -0.3     76.9
DAYS MAX >= 90     21              15.8     5.2       11
DAYS MAX <= 32      0               0.0     0.0        0
DAYS MIN <= 32      0               0.0     0.0        0
DAYS MIN <= 0       0               0.0     0.0        0

PRECIPITATION (INCHES)
RECORD
 MAXIMUM        17.87   1901
 MINIMUM         0.09   1951
TOTALS           1.89              3.53   -1.64     5.68
DAILY AVG.       0.06              0.11   -0.05     0.18
GREATEST
 24 HR. TOTAL    0.91   08/18 TO 08/19           08/18 TO 08/19
                                                          08/31 TO 08/31
                                                          08/31 TO 08/31

DEGREE_DAYS
COOLING TOTAL     448               453      -5      378
 SINCE 1/1       1585              1555      30     1327
..................................................

WIND (MPH)
AVERAGE WIND SPEED              3.5
HIGHEST WIND SPEED/DIRECTION    26/290    DATE  08/18
HIGHEST GUST SPEED/DIRECTION    37/280    DATE  08/18

SKY COVER
POSSIBLE SUNSHINE (PERCENT)   MM
AVERAGE SKY COVER           0.20
NUMBER OF DAYS FAIR           22
NUMBER OF DAYS PC              7
NUMBER OF DAYS CLOUDY          2

AVERAGE RH (PERCENT)     67

WEATHER CONDITIONS. NUMBER OF DAYS WITH
THUNDERSTORM              0     MIXED PRECIP               0
HEAVY RAIN                4     RAIN                       5
LIGHT RAIN                9     FREEZING RAIN              0
LT FREEZING RAIN          0     HAIL                       0
HEAVY SNOW                0     SNOW                       0
LIGHT SNOW                0     SLEET                      0
FOG                      21     FOG W/VIS <= 1/4 MILE      0
HAZE                     15

-  INDICATES NEGATIVE NUMBERS.
R  INDICATES RECORD WAS SET OR TIED.
MM INDICATES DATA IS MISSING.
T  INDICATES TRACE AMOUNT.

$$




U.S. Dept. of Commerce
NOAA National Weather Service
1325 East West Highway
Silver Spring, MD 20910
E-mail: w-nws.webmaster@noaa.gov
Page last modified: May 16, 2007
NATIONAL WEATHER SERVICE: for Safety, for Work, for Fun - FOR LIFE