108
CXUS52 KCAE 040015 AAA
CLMAGS

CLIMATE REPORT...UPDATED FOR NUMBER OF DAYS WITH THUNDER...
NATIONAL WEATHER SERVICE COLUMBIA SC
814 PM EDT SUN AUG 3 2014

...................................

...THE AUGUSTA BUSH FIELD GA CLIMATE SUMMARY FOR THE MONTH OF JULY 2014...

CLIMATE NORMAL PERIOD 1981 TO 2010
CLIMATE RECORD PERIOD 1873 TO 2014

WEATHER         OBSERVED          NORMAL  DEPART
                 VALUE   DATE(S)  VALUE   FROM
                                          NORMAL
................................................
TEMPERATURE (F)
RECORD
 HIGH             107   07/13/1980
 LOW               54   07/02/2008
HIGHEST            99   07/09        MM      MM
LOWEST             60   07/17        MM      MM
AVG. MAXIMUM     92.2              93.4    -1.2
AVG. MINIMUM     68.4              69.8    -1.4
MEAN             80.3              81.6    -1.3
DAYS MAX >= 90     23              25.3    -2.3
DAYS MAX <= 32      0               0.0     0.0
DAYS MIN <= 32      0               0.0     0.0
DAYS MIN <= 0       0               0.0     0.0

PRECIPITATION (INCHES)
RECORD
 MAXIMUM        14.00   1906
 MINIMUM         1.02   1987
TOTALS           5.53              4.33    1.20
DAILY AVG.       0.18              0.14    0.04
DAYS >= .01         7              11.0    -4.0
DAYS >= .10         4               7.0    -3.0
DAYS >= .50         3               2.7     0.3
DAYS >= 1.00        2               1.4     0.6
GREATEST
 24 HR. TOTAL    2.79   07/21 TO 07/21
                        07/20 TO 07/21
                        07/21 TO 07/21
 STORM TOTAL       MM
 (MM/DD(HH))            MM

SNOWFALL (INCHES)
RECORDS
 TOTAL             MM   MM
TOTALS            0.0               0.0     0.0
SINCE 7/1         0.0               0.0     0.0
DAYS >= TRACE       0               0.0     0.0
DAYS >= 1.0         0               0.0     0.0
GREATEST
 SNOW DEPTH         0   MM

DEGREE_DAYS
HEATING TOTAL       0                 0       0
 SINCE 7/1          0                 0       0
COOLING TOTAL     480               515     -35
 SINCE 1/1       1188              1206     -18

FREEZE DATES
RECORD
 EARLIEST     MM
 LATEST       MM
EARLIEST                        MM
LATEST                          MM
.................................................

WIND (MPH)
AVERAGE WIND SPEED              4.9
RESULTANT WIND SPEED/DIRECTION   1/188
HIGHEST WIND SPEED/DIRECTION    30/070    DATE  07/21
HIGHEST GUST SPEED/DIRECTION    37/330    DATE  07/09

SKY COVER
POSSIBLE SUNSHINE (PERCENT)   MM
AVERAGE SKY COVER           0.30
NUMBER OF DAYS FAIR           21
NUMBER OF DAYS PC              9
NUMBER OF DAYS CLOUDY          1

AVERAGE RH (PERCENT)     70

WEATHER CONDITIONS. NUMBER OF DAYS WITH
THUNDERSTORM             12     MIXED PRECIP               0
HEAVY RAIN                4     RAIN                       4
LIGHT RAIN               15     FREEZING RAIN              0
LT FREEZING RAIN          0     HAIL                       0
HEAVY SNOW                0     SNOW                       0
LIGHT SNOW                0     SLEET                      0
FOG                      19     FOG W/VIS <= 1/4 MILE      6
HAZE                      5

-  INDICATES NEGATIVE NUMBERS.
R  INDICATES RECORD WAS SET OR TIED.
MM INDICATES DATA IS MISSING.
T  INDICATES TRACE AMOUNT.

$$








U.S. Dept. of Commerce
NOAA National Weather Service
1325 East West Highway
Silver Spring, MD 20910
E-mail: w-nws.webmaster@noaa.gov
Page last modified: May 16, 2007
NATIONAL WEATHER SERVICE: for Safety, for Work, for Fun - FOR LIFE