459
CXUS52 KCAE 020905
CLMAGS

CLIMATE REPORT
NATIONAL WEATHER SERVICE COLUMBIA SC
405 AM EST SUN NOV 2 2014

...................................

...THE AUGUSTA BUSH FIELD GA CLIMATE SUMMARY FOR THE MONTH OF OCTOBER 2014...

CLIMATE NORMAL PERIOD 1981 TO 2010
CLIMATE RECORD PERIOD 1873 TO 2014

WEATHER         OBSERVED          NORMAL  DEPART
                 VALUE   DATE(S)  VALUE   FROM
                                          NORMAL
................................................
TEMPERATURE (F)
RECORD
 HIGH              97   10/06/1954
                        10/05/1954
                        10/04/1954
 LOW               22   10/30/1952
HIGHEST            92   10/11        MM      MM
                        10/08
LOWEST             36   10/23        MM      MM
AVG. MAXIMUM     81.4              77.7     3.7
AVG. MINIMUM     49.3              51.0    -1.7
MEAN             65.3              64.4     0.9
DAYS MAX >= 90      5               0.8     4.2
DAYS MAX <= 32      0               0.0     0.0
DAYS MIN <= 32      0               0.6    -0.6
DAYS MIN <= 0       0               0.0     0.0

PRECIPITATION (INCHES)
RECORD
 MAXIMUM        14.82   1990
 MINIMUM            T   1953
TOTALS           0.61              3.27   -2.66
DAILY AVG.       0.02              0.11   -0.09
DAYS >= .01         3               6.5    -3.5
DAYS >= .10         2               4.0    -2.0
DAYS >= .50         0               2.0    -2.0
DAYS >= 1.00        0               1.0    -1.0
GREATEST
 24 HR. TOTAL    0.43   10/03 TO 10/03
 STORM TOTAL       MM
 (MM/DD(HH))            MM

SNOWFALL (INCHES)
RECORDS
 TOTAL             MM   MM
TOTALS            0.0               0.0     0.0
SINCE 7/1         0.0               0.0     0.0
DAYS >= TRACE       0               0.0     0.0
DAYS >= 1.0         0               0.0     0.0
GREATEST
 SNOW DEPTH         0   MM

DEGREE_DAYS
HEATING TOTAL      89               107     -18
 SINCE 7/1         91               114     -23
COOLING TOTAL     108                86      22
 SINCE 1/1       2092              2070      22

FREEZE DATES
RECORD
 EARLIEST     MM
 LATEST       MM
EARLIEST                        MM
LATEST                          MM
.................................................

WIND (MPH)
AVERAGE WIND SPEED              4.7
RESULTANT WIND SPEED/DIRECTION   2/253
HIGHEST WIND SPEED/DIRECTION    22/290    DATE  10/29
HIGHEST GUST SPEED/DIRECTION    30/280    DATE  10/16

SKY COVER
POSSIBLE SUNSHINE (PERCENT)   MM
AVERAGE SKY COVER           0.20
NUMBER OF DAYS FAIR           24
NUMBER OF DAYS PC              7
NUMBER OF DAYS CLOUDY          0

AVERAGE RH (PERCENT)     67

WEATHER CONDITIONS. NUMBER OF DAYS WITH
THUNDERSTORM              2     MIXED PRECIP               0
HEAVY RAIN                2     RAIN                       2
LIGHT RAIN                3     FREEZING RAIN              0
LT FREEZING RAIN          0     HAIL                       0
HEAVY SNOW                0     SNOW                       0
LIGHT SNOW                0     SLEET                      0
FOG                      23     FOG W/VIS <= 1/4 MILE      9
HAZE                      3

-  INDICATES NEGATIVE NUMBERS.
R  INDICATES RECORD WAS SET OR TIED.
MM INDICATES DATA IS MISSING.
T  INDICATES TRACE AMOUNT.

$$







U.S. Dept. of Commerce
NOAA National Weather Service
1325 East West Highway
Silver Spring, MD 20910
E-mail: w-nws.webmaster@noaa.gov
Page last modified: May 16, 2007
NATIONAL WEATHER SERVICE: for Safety, for Work, for Fun - FOR LIFE