447
CXUS52 KCAE 020121
CLMAGS


CLIMATE REPORT
NATIONAL WEATHER SERVICE COLUMBIA SC
811 PM EST THU JAN 1 2015

...................................

...THE AUGUSTA BUSH FIELD GA CLIMATE SUMMARY FOR THE MONTH OF DECEMBER 2014...

CLIMATE NORMAL PERIOD 1981 TO 2010
CLIMATE RECORD PERIOD 1873 TO 2014

WEATHER         OBSERVED          NORMAL  DEPART
                 VALUE   DATE(S)  VALUE   FROM
                                          NORMAL
................................................
TEMPERATURE (F)
RECORD
 HIGH              83   12/21/2013
 LOW                5   12/21/1981
HIGHEST            76   12/02        MM      MM
LOWEST             22   12/12        MM      MM
AVG. MAXIMUM     62.3              60.0     2.3
AVG. MINIMUM     37.4              34.5     2.9
MEAN             49.8              47.2     2.6
DAYS MAX >= 90      0               0.0     0.0
DAYS MAX <= 32      0               0.1    -0.1
DAYS MIN <= 32     14              13.5     0.5
DAYS MIN <= 0       0               0.0     0.0

PRECIPITATION (INCHES)
RECORD
 MAXIMUM         8.97   2009
 MINIMUM         0.32   1955
TOTALS           4.21              3.39    0.82
DAILY AVG.       0.14              0.11    0.03
DAYS >= .01        10               9.2     0.8
DAYS >= .10         4               5.6    -1.6
DAYS >= .50         1               2.2    -1.2
DAYS >= 1.00        1               0.8     0.2
GREATEST
 24 HR. TOTAL    3.23   12/23 TO 12/24
 STORM TOTAL       MM
 (MM/DD(HH))            MM

SNOWFALL (INCHES)
RECORDS
 TOTAL              T   2009
                        2004
                        2002
TOTALS            0.0               0.1    -0.1
SINCE 7/1         0.0               0.1    -0.1
DAYS >= TRACE       0               0.1    -0.1
DAYS >= 1.0         0               0.1    -0.1
GREATEST
 SNOW DEPTH         0   MM

DEGREE_DAYS
HEATING TOTAL     461               553     -92
 SINCE 7/1       1025               975      50
COOLING TOTAL       0                 3      -3
 SINCE 1/1       2099              2089      10

FREEZE DATES
RECORD
 EARLIEST     MM
 LATEST       MM
EARLIEST                        MM
LATEST                          MM
.................................................

WIND (MPH)
AVERAGE WIND SPEED              4.1
RESULTANT WIND SPEED/DIRECTION   1/011
HIGHEST WIND SPEED/DIRECTION    24/300    DATE  12/24
HIGHEST GUST SPEED/DIRECTION    34/290    DATE  12/24

SKY COVER
POSSIBLE SUNSHINE (PERCENT)   MM
AVERAGE SKY COVER           0.40
NUMBER OF DAYS FAIR           17
NUMBER OF DAYS PC              3
NUMBER OF DAYS CLOUDY         11

AVERAGE RH (PERCENT)     74

WEATHER CONDITIONS. NUMBER OF DAYS WITH
THUNDERSTORM              1     MIXED PRECIP               0
HEAVY RAIN                2     RAIN                       3
LIGHT RAIN               11     FREEZING RAIN              0
LT FREEZING RAIN          0     HAIL                       0
HEAVY SNOW                0     SNOW                       0
LIGHT SNOW                0     SLEET                      0
FOG                      25     FOG W/VIS <= 1/4 MILE      8
HAZE                      7

-  INDICATES NEGATIVE NUMBERS.
R  INDICATES RECORD WAS SET OR TIED.
MM INDICATES DATA IS MISSING.
T  INDICATES TRACE AMOUNT.

$$





U.S. Dept. of Commerce
NOAA National Weather Service
1325 East West Highway
Silver Spring, MD 20910
E-mail: w-nws.webmaster@noaa.gov
Page last modified: May 16, 2007
NATIONAL WEATHER SERVICE: for Safety, for Work, for Fun - FOR LIFE