866
CXUS52 KCAE 012250
CLMAGS


CLIMATE REPORT
NATIONAL WEATHER SERVICE COLUMBIA SC
545 PM EST MON DEC 1 2014

...................................

...THE AUGUSTA BUSH FIELD GA CLIMATE SUMMARY FOR THE MONTH OF NOVEMBER 2014...

CLIMATE NORMAL PERIOD 1981 TO 2010
CLIMATE RECORD PERIOD 1873 TO 2014

WEATHER         OBSERVED          NORMAL  DEPART
                 VALUE   DATE(S)  VALUE   FROM
                                          NORMAL
................................................
TEMPERATURE (F)
RECORD
 HIGH              90   11/02/1961
 LOW               11   11/25/1950
HIGHEST            81   11/06        MM      MM
LOWEST             15   11/19        MM      MM
AVG. MAXIMUM     64.2              69.1    -4.9
AVG. MINIMUM     34.2              41.4    -7.2
MEAN             49.2              55.2    -6.0
DAYS MAX >= 90      0               0.0     0.0
DAYS MAX <= 32      0               0.0     0.0
DAYS MIN <= 32     15               6.0     9.0
DAYS MIN <= 0       0               0.0     0.0

PRECIPITATION (INCHES)
RECORD
 MAXIMUM         7.77   1947
 MINIMUM         0.09   1960
TOTALS           3.19              2.82    0.37
DAILY AVG.       0.11              0.09    0.02
DAYS >= .01         7               6.9     0.1
DAYS >= .10         5               4.1     0.9
DAYS >= .50         3               1.8     1.2
DAYS >= 1.00        1               0.8     0.2
GREATEST
 24 HR. TOTAL    1.62   11/22 TO 11/23
 STORM TOTAL       MM
 (MM/DD(HH))            MM

SNOWFALL (INCHES)
RECORDS
 TOTAL             MM   MM
TOTALS            0.0               0.0     0.0
SINCE 7/1         0.0               0.0     0.0
DAYS >= TRACE       0               0.0     0.0
DAYS >= 1.0         0               0.0     0.0
GREATEST
 SNOW DEPTH         0   MM

DEGREE_DAYS
HEATING TOTAL     473               308     165
 SINCE 7/1        564               422     142
COOLING TOTAL       7                16      -9
 SINCE 1/1       2099              2086      13

FREEZE DATES
RECORD
 EARLIEST     MM
 LATEST       MM
EARLIEST                        MM
LATEST                          MM
.................................................

WIND (MPH)
AVERAGE WIND SPEED              5.0
RESULTANT WIND SPEED/DIRECTION   3/298
HIGHEST WIND SPEED/DIRECTION    28/310    DATE  11/01
HIGHEST GUST SPEED/DIRECTION    37/210    DATE  11/23

SKY COVER
POSSIBLE SUNSHINE (PERCENT)   MM
AVERAGE SKY COVER           0.30
NUMBER OF DAYS FAIR           21
NUMBER OF DAYS PC              4
NUMBER OF DAYS CLOUDY          5

AVERAGE RH (PERCENT)     67

WEATHER CONDITIONS. NUMBER OF DAYS WITH
THUNDERSTORM              2     MIXED PRECIP               0
HEAVY RAIN                2     RAIN                       3
LIGHT RAIN                9     FREEZING RAIN              0
LT FREEZING RAIN          0     HAIL                       0
HEAVY SNOW                0     SNOW                       0
LIGHT SNOW                0     SLEET                      0
FOG                      20     FOG W/VIS <= 1/4 MILE      3
HAZE                      1

-  INDICATES NEGATIVE NUMBERS.
R  INDICATES RECORD WAS SET OR TIED.
MM INDICATES DATA IS MISSING.
T  INDICATES TRACE AMOUNT.

$$





U.S. Dept. of Commerce
NOAA National Weather Service
1325 East West Highway
Silver Spring, MD 20910
E-mail: w-nws.webmaster@noaa.gov
Page last modified: May 16, 2007
NATIONAL WEATHER SERVICE: for Safety, for Work, for Fun - FOR LIFE