752
CXAK58 PADQ 011407
CLMADQ

CLIMATE REPORT
NATIONAL WEATHER SERVICE KODIAK, AK
507 AM AKST SUN FEB 1 2015

...................................

...THE KODIAK AP CLIMATE SUMMARY FOR THE MONTH OF JANUARY 2015...

CLIMATE NORMAL PERIOD 1981 TO 2010
CLIMATE RECORD PERIOD 1949 TO 2015

WEATHER         OBSERVED          NORMAL  DEPART  LAST YEAR`S
                 VALUE   DATE(S)  VALUE   FROM    VALUE  DATE(S)
                                          NORMAL
................................................................
TEMPERATURE (F)
RECORD
 HIGH              54   1/31/1963
 LOW              -16   1/28/1989
HIGHEST            45   1/12         43       2      46  1/23
LOWEST             17                 8       9      18  1/13
AVG. MAXIMUM       39.6              34.9     4.7    41.5
AVG. MINIMUM       33.0              25.9     7.1    32.2
MEAN               36.3              30.5     5.8    36.8
DAYS MAX >= 90      0                 0.0     0.0     0
DAYS MAX <= 32      1                 7.3    -6.3     0
DAYS MAX >= 80      0                 0.0     0.0     0
DAYS MAX >= 70      0                 0.0     0.0     0
DAYS MIN <= 32     16                21.2    -5.2    16
DAYS MIN <= 0       0                 0.2    -0.2     0

PRECIPITATION (INCHES)
RECORD
 MAXIMUM           17.18   2003
 MINIMUM            0.24   1969
TOTALS             10.13              8.29    1.84   14.30
DAILY AVG.          0.33              0.29    0.04    0.46
DAYS >= .01        23                19.4     3.6    25
DAYS >= .10        15                13.5     1.5    21
DAYS >= .50         8                 6.7     1.3     9
DAYS >= 1.0         4                 2.5     1.5     4
GREATEST
 24 HR TOTAL        1.66   1/14                       2.74  1/17

SNOWFALL (INCHES)
RECORDS
 TOTAL             53.4   2012
 24 HR TOTAL       12.0   1-09-1976
 SNOW DEPTH        28     1-30-2012
TOTALS              4.2              12.9    -8.7     5.1
SINCE 7/1           5.2              38.1   -32.9    24.0
SNOWDEPTH AVG.      0                 1      -1       0
DAYS >= TRACE      11                15.7    -4.7     6
DAYS >= 1.0         1                 3.9    -2.9     2
DAYS >= 6.0         0                 0.4    -0.4     0
GREATEST
 SNOW DEPTH         2   1/26                          2  1/14
 24 HR TOTAL      2.0   1/26                        3.2  1/13

DEGREE_DAYS
HEATING TOTAL     881              1073    -192     867
 SINCE 7/1       4099              4914    -815    4314
COOLING TOTAL       0                 0       0       0
 SINCE 1/1          0                 0       0       0
................................................................

WIND (MPH)
AVERAGE WIND SPEED               12.3
HIGHEST WIND SPEED/DIRECTION     44/040    DATE   01/14
HIGHEST GUST SPEED/DIRECTION     57/030    DATE   01/14

SKY COVER
POSSIBLE SUNSHINE (PERCENT)   MM
AVERAGE SKY COVER             MM
NUMBER OF DAYS FAIR           MM
NUMBER OF DAYS PC             MM
NUMBER OF DAYS CLOUDY         MM

AVERAGE RH (PERCENT)     MM

WEATHER CONDITIONS. NUMBER OF DAYS WITH
THUNDERSTORM              0     ICE PELLETS                 0
RAIN                     25     GLAZE                       0
DRIZZLE                   0     HAIL                        0
SNOW                     11     HAZE                        1
FOG                      24     FOG W/VIS <= 1/4 MILE       0
BLOWING SNOW              0


-  INDICATES NEGATIVE NUMBERS.
R  INDICATES RECORD WAS SET OR TIED.
MM INDICATES DATA IS MISSING.
T  INDICATES TRACE AMOUNT.

&&


$$
LRM FEB 15





U.S. Dept. of Commerce
NOAA National Weather Service
1325 East West Highway
Silver Spring, MD 20910
E-mail: w-nws.webmaster@noaa.gov
Page last modified: May 16, 2007
NATIONAL WEATHER SERVICE: for Safety, for Work, for Fun - FOR LIFE