782
CXUS51 KPHI 011246
CLMACY


CLIMATE REPORT
NATIONAL WEATHER SERVICE MOUNT HOLLY NJ
746 AM EST MON DEC 1 2014

...................................

...THE ATLANTIC CITY CLIMATE SUMMARY FOR THE MONTH OF NOVEMBER 2014...

CLIMATE NORMAL PERIOD 1981 TO 2010
CLIMATE RECORD PERIOD 1874 TO 2014

WEATHER         OBSERVED          NORMAL  DEPART  LAST YEAR`S
                 VALUE   DATE(S)  VALUE   FROM    VALUE  DATE(S)
                                          NORMAL
................................................................
TEMPERATURE (F)
RECORD
 HIGH              84   11/01/1950
 LOW               10   11/23/1989
HIGHEST            71   11/24        72      -1       70  11/02
                        11/04
LOWEST             16   11/22        20      -4       19  11/25
AVG. MAXIMUM     53.5              56.3    -2.8     53.6
AVG. MINIMUM     33.9              37.2    -3.3     33.3
MEAN             43.7              46.8    -3.1     43.4
DAYS MAX >= 90      0               0.0     0.0        0
DAYS MAX <= 32      0               0.1    -0.1        0
DAYS MIN <= 32     13              10.1     2.9       15
DAYS MIN <= 0       0               0.0     0.0        0

PRECIPITATION (INCHES)
RECORD
 MAXIMUM         9.65   1972
 MINIMUM         0.49   1918
TOTALS           5.37              3.27    2.10     2.55
DAILY AVG.       0.18              0.11    0.07     0.09
DAYS >= .01         9               9.3    -0.3        8
DAYS >= .10         5               5.6    -0.6        5
DAYS >= .50         4               2.3     1.7        2
DAYS >= 1.00        3               1.0     2.0        1
GREATEST
 24 HR. TOTAL    1.62   11/17 TO 11/17              1.69

SNOWFALL (INCHES)
RECORDS
 TOTAL             MM   5
 24 HR TOTAL       MM
TOTALS              T               0.2    -0.2        T
SINCE 7/1           T               0.2    -0.2        T
SNOWDEPTH AVG.      0                MM      MM        0
DAYS >= 1.0         0               0.1    -0.1        0
GREATEST
 SNOW DEPTH         0   MM                             0  MM
 24 HR TOTAL        T   11/28 TO 11/28                 T

DEGREE_DAYS
HEATING TOTAL     633               549      84      638
 SINCE 7/1        907               907       0     1003
COOLING TOTAL       0                 1      -1        0
 SINCE 1/1        857              1055    -198     1088
.................................................................

WIND (MPH)
AVERAGE WIND SPEED              9.0
HIGHEST WIND SPEED/DIRECTION    36/330    DATE  11/02
HIGHEST GUST SPEED/DIRECTION    44/320    DATE  11/02

SKY COVER
POSSIBLE SUNSHINE (PERCENT)   MM
AVERAGE SKY COVER           0.40
NUMBER OF DAYS FAIR           14
NUMBER OF DAYS PC             11
NUMBER OF DAYS CLOUDY          5

AVERAGE RH (PERCENT)     66

WEATHER CONDITIONS. NUMBER OF DAYS WITH
THUNDERSTORM              0     MIXED PRECIP               0
HEAVY RAIN                4     RAIN                       6
LIGHT RAIN               10     FREEZING RAIN              0
LT FREEZING RAIN          0     HEAVY SNOW                 0
SNOW                      0     LIGHT SNOW                 4
SLEET                     0     FOG                       11
FOG W/VIS <= 1/4 MILE     3     HAZE                       1

-  INDICATES NEGATIVE NUMBERS.
R  INDICATES RECORD WAS SET OR TIED.
MM INDICATES DATA IS MISSING.
T  INDICATES TRACE AMOUNT.

$$




U.S. Dept. of Commerce
NOAA National Weather Service
1325 East West Highway
Silver Spring, MD 20910
E-mail: w-nws.webmaster@noaa.gov
Page last modified: May 16, 2007
NATIONAL WEATHER SERVICE: for Safety, for Work, for Fun - FOR LIFE