986
CXUS54 KFWD 010849
CLMACT

CLIMATE REPORT
NATIONAL WEATHER SERVICE FORT WORTH TX
349 AM CDT WED OCT 1 2014

...................................

...THE WACO CLIMATE SUMMARY FOR THE MONTH OF SEPTEMBER 2014...

CLIMATE NORMAL PERIOD 1981 TO 2010
CLIMATE RECORD PERIOD 1901 TO 2014

WEATHER         OBSERVED          NORMAL  DEPART  LAST YEAR`S
                 VALUE   DATE(S)  VALUE   FROM    VALUE  DATE(S)
                                          NORMAL
................................................................
TEMPERATURE (F)
RECORD
 HIGH             111   09/04/2000
 LOW               39   09/27/1942
HIGHEST            99   09/10        99       0      103  09/04
                                                          09/03
LOWEST             53   09/24        53       0       53  09/22
AVG. MAXIMUM     90.7              89.8     0.9     93.5
AVG. MINIMUM     68.3              66.4     1.9     69.1
MEAN             79.5              78.1     1.4     81.3
DAYS MAX >= 90     18              16.1     1.9       23
DAYS MAX <= 32      0               0.0     0.0        0
DAYS MAX >= 100     0                                  4
DAYS MIN <= 32      0               0.0     0.0        0
DAYS MIN <= 0       0               0.0     0.0        0
DAYS MIN >= 80      0                                  0

PRECIPITATION (INCHES)
RECORD
 MAXIMUM        11.17   1913
 MINIMUM         0.00   1956
TOTALS           1.28              3.06   -1.78     5.43
DAILY AVG.       0.04              0.10   -0.06     0.18
DAYS >= .01         9               5.8     3.2        6
DAYS >= .10         2               3.9    -1.9        5
DAYS >= .50         1               1.8    -0.8        3
DAYS >= 1.00        0               0.9    -0.9        3
GREATEST
 24 HR. TOTAL    0.85   09/06 TO 09/07              3.02

DEGREE_DAYS
HEATING TOTAL       0                 6      -6        0
 SINCE 7/1          0                 6      -6        0
COOLING TOTAL     439               399      40      496
 SINCE 1/1       2514              2594     -80     2707
.................................................................

WIND (MPH)
AVERAGE WIND SPEED              7.6
HIGHEST WIND SPEED/DIRECTION    25/180    DATE  09/04
HIGHEST GUST SPEED/DIRECTION    31/180    DATE  09/04

SKY COVER
POSSIBLE SUNSHINE (PERCENT)   MM
AVERAGE SKY COVER           0.30
NUMBER OF DAYS FAIR           19
NUMBER OF DAYS PC              9
NUMBER OF DAYS CLOUDY          2

AVERAGE RH (PERCENT)     66

WEATHER CONDITIONS. NUMBER OF DAYS WITH
THUNDERSTORM              3     MIXED PRECIP               0
HEAVY RAIN                3     RAIN                       3
LIGHT RAIN               12     FREEZING RAIN              0
LT FREEZING RAIN          0     HAIL                       0
HEAVY SNOW                0     SNOW                       0
LIGHT SNOW                0     SLEET                      0
FOG                       9     FOG W/VIS <= 1/4 MILE      1
HAZE                      0

-  INDICATES NEGATIVE NUMBERS.
R  INDICATES RECORD WAS SET OR TIED.
MM INDICATES DATA IS MISSING.
T  INDICATES TRACE AMOUNT.

$$







U.S. Dept. of Commerce
NOAA National Weather Service
1325 East West Highway
Silver Spring, MD 20910
E-mail: w-nws.webmaster@noaa.gov
Page last modified: May 16, 2007
NATIONAL WEATHER SERVICE: for Safety, for Work, for Fun - FOR LIFE