081
CXUS54 KFWD 010839
CLMACT

CLIMATE REPORT
NATIONAL WEATHER SERVICE FORT WORTH TX
240 AM CST THU JAN 1 2015

...................................

...THE WACO CLIMATE SUMMARY FOR THE MONTH OF DECEMBER 2014...

CLIMATE NORMAL PERIOD 1981 TO 2010
CLIMATE RECORD PERIOD 1901 TO 2014

WEATHER         OBSERVED          NORMAL  DEPART  LAST YEAR`S
                 VALUE   DATE(S)  VALUE   FROM    VALUE  DATE(S)
                                          NORMAL
................................................................
TEMPERATURE (F)
RECORD
 HIGH              91   12/24/1955
 LOW               -4   12/23/1989
HIGHEST            76   12/05        78      -2       81  12/03
LOWEST             24   12/29        22       2       21  12/10
AVG. MAXIMUM     59.3              59.0     0.3     55.9
AVG. MINIMUM     42.6              37.5     5.1     31.6
MEAN             51.0              48.3     2.7     43.8
DAYS MAX >= 90      0               0.0     0.0        0
DAYS MAX <= 32      0               0.6    -0.6        1
DAYS MAX >= 100     0                                  0
DAYS MIN <= 32      4               9.6    -5.6       23
DAYS MIN <= 0       0               0.0     0.0        0
DAYS MIN >= 80      0                                  0

PRECIPITATION (INCHES)
RECORD
 MAXIMUM        11.76   1913
 MINIMUM            T   1922
                        1917
                        1916
TOTALS           0.54              2.75   -2.21     1.34
DAILY AVG.       0.02              0.09   -0.07     0.04
DAYS >= .01        10               7.1     2.9        4
DAYS >= .10         2               4.0    -2.0        3
DAYS >= .50         0               1.6    -1.6        1
DAYS >= 1.00        0               0.7    -0.7        1
GREATEST
 24 HR. TOTAL    0.26   12/19 TO 12/19              1.00

SNOWFALL (INCHES)
RECORDS
 TOTAL           13.0   1929
 24 HR TOTAL     13.0   12/20/1929 TO 12/21/1929
TOTALS            0.0                 T     0.0        T
SINCE 7/1         0.0               0.1    -0.1        T
SNOWDEPTH AVG.      0                MM      MM        0
DAYS >= TRACE       0                                  3
DAYS >= 1.0         0               0.0     0.0        0
GREATEST
 SNOW DEPTH         0   MM                             0  MM
 24 HR TOTAL      0.0   12/30 TO 12/30                 T

DEGREE_DAYS
HEATING TOTAL     432               524     -92      652
 SINCE 7/1        814               852     -38     1066
COOLING TOTAL       4                 5      -1        0
 SINCE 1/1       2754              2797     -43     2870
.................................................................

WIND (MPH)
AVERAGE WIND SPEED              9.2
HIGHEST WIND SPEED/DIRECTION    32/180    DATE  12/25
HIGHEST GUST SPEED/DIRECTION    40/180    DATE  12/25

SKY COVER
POSSIBLE SUNSHINE (PERCENT)   MM
AVERAGE SKY COVER           0.70
NUMBER OF DAYS FAIR            9
NUMBER OF DAYS PC              5
NUMBER OF DAYS CLOUDY         17

AVERAGE RH (PERCENT)     76

WEATHER CONDITIONS. NUMBER OF DAYS WITH
THUNDERSTORM              0     MIXED PRECIP               0
HEAVY RAIN                1     RAIN                       2
LIGHT RAIN               15     FREEZING RAIN              0
LT FREEZING RAIN          0     HAIL                       0
HEAVY SNOW                0     SNOW                       0
LIGHT SNOW                0     SLEET                      0
FOG                      21     FOG W/VIS <= 1/4 MILE      5
HAZE                      6

-  INDICATES NEGATIVE NUMBERS.
R  INDICATES RECORD WAS SET OR TIED.
MM INDICATES DATA IS MISSING.
T  INDICATES TRACE AMOUNT.

$$







U.S. Dept. of Commerce
NOAA National Weather Service
1325 East West Highway
Silver Spring, MD 20910
E-mail: w-nws.webmaster@noaa.gov
Page last modified: May 16, 2007
NATIONAL WEATHER SERVICE: for Safety, for Work, for Fun - FOR LIFE