457
CXUS54 KFWD 010850
CLMACT

CLIMATE REPORT
NATIONAL WEATHER SERVICE FORT WORTH TX
350 AM CDT TUE JUL 1 2014

...................................

...THE WACO CLIMATE SUMMARY FOR THE MONTH OF JUNE 2014...

CLIMATE NORMAL PERIOD 1981 TO 2010
CLIMATE RECORD PERIOD 1901 TO 2014

WEATHER         OBSERVED          NORMAL  DEPART  LAST YEAR`S
                 VALUE   DATE(S)  VALUE   FROM    VALUE  DATE(S)
                                          NORMAL
................................................................
TEMPERATURE (F)
RECORD
 HIGH             109   06/27/1980
 LOW               52   06/01/1964
                        06/03/1919
HIGHEST            94   06/30        99      -5      105  06/28
LOWEST             62   06/10        61       1       56  06/03
AVG. MAXIMUM     89.8              91.7    -1.9     95.1
AVG. MINIMUM     71.8              70.8     1.0     71.3
MEAN             80.8              81.2    -0.4     83.2
DAYS MAX >= 90     19              20.2    -1.2       26
DAYS MAX <= 32      0               0.0     0.0        0
DAYS MAX >= 100     0                                  5
DAYS MIN <= 32      0               0.0     0.0        0
DAYS MIN <= 0       0               0.0     0.0        0
DAYS MIN >= 80      0                                  0

PRECIPITATION (INCHES)
RECORD
 MAXIMUM        12.06   1961
 MINIMUM            T   1934
                        1933
TOTALS           8.31              3.43    4.88     1.62
DAILY AVG.       0.28              0.11    0.17     0.05
DAYS >= .01        10               7.5     2.5        6
DAYS >= .10         7               5.3     1.7        2
DAYS >= .50         3               2.1     0.9        1
DAYS >= 1.00        3               1.1     1.9        1
GREATEST
 24 HR. TOTAL    4.39   06/22 TO 06/23              1.15

DEGREE_DAYS
HEATING TOTAL       0                 0       0        0
 SINCE 7/1       2611              2142     469     2023
COOLING TOTAL     481               488      -7      552
 SINCE 1/1        868               940     -72      969
.................................................................

WIND (MPH)
AVERAGE WIND SPEED              11.7
HIGHEST WIND SPEED/DIRECTION    37/330    DATE  06/23
HIGHEST GUST SPEED/DIRECTION    59/050    DATE  06/22

SKY COVER
POSSIBLE SUNSHINE (PERCENT)   MM
AVERAGE SKY COVER           0.40
NUMBER OF DAYS FAIR           14
NUMBER OF DAYS PC             15
NUMBER OF DAYS CLOUDY          1

AVERAGE RH (PERCENT)     71

WEATHER CONDITIONS. NUMBER OF DAYS WITH
THUNDERSTORM              8     MIXED PRECIP               0
HEAVY RAIN                7     RAIN                       7
LIGHT RAIN               11     FREEZING RAIN              0
LT FREEZING RAIN          0     HAIL                       0
HEAVY SNOW                0     SNOW                       0
LIGHT SNOW                0     SLEET                      0
FOG                      11     FOG W/VIS <= 1/4 MILE      2
HAZE                      4

-  INDICATES NEGATIVE NUMBERS.
R  INDICATES RECORD WAS SET OR TIED.
MM INDICATES DATA IS MISSING.
T  INDICATES TRACE AMOUNT.

$$








U.S. Dept. of Commerce
NOAA National Weather Service
1325 East West Highway
Silver Spring, MD 20910
E-mail: w-nws.webmaster@noaa.gov
Page last modified: May 16, 2007
NATIONAL WEATHER SERVICE: for Safety, for Work, for Fun - FOR LIFE