614
CXUS54 KFWD 010845
CLMACT

CLIMATE REPORT
NATIONAL WEATHER SERVICE FORT WORTH TX
339 AM CDT MON SEP 1 2014

...................................

...THE WACO CLIMATE SUMMARY FOR THE MONTH OF AUGUST 2014...

CLIMATE NORMAL PERIOD 1981 TO 2010
CLIMATE RECORD PERIOD 1901 TO 2014

WEATHER         OBSERVED          NORMAL  DEPART  LAST YEAR`S
                 VALUE   DATE(S)  VALUE   FROM    VALUE  DATE(S)
                                          NORMAL
................................................................
TEMPERATURE (F)
RECORD
 HIGH             112   08/11/1969
 LOW               53   08/28/1992
HIGHEST           102   08/16       104      -2      104  08/30
                        08/10
                        08/08
LOWEST             62   08/13        66      -4       62  08/18
AVG. MAXIMUM     97.6              96.8     0.8     97.4
AVG. MINIMUM     73.5              73.8    -0.3     73.6
MEAN             85.6              85.3     0.3     85.5
DAYS MAX >= 90     29              27.9     1.1       29
DAYS MAX <= 32      0               0.0     0.0        0
DAYS MAX >= 100    12                                  9
DAYS MIN <= 32      0               0.0     0.0        0
DAYS MIN <= 0       0               0.0     0.0        0
DAYS MIN >= 80      0                                  0

PRECIPITATION (INCHES)
RECORD
 MAXIMUM        10.33   2008
 MINIMUM         0.00   1902
TOTALS           0.98              2.05   -1.07     0.22
DAILY AVG.       0.03              0.07   -0.04     0.01
DAYS >= .01         3               5.0    -2.0        3
DAYS >= .10         3               3.0     0.0        1
DAYS >= .50         1               1.4    -0.4        0
DAYS >= 1.00        0               0.6    -0.6        0
GREATEST
 24 HR. TOTAL    0.52   08/29 TO 08/29              0.50
                        08/28 TO 08/29
                        08/29 TO 08/29

DEGREE_DAYS
HEATING TOTAL       0                 0       0        0
 SINCE 7/1          0                 0       0        0
COOLING TOTAL     644               629      15      644
 SINCE 1/1       2075              2195    -120     2211
.................................................................

WIND (MPH)
AVERAGE WIND SPEED              9.3
HIGHEST WIND SPEED/DIRECTION    28/170    DATE  08/21
HIGHEST GUST SPEED/DIRECTION    35/170    DATE  08/21

SKY COVER
POSSIBLE SUNSHINE (PERCENT)   MM
AVERAGE SKY COVER           0.10
NUMBER OF DAYS FAIR           28
NUMBER OF DAYS PC              2
NUMBER OF DAYS CLOUDY          1

AVERAGE RH (PERCENT)     60

WEATHER CONDITIONS. NUMBER OF DAYS WITH
THUNDERSTORM              3     MIXED PRECIP               0
HEAVY RAIN                2     RAIN                       3
LIGHT RAIN                5     FREEZING RAIN              0
LT FREEZING RAIN          0     HAIL                       0
HEAVY SNOW                0     SNOW                       0
LIGHT SNOW                0     SLEET                      0
FOG                       6     FOG W/VIS <= 1/4 MILE      0
HAZE                      4

-  INDICATES NEGATIVE NUMBERS.
R  INDICATES RECORD WAS SET OR TIED.
MM INDICATES DATA IS MISSING.
T  INDICATES TRACE AMOUNT.

$$







U.S. Dept. of Commerce
NOAA National Weather Service
1325 East West Highway
Silver Spring, MD 20910
E-mail: w-nws.webmaster@noaa.gov
Page last modified: May 16, 2007
NATIONAL WEATHER SERVICE: for Safety, for Work, for Fun - FOR LIFE