449
CXUS54 KFWD 010853
CLMACT

CLIMATE REPORT
NATIONAL WEATHER SERVICE FORT WORTH TX
353 AM CDT FRI AUG 1 2014

...................................

...THE WACO CLIMATE SUMMARY FOR THE MONTH OF JULY 2014...

CLIMATE NORMAL PERIOD 1981 TO 2010
CLIMATE RECORD PERIOD 1901 TO 2014

WEATHER         OBSERVED          NORMAL  DEPART  LAST YEAR`S
                 VALUE   DATE(S)  VALUE   FROM    VALUE  DATE(S)
                                          NORMAL
................................................................
TEMPERATURE (F)
RECORD
 HIGH             109   07/12/1998
 LOW               58   07/03/2013
HIGHEST           100   07/28       102      -2      104  07/13
LOWEST             65   07/19        68      -3       58  07/03
AVG. MAXIMUM     93.8              96.3    -2.5     95.3
AVG. MINIMUM     71.9              74.1    -2.2     72.8
MEAN             82.9              85.2    -2.3     84.0
DAYS MAX >= 90     28              28.1    -0.1       26
DAYS MAX <= 32      0               0.0     0.0        0
DAYS MAX >= 100     1                                  6
DAYS MIN <= 32      0               0.0     0.0        0
DAYS MIN <= 0       0               0.0     0.0        0
DAYS MIN >= 80      0                                  0

PRECIPITATION (INCHES)
RECORD
 MAXIMUM         8.95   1902
 MINIMUM         0.00   1993
                        1930
TOTALS           0.15              1.79   -1.64     5.50
DAILY AVG.       0.00              0.06   -0.06     0.18
DAYS >= .01         1               5.3    -4.3        5
DAYS >= .10         1               2.9    -1.9        4
DAYS >= .50         0               1.1    -1.1        3
DAYS >= 1.00        0               0.5    -0.5        2
GREATEST
 24 HR. TOTAL    0.15   07/17 TO 07/17              4.42
                        07/17 TO 07/18

DEGREE_DAYS
HEATING TOTAL       0                 0       0        0
 SINCE 7/1          0                 0       0        0
COOLING TOTAL     563               626     -63      598
 SINCE 1/1       1431              1566    -135     1567
.................................................................

WIND (MPH)
AVERAGE WIND SPEED              8.1
HIGHEST WIND SPEED/DIRECTION    26/170    DATE  07/01
HIGHEST GUST SPEED/DIRECTION    32/170    DATE  07/01

SKY COVER
POSSIBLE SUNSHINE (PERCENT)   MM
AVERAGE SKY COVER           0.20
NUMBER OF DAYS FAIR           26
NUMBER OF DAYS PC              3
NUMBER OF DAYS CLOUDY          2

AVERAGE RH (PERCENT)     66

WEATHER CONDITIONS. NUMBER OF DAYS WITH
THUNDERSTORM              2     MIXED PRECIP               0
HEAVY RAIN                0     RAIN                       0
LIGHT RAIN                4     FREEZING RAIN              0
LT FREEZING RAIN          0     HAIL                       0
HEAVY SNOW                0     SNOW                       0
LIGHT SNOW                0     SLEET                      0
FOG                      10     FOG W/VIS <= 1/4 MILE      0
HAZE                      4

-  INDICATES NEGATIVE NUMBERS.
R  INDICATES RECORD WAS SET OR TIED.
MM INDICATES DATA IS MISSING.
T  INDICATES TRACE AMOUNT.

$$








U.S. Dept. of Commerce
NOAA National Weather Service
1325 East West Highway
Silver Spring, MD 20910
E-mail: w-nws.webmaster@noaa.gov
Page last modified: May 16, 2007
NATIONAL WEATHER SERVICE: for Safety, for Work, for Fun - FOR LIFE