435
CXUS54 KFWD 010852
CLMACT

CLIMATE REPORT
NATIONAL WEATHER SERVICE FORT WORTH TX
351 AM CDT SAT NOV 1 2014

...................................

...THE WACO CLIMATE SUMMARY FOR THE MONTH OF OCTOBER 2014...

CLIMATE NORMAL PERIOD 1981 TO 2010
CLIMATE RECORD PERIOD 1901 TO 2014

WEATHER         OBSERVED          NORMAL  DEPART  LAST YEAR`S
                 VALUE   DATE(S)  VALUE   FROM    VALUE  DATE(S)
                                          NORMAL
................................................................
TEMPERATURE (F)
RECORD
 HIGH             101   10/02/1989
                        10/03/1979
 LOW               25   10/31/1993
HIGHEST            96   10/07        93       3       91  10/03
LOWEST             44   10/31        40       4       39  10/20
AVG. MAXIMUM     83.8              79.9     3.9     79.3
AVG. MINIMUM     59.6              56.6     3.0     56.3
MEAN             71.7              68.3     3.4     67.8
DAYS MAX >= 90      6               3.3     2.7        2
DAYS MAX <= 32      0               0.0     0.0        0
DAYS MAX >= 100     0                                  0
DAYS MIN <= 32      0               0.1    -0.1        0
DAYS MIN <= 0       0               0.0     0.0        0
DAYS MIN >= 80      0                                  0

PRECIPITATION (INCHES)
RECORD
 MAXIMUM        10.51   1984
 MINIMUM         0.00   1952
TOTALS           5.01              3.90    1.11     7.30
DAILY AVG.       0.16              0.13    0.03     0.24
DAYS >= .01         5               7.2    -2.2       10
DAYS >= .10         3               4.7    -1.7        8
DAYS >= .50         2               2.7    -0.7        6
DAYS >= 1.00        2               1.2     0.8        2
GREATEST
 24 HR. TOTAL    2.98   10/13 TO 10/13              3.59

SNOWFALL (INCHES)
RECORDS
 TOTAL              T   1993
 24 HR TOTAL        T   10/29/1993 TO 10/29/1993
TOTALS            0.0               0.0     0.0      0.0
SINCE 7/1         0.0               0.0     0.0      0.0
SNOWDEPTH AVG.      0                MM      MM        0
DAYS >= TRACE       0                                  0
DAYS >= 1.0         0               0.0     0.0        0
GREATEST
 SNOW DEPTH         0   MM                             0  MM
 24 HR TOTAL      0.0                                0.0

DEGREE_DAYS
HEATING TOTAL      12                61     -49       49
 SINCE 7/1         12                67     -55       49
COOLING TOTAL     229               162      67      145
 SINCE 1/1       2743              2756     -13     2852
.................................................................

WIND (MPH)
AVERAGE WIND SPEED              9.5
HIGHEST WIND SPEED/DIRECTION    39/210    DATE  10/13
HIGHEST GUST SPEED/DIRECTION    56/230    DATE  10/13

SKY COVER
POSSIBLE SUNSHINE (PERCENT)   MM
AVERAGE SKY COVER           0.30
NUMBER OF DAYS FAIR           20
NUMBER OF DAYS PC              9
NUMBER OF DAYS CLOUDY          2

AVERAGE RH (PERCENT)     65

WEATHER CONDITIONS. NUMBER OF DAYS WITH
THUNDERSTORM              2     MIXED PRECIP               0
HEAVY RAIN                4     RAIN                       4
LIGHT RAIN                6     FREEZING RAIN              0
LT FREEZING RAIN          0     HAIL                       0
HEAVY SNOW                0     SNOW                       0
LIGHT SNOW                0     SLEET                      0
FOG                       9     FOG W/VIS <= 1/4 MILE      0
HAZE                      4

-  INDICATES NEGATIVE NUMBERS.
R  INDICATES RECORD WAS SET OR TIED.
MM INDICATES DATA IS MISSING.
T  INDICATES TRACE AMOUNT.

$$








U.S. Dept. of Commerce
NOAA National Weather Service
1325 East West Highway
Silver Spring, MD 20910
E-mail: w-nws.webmaster@noaa.gov
Page last modified: May 16, 2007
NATIONAL WEATHER SERVICE: for Safety, for Work, for Fun - FOR LIFE