702
CXUS53 KABR 011446
CLMABR


CLIMATE REPORT
NATIONAL WEATHER SERVICE ABERDEEN SD
936 AM CDT WED OCT 1 2014

...................................

...THE ABERDEEN SD CLIMATE SUMMARY FOR THE MONTH OF SEPTEMBER 2014...

CLIMATE NORMAL PERIOD 1981 TO 2010
CLIMATE RECORD PERIOD 1893 TO 2014

WEATHER         OBSERVED          NORMAL  DEPART  LAST YEAR`S
                 VALUE   DATE(S)  VALUE   FROM    VALUE  DATE(S)
                                          NORMAL
................................................................
TEMPERATURE (F)
RECORD
 HIGH             107   09/10/1931
 LOW               11   09/29/1939
HIGHEST            86   09/26        MM      MM       91  09/18
                        09/25
LOWEST             31   09/14        MM      MM       33  09/21
AVG. MAXIMUM     72.4              72.1     0.3     77.4
AVG. MINIMUM     46.8              45.7     1.1     50.4
MEAN             59.6              58.9     0.7     63.9
DAYS MAX >= 90      0               1.3    -1.3        1
DAYS MAX <= 32      0               0.0     0.0        0
DAYS MIN <= 32      4               1.6     2.4        0
DAYS MIN <= 0       0               0.0     0.0        0

PRECIPITATION (INCHES)
RECORD
 MAXIMUM         6.00   1921
 MINIMUM         0.01   2012
TOTALS           1.00              2.19   -1.19     2.44
DAYS >= .01         6               7.6    -1.6        8
DAYS >= .10         3               4.2    -1.2        5
DAYS >= .50         1               1.5    -0.5        2
DAYS >= 1.00        0               0.5    -0.5        0

SNOWFALL (INCHES)
RECORDS
 TOTAL             MM   MM
 SNOW DEPTH        MM   MM
TOTALS            0.0                 T     0.0      0.0
SINCE 7/1         0.0                 T     0.0      0.0
SNOWDEPTH AVG.      0                MM      MM        0
DAYS >= TRACE       0               0.0     0.0        0
DAYS >= 1.0         0               0.0     0.0        0
GREATEST
 SNOW DEPTH         0   MM                             0  MM

DEGREE_DAYS
HEATING TOTAL     193               223     -30      115
 SINCE 7/1        255               274     -19      166
COOLING TOTAL      38                40      -2       91
 SINCE 1/1        342               523    -181      580

FREEZE DATES
RECORD
 EARLIEST     MM
 LATEST       MM
EARLIEST      09/12             MM
LATEST                          MM
.................................................................

WIND (MPH)
AVERAGE WIND SPEED              10.1
RESULTANT WIND SPEED/DIRECTION   2/163
HIGHEST WIND SPEED/DIRECTION    36/320    DATE  09/20
HIGHEST GUST SPEED/DIRECTION    43/140    DATE  09/30

SKY COVER
POSSIBLE SUNSHINE (PERCENT)   MM
AVERAGE SKY COVER           0.30
NUMBER OF DAYS FAIR           22
NUMBER OF DAYS PC              3
NUMBER OF DAYS CLOUDY          5

AVERAGE RH (PERCENT)     73

WEATHER CONDITIONS. NUMBER OF DAYS WITH
THUNDERSTORM              0     MIXED PRECIP               0
HEAVY RAIN                1     RAIN                       2
LIGHT RAIN                8     FREEZING RAIN              0
LT FREEZING RAIN          0     HAIL                       0
HEAVY SNOW                0     SNOW                       0
LIGHT SNOW                0     SLEET                      0
FOG                      11     FOG W/VIS <= 1/4 MILE      2
HAZE                      3

-  INDICATES NEGATIVE NUMBERS.
R  INDICATES RECORD WAS SET OR TIED.
MM INDICATES DATA IS MISSING.
T  INDICATES TRACE AMOUNT.

$$






U.S. Dept. of Commerce
NOAA National Weather Service
1325 East West Highway
Silver Spring, MD 20910
E-mail: w-nws.webmaster@noaa.gov
Page last modified: May 16, 2007
NATIONAL WEATHER SERVICE: for Safety, for Work, for Fun - FOR LIFE