271
CXUS53 KABR 021324
CLMABR


CLIMATE REPORT
NATIONAL WEATHER SERVICE ABERDEEN SD
818 AM CDT WED JUL 2 2014

...................................

...THE ABERDEEN SD CLIMATE SUMMARY FOR THE MONTH OF JUNE 2014...

CLIMATE NORMAL PERIOD 1981 TO 2010
CLIMATE RECORD PERIOD 1896 TO 2014

WEATHER         OBSERVED          NORMAL  DEPART  LAST YEAR`S
                 VALUE   DATE(S)  VALUE   FROM    VALUE  DATE(S)
                                          NORMAL
................................................................
TEMPERATURE (F)
RECORD
 HIGH             112   06/28/1931
 LOW               28   06/07/1901
HIGHEST            87   06/21        79       8       90  06/26
LOWEST             37   06/13        MM      MM       37  06/02
AVG. MAXIMUM     76.0              77.4    -1.4     77.1
AVG. MINIMUM     51.1              53.7    -2.6     53.5
MEAN             63.5              65.6    -2.1     65.3
DAYS MAX >= 90      0               1.7    -1.7        1
DAYS MAX <= 32      0               0.0     0.0        0
DAYS MIN <= 32      0               0.0     0.0        0
DAYS MIN <= 0       0               0.0     0.0        0

PRECIPITATION (INCHES)
RECORD
 MAXIMUM        10.91   1925
 MINIMUM         0.07   1929
TOTALS           3.31              3.70   -0.39     2.20
DAYS >= .01        15              11.1     3.9       13
DAYS >= .10        11               7.2     3.8        6
DAYS >= .50         2               2.4    -0.4        1
DAYS >= 1.00        0               0.9    -0.9        0

SNOWFALL (INCHES)
RECORDS
 TOTAL             MM   MM
 SNOW DEPTH        MM   MM
TOTALS            0.0               0.0     0.0      0.0
SINCE 7/1        32.7              38.1    -5.4     62.8
SNOWDEPTH AVG.      0                MM      MM        0
DAYS >= TRACE       0               0.0     0.0        0
DAYS >= 1.0         0               0.0     0.0        0
GREATEST
 SNOW DEPTH         0   MM                             0  MM

DEGREE_DAYS
HEATING TOTAL      83                76       7       81
 SINCE 7/1       9524              8534     990     9073
COOLING TOTAL      46                92     -46       96
 SINCE 1/1         88               115     -27      117

FREEZE DATES
RECORD
 EARLIEST     MM
 LATEST       MM
EARLIEST      03/01             MM
LATEST        05/17             MM
.................................................................

WIND (MPH)
AVERAGE WIND SPEED              10.0
RESULTANT WIND SPEED/DIRECTION   1/245
HIGHEST WIND SPEED/DIRECTION    40/230    DATE  06/18
HIGHEST GUST SPEED/DIRECTION    54/180    DATE  06/18

SKY COVER
POSSIBLE SUNSHINE (PERCENT)   MM
AVERAGE SKY COVER           0.30
NUMBER OF DAYS FAIR           16
NUMBER OF DAYS PC             14
NUMBER OF DAYS CLOUDY          0

AVERAGE RH (PERCENT)     74

WEATHER CONDITIONS. NUMBER OF DAYS WITH
THUNDERSTORM              0     MIXED PRECIP               0
HEAVY RAIN                3     RAIN                       7
LIGHT RAIN               16     FREEZING RAIN              0
LT FREEZING RAIN          0     HAIL                       0
HEAVY SNOW                0     SNOW                       0
LIGHT SNOW                0     SLEET                      0
FOG                      19     FOG W/VIS <= 1/4 MILE      3
HAZE                      0

-  INDICATES NEGATIVE NUMBERS.
R  INDICATES RECORD WAS SET OR TIED.
MM INDICATES DATA IS MISSING.
T  INDICATES TRACE AMOUNT.

$$





U.S. Dept. of Commerce
NOAA National Weather Service
1325 East West Highway
Silver Spring, MD 20910
E-mail: w-nws.webmaster@noaa.gov
Page last modified: May 16, 2007
NATIONAL WEATHER SERVICE: for Safety, for Work, for Fun - FOR LIFE