654
CXUS53 KABR 011410
CLMABR


CLIMATE REPORT
NATIONAL WEATHER SERVICE ABERDEEN SD
905 AM CDT SAT NOV 1 2014

...................................

...THE ABERDEEN SD CLIMATE SUMMARY FOR THE MONTH OF OCTOBER 2014...

CLIMATE NORMAL PERIOD 1981 TO 2010
CLIMATE RECORD PERIOD 1893 TO 2014

WEATHER         OBSERVED          NORMAL  DEPART  LAST YEAR`S
                 VALUE   DATE(S)  VALUE   FROM    VALUE  DATE(S)
                                          NORMAL
................................................................
TEMPERATURE (F)
RECORD
 HIGH              96   10/05/1963
 LOW               -6   10/28/1919
HIGHEST            80   10/24        MM      MM       77  10/08
                        10/21
LOWEST             12   10/31        MM      MM       20  10/25
                                                          10/24
AVG. MAXIMUM     62.6              57.6     5.0     52.9
AVG. MINIMUM     34.3              32.7     1.6     31.8
MEAN             48.4              45.2     3.2     42.3
DAYS MAX >= 90      0               0.1    -0.1        0
DAYS MAX <= 32      0               0.5    -0.5        1
DAYS MIN <= 32     12              14.5    -2.5       19
DAYS MIN <= 0       0               0.0     0.0        0

PRECIPITATION (INCHES)
RECORD
 MAXIMUM         7.29   1998
 MINIMUM            T   1964
                        1952
TOTALS           0.26              1.99   -1.73     4.72
DAYS >= .01         7               7.2    -0.2       13
DAYS >= .10         1               3.6    -2.6        6
DAYS >= .50         0               1.2    -1.2        4
DAYS >= 1.00        0               0.5    -0.5        1

SNOWFALL (INCHES)
RECORDS
 TOTAL           16.0   1906
 SNOW DEPTH        MM   MM
TOTALS            0.0               0.7    -0.7      3.3
SINCE 7/1         0.0               0.7    -0.7      3.3
SNOWDEPTH AVG.      0                MM      MM        0
DAYS >= TRACE       0               1.0    -1.0        5
DAYS >= 1.0         0               0.3    -0.3        1
GREATEST
 SNOW DEPTH         0   MM                             3  10/29

DEGREE_DAYS
HEATING TOTAL     507               617    -110      694
 SINCE 7/1        762               891    -129      860
COOLING TOTAL       0                 2      -2        0
 SINCE 1/1        342               525    -183      580

FREEZE DATES
RECORD
 EARLIEST     MM
 LATEST       MM
EARLIEST                        MM
LATEST                          MM
.................................................................

WIND (MPH)
AVERAGE WIND SPEED              10.9
RESULTANT WIND SPEED/DIRECTION   3/280
HIGHEST WIND SPEED/DIRECTION    38/320    DATE  10/03
HIGHEST GUST SPEED/DIRECTION    47/320    DATE  10/03

SKY COVER
POSSIBLE SUNSHINE (PERCENT)   MM
AVERAGE SKY COVER           0.30
NUMBER OF DAYS FAIR           20
NUMBER OF DAYS PC              8
NUMBER OF DAYS CLOUDY          3

AVERAGE RH (PERCENT)     62

WEATHER CONDITIONS. NUMBER OF DAYS WITH
THUNDERSTORM              0     MIXED PRECIP               0
HEAVY RAIN                0     RAIN                       0
LIGHT RAIN               11     FREEZING RAIN              0
LT FREEZING RAIN          0     HAIL                       0
HEAVY SNOW                0     SNOW                       0
LIGHT SNOW                0     SLEET                      0
FOG                       3     FOG W/VIS <= 1/4 MILE      0
HAZE                      4

-  INDICATES NEGATIVE NUMBERS.
R  INDICATES RECORD WAS SET OR TIED.
MM INDICATES DATA IS MISSING.
T  INDICATES TRACE AMOUNT.

$$





U.S. Dept. of Commerce
NOAA National Weather Service
1325 East West Highway
Silver Spring, MD 20910
E-mail: w-nws.webmaster@noaa.gov
Page last modified: May 16, 2007
NATIONAL WEATHER SERVICE: for Safety, for Work, for Fun - FOR LIFE