110
CXUS53 KABR 011533
CLMABR


CLIMATE REPORT
NATIONAL WEATHER SERVICE ABERDEEN SD
1028 AM CDT MON SEP 1 2014

...................................

...THE ABERDEEN SD CLIMATE SUMMARY FOR THE MONTH OF AUGUST 2014...

CLIMATE NORMAL PERIOD 1981 TO 2010
CLIMATE RECORD PERIOD 1893 TO 2014

WEATHER         OBSERVED          NORMAL  DEPART  LAST YEAR`S
                 VALUE   DATE(S)  VALUE   FROM    VALUE  DATE(S)
                                          NORMAL
................................................................
TEMPERATURE (F)
RECORD
 HIGH             112   08/13/1965
 LOW               30   08/29/1893
HIGHEST            87   08/20        84       3       95  08/24
                        08/01
LOWEST             42   08/26        MM      MM       46  08/14
AVG. MAXIMUM     78.0              81.8    -3.8     82.7
AVG. MINIMUM     56.5              56.2     0.3     57.1
MEAN             67.2              69.0    -1.8     69.9
DAYS MAX >= 90      0               4.1    -4.1        7
DAYS MAX <= 32      0               0.0     0.0        0
DAYS MIN <= 32      0               0.0     0.0        0
DAYS MIN <= 0       0               0.0     0.0        0

PRECIPITATION (INCHES)
RECORD
 MAXIMUM         6.62   1942
 MINIMUM         0.06   1947
TOTALS           6.19              2.43    3.76     0.34
DAYS >= .01        12               8.2     3.8        5
DAYS >= .10         7               4.4     2.6        2
DAYS >= .50         3               1.4     1.6        0
DAYS >= 1.00        2               0.4     1.6        0

SNOWFALL (INCHES)
RECORDS
 TOTAL             MM   5
 SNOW DEPTH        MM   MM
TOTALS            0.0               0.0     0.0      0.0
SINCE 7/1         0.0               0.0     0.0      0.0
SNOWDEPTH AVG.      0                MM      MM        0
DAYS >= TRACE       0               0.0     0.0        0
DAYS >= 1.0         0               0.0     0.0        0
GREATEST
 SNOW DEPTH         0   MM                             0  MM

DEGREE_DAYS
HEATING TOTAL      25                37     -12       19
 SINCE 7/1         62                51      11       51
COOLING TOTAL     102               160     -58      178
 SINCE 1/1        304               483    -179      489

FREEZE DATES
RECORD
 EARLIEST     MM
 LATEST       MM
EARLIEST                        MM
LATEST                          MM
.................................................................

WIND (MPH)
AVERAGE WIND SPEED              7.5
RESULTANT WIND SPEED/DIRECTION   2/095
HIGHEST WIND SPEED/DIRECTION    36/290    DATE  08/17
HIGHEST GUST SPEED/DIRECTION    47/290    DATE  08/17

SKY COVER
POSSIBLE SUNSHINE (PERCENT)   MM
AVERAGE SKY COVER           0.40
NUMBER OF DAYS FAIR           13
NUMBER OF DAYS PC             11
NUMBER OF DAYS CLOUDY          7

AVERAGE RH (PERCENT)     79

WEATHER CONDITIONS. NUMBER OF DAYS WITH
THUNDERSTORM              0     MIXED PRECIP               0
HEAVY RAIN                7     RAIN                       9
LIGHT RAIN               14     FREEZING RAIN              0
LT FREEZING RAIN          0     HAIL                       0
HEAVY SNOW                0     SNOW                       0
LIGHT SNOW                0     SLEET                      0
FOG                      16     FOG W/VIS <= 1/4 MILE      4
HAZE                      3

-  INDICATES NEGATIVE NUMBERS.
R  INDICATES RECORD WAS SET OR TIED.
MM INDICATES DATA IS MISSING.
T  INDICATES TRACE AMOUNT.

$$





U.S. Dept. of Commerce
NOAA National Weather Service
1325 East West Highway
Silver Spring, MD 20910
E-mail: w-nws.webmaster@noaa.gov
Page last modified: May 16, 2007
NATIONAL WEATHER SERVICE: for Safety, for Work, for Fun - FOR LIFE