989
CXUS55 KABQ 011523
CLMABQ

CLIMATE REPORT
NATIONAL WEATHER SERVICE ALBUQUERQUE NM
905 AM MDT TUE APR 1 2014

...................................

...THE ALBUQUERQUE  NM CLIMATE SUMMARY FOR THE MONTH OF MARCH 2014...

CLIMATE NORMAL PERIOD 1981 TO 2010
CLIMATE RECORD PERIOD 1897 TO 2014

WEATHER         OBSERVED          NORMAL  DEPART  LAST YEAR`S
                 VALUE   DATE(S)  VALUE   FROM    VALUE  DATE(S)
                                          NORMAL
................................................................
TEMPERATURE (F)
RECORD
 HIGH              85   03/26/1971
 LOW                8   03/11/1948
HIGHEST            75   03/17        76      -1       77  03/15
LOWEST             27   03/20        21       6       23  03/24
AVG. MAXIMUM     62.8              60.5     2.3     65.2
AVG. MINIMUM     36.2              35.7     0.5     38.0
MEAN             49.5              48.1     1.4     51.6
DAYS MAX >= 90      0               0.0     0.0        0
DAYS MAX <= 32      0               0.0     0.0        0
DAYS MIN <= 32      6               8.3    -2.3        6
DAYS MIN <= 0       0               0.0     0.0        0

PRECIPITATION (INCHES)
RECORD
 MAXIMUM         2.34   1998
 MINIMUM            T   2011
                        2008
                        2002
TOTALS           0.22              0.57   -0.35     0.17
DAILY AVG.       0.01              0.02   -0.01     0.01
DAYS >= .01         4               4.9    -0.9        2
DAYS >= .10         1               1.6    -0.6        1
DAYS >= .50         0               0.2    -0.2        0
DAYS >= 1.00        0               0.0     0.0        0
GREATEST
 24 HR. TOTAL    0.14   03/14 TO 03/14              0.16

SNOWFALL (INCHES)
RECORDS
 TOTAL           13.9   1973
TOTALS              T               1.1    -1.1        T
SINCE 7/1         6.6               9.0    -2.4      3.5
SNOWDEPTH AVG.      0                MM      MM        0
DAYS >= 1.0         0               0.3    -0.3        0
GREATEST
 SNOW DEPTH         0   MM                             0  MM
 24 HR TOTAL        T   03/02 TO 03/02                 T

DEGREE_DAYS
HEATING TOTAL     470               524     -54      407
 SINCE 7/1       3613              3827    -214     3605
COOLING TOTAL       0                 0       0        0
 SINCE 1/1          0                 0       0        0
.................................................................

WIND (MPH)
AVERAGE WIND SPEED              9.3
HIGHEST WIND SPEED/DIRECTION    46/270    DATE  03/26
HIGHEST GUST SPEED/DIRECTION    61/270    DATE  03/26

SKY COVER
POSSIBLE SUNSHINE (PERCENT)   MM
AVERAGE SKY COVER           0.40
NUMBER OF DAYS FAIR           13
NUMBER OF DAYS PC             17
NUMBER OF DAYS CLOUDY          1

AVERAGE RH (PERCENT)     36

WEATHER CONDITIONS. NUMBER OF DAYS WITH
THUNDERSTORM              0     MIXED PRECIP               0
HEAVY RAIN                0     RAIN                       0
LIGHT RAIN                6     FREEZING RAIN              0
LT FREEZING RAIN          0     HAIL                       0
HEAVY SNOW                0     SNOW                       1
LIGHT SNOW                0     SLEET                      0
FOG                       2     FOG W/VIS <= 1/4 MILE      1
HAZE                      1

-  INDICATES NEGATIVE NUMBERS.
R  INDICATES RECORD WAS SET OR TIED.
MM INDICATES DATA IS MISSING.
T  INDICATES TRACE AMOUNT.

$$

----------------------------------------------------------------------------------------------------

THE AVERAGE MAXIMUM TEMPERATURE AT THE ALBUQUERQUE SUNPORT IN MARCH 2014 WAS
62.8 DEGREES. THE AVERAGE MINIMUM TEMPERATURE FOR THE MONTH WAS 36.2 DEGREES.

THE HIGHEST TEMPERATURE FOR THE MONTH WAS 75 DEGREES ON THE 17TH. THE LOWEST
TEMPERATURE FOR THE MONTH WAS 27 DEGREES ON THE 20TH.

TOTAL PRECIPITATION FOR MARCH 2014 WAS 0.22 INCHES WHICH WAS 0.35 INCHES
BELOW NORMAL. TOTAL SNOWFALL WAS A TRACE. SNOWFALL WAS RECORDED ON THE 2ND.

AVERAGE WINDSPEED WAS 9.3 MILES PER HOUR. THE PEAK WIND GUSTS FOR THE MONTH
WAS 61 MILES PER HOUR FROM THE WEST ON THE 26TH.








U.S. Dept. of Commerce
NOAA National Weather Service
1325 East West Highway
Silver Spring, MD 20910
E-mail: w-nws.webmaster@noaa.gov
Page last modified: May 16, 2007
NATIONAL WEATHER SERVICE: for Safety, for Work, for Fun - FOR LIFE