282
CXUS55 KABQ 011324
CLMABQ


CLIMATE REPORT
NATIONAL WEATHER SERVICE ALBUQUERQUE NM
702 AM MDT TUE JUL 1 2014

...................................

...THE ALBUQUERQUE  NM CLIMATE SUMMARY FOR THE MONTH OF JUNE 2014...

CLIMATE NORMAL PERIOD 1981 TO 2010
CLIMATE RECORD PERIOD 1897 TO 2014

WEATHER         OBSERVED          NORMAL  DEPART  LAST YEAR`S
                 VALUE   DATE(S)  VALUE   FROM    VALUE  DATE(S)
                                          NORMAL
................................................................
TEMPERATURE (F)
RECORD
 HIGH             107   06/26/1994
 LOW               40   06/02/1980
HIGHEST           100   06/30       100       0      105  06/27
LOWEST             56   06/15        48       8       52  06/01
AVG. MAXIMUM     92.6              88.3     4.3     94.6
AVG. MINIMUM     62.8              61.6     1.2     65.2
MEAN             77.7              74.9     2.8     79.9
DAYS MAX >= 90     24              12.5    11.5       26
DAYS MAX <= 32      0               0.0     0.0        0
DAYS MIN <= 32      0               0.0     0.0        0
DAYS MIN <= 0       0               0.0     0.0        0

PRECIPITATION (INCHES)
RECORD
 MAXIMUM         3.81   1933
 MINIMUM            T   2011
                        1975
                        1964
TOTALS           0.11              0.66   -0.55     0.02
DAILY AVG.       0.00              0.02   -0.02     0.00
DAYS >= .01         1               4.4    -3.4        1
DAYS >= .10         1               1.7    -0.7        0
DAYS >= .50         0               0.4    -0.4        0
DAYS >= 1.00        0               0.0     0.0        0
GREATEST
 24 HR. TOTAL    0.11   06/13 TO 06/13              0.02
                        06/12 TO 06/13
                        06/13 TO 06/13

SNOWFALL (INCHES)
RECORDS
 TOTAL              T   2007
                        2006
TOTALS            0.0               0.0     0.0      0.0
SINCE 7/1         6.6               9.6    -3.0      3.5
SNOWDEPTH AVG.      0                MM      MM        0
DAYS >= 1.0         0               0.0     0.0        0
GREATEST
 SNOW DEPTH         0   MM                             0  MM
 24 HR TOTAL      0.0   06/30 TO 06/30               0.0

DEGREE_DAYS
HEATING TOTAL       0                 4      -4        0
 SINCE 7/1       3980              4179    -199     3894
COOLING TOTAL     386               302      84      455
 SINCE 1/1        498               400      98      572
.................................................................

WIND (MPH)
AVERAGE WIND SPEED              9.7
HIGHEST WIND SPEED/DIRECTION    48/080    DATE  06/07
HIGHEST GUST SPEED/DIRECTION    56/080    DATE  06/07

SKY COVER
POSSIBLE SUNSHINE (PERCENT)   MM
AVERAGE SKY COVER           0.30
NUMBER OF DAYS FAIR           16
NUMBER OF DAYS PC             14
NUMBER OF DAYS CLOUDY          0

AVERAGE RH (PERCENT)     23

WEATHER CONDITIONS. NUMBER OF DAYS WITH
THUNDERSTORM              0     MIXED PRECIP               0
HEAVY RAIN                0     RAIN                       0
LIGHT RAIN                3     FREEZING RAIN              0
LT FREEZING RAIN          0     HAIL                       0
HEAVY SNOW                0     SNOW                       0
LIGHT SNOW                0     SLEET                      0
FOG                       0     FOG W/VIS <= 1/4 MILE      0
HAZE                      2

-  INDICATES NEGATIVE NUMBERS.
R  INDICATES RECORD WAS SET OR TIED.
MM INDICATES DATA IS MISSING.
T  INDICATES TRACE AMOUNT.

$$

----------------------------------------------------------------------------------

THE AVERAGE MAXIMUM TEMPERATURE AT THE ALBUQUERQUE SUNPORT IN JUNE 2014
WAS 92.6 DEGREES.  THE AVERAGE MINIMUM TEMPERATURE FOR THE MONTH WAS
62.8 DEGREES.

THE HIGHEST TEMPERATURE FOR THE MONTH WAS 100 DEGREES ON THE 30TH.  THE
LOWEST TEMPERATURE FOR THE MONTH WAS 56 DEGREES ON THE 15TH.

TOTAL PRECIPITATION FOR JUNE 2014 WAS 0.11 INCHES...WHICH IS 0.55 INCHES
BELOW NORMAL.  THERE WAS NO SNOWFALL RECORDED DURING THE MONTH.

THE AVERAGE WINDSPEED AT THE ALBUQUERQUE SUNPORT WAS 9.7 MILES PER HOUR.
THE PEAK WIND GUST FOR THE MONTH WAS 56 MILES PER HOUR FROM THE EAST ON
THE 7TH.









U.S. Dept. of Commerce
NOAA National Weather Service
1325 East West Highway
Silver Spring, MD 20910
E-mail: w-nws.webmaster@noaa.gov
Page last modified: May 16, 2007
NATIONAL WEATHER SERVICE: for Safety, for Work, for Fun - FOR LIFE