464
CXUS54 KSJT 011412
CLMABI


CLIMATE REPORT
NATIONAL WEATHER SERVICE SAN ANGELO TX
909 AM CDT TUE APR 1 2014

...................................

...THE ABILENE CLIMATE SUMMARY FOR THE MONTH OF MARCH 2014...

CLIMATE NORMAL PERIOD 1981 TO 2010
CLIMATE RECORD PERIOD 1886 TO 2014

WEATHER         OBSERVED          NORMAL  DEPART  LAST YEAR`S
                 VALUE   DATE(S)  VALUE   FROM    VALUE  DATE(S)
                                          NORMAL
................................................................
TEMPERATURE (F)
RECORD
 HIGH              98   03/21/1916
 LOW                9   03/11/1948
HIGHEST            92   03/11                         90  03/16
LOWEST             11   03/03                         25  03/06
AVG. MAXIMUM     69.9              68.6     1.3     71.9
AVG. MINIMUM     40.3              44.1    -3.8     43.4
MEAN             55.1              56.4    -1.3     57.7
DAYS MAX >= 90      2               0.6     1.4        1
DAYS MAX <= 32      0               0.1    -0.1        0
DAYS MIN <= 32      6               3.6     2.4        9
DAYS MIN <= 0       0               0.0     0.0        0

PRECIPITATION (INCHES)
RECORD
 MAXIMUM         5.16   1979
 MINIMUM         0.00   1904
TOTALS           0.67              1.74   -1.07     0.61
DAILY AVG.       0.02              0.06   -0.04     0.02
DAYS >= .01         3               6.0    -3.0        2
DAYS >= .10         1               3.4    -2.4        1
DAYS >= .50         1               1.2    -0.2        1
DAYS >= 1.00        0               0.4    -0.4        0
GREATEST
 24 HR. TOTAL    0.61   03/15 TO 03/15

SNOWFALL (INCHES)
RECORDS
 TOTAL
TOTALS              T               0.3    -0.3        T
SINCE 7/1         3.1               4.4    -1.3      1.1
SNOWDEPTH AVG.      0                                  0
DAYS >= 1.0         0               0.1    -0.1        0
GREATEST
 SNOW DEPTH         0                                  0
 24 HR TOTAL        T   03/03 TO 03/03

DEGREE_DAYS
HEATING TOTAL     340               298      42      261
 SINCE 7/1       2702              2431     271     2096
COOLING TOTAL      39                29      10       40
 SINCE 1/1         44                34      10       46
.................................................................

WIND (MPH)
AVERAGE WIND SPEED              12.7
HIGHEST WIND SPEED/DIRECTION    38/360    DATE  03/16
HIGHEST GUST SPEED/DIRECTION    49/010    DATE  03/11

SKY COVER
AVERAGE SKY COVER           0.20

AVERAGE RH (PERCENT)     48

WEATHER CONDITIONS. NUMBER OF DAYS WITH
THUNDERSTORM              0     MIXED PRECIP               0
HEAVY RAIN                1     RAIN                       1
LIGHT RAIN                5     FREEZING RAIN              0
LT FREEZING RAIN          1     HAIL                       0
HEAVY SNOW                0     SNOW                       1
LIGHT SNOW                2     SLEET                      0
FOG                       4     FOG W/VIS <= 1/4 MILE      0
HAZE                     12

-  INDICATES NEGATIVE NUMBERS.
R  INDICATES RECORD WAS SET OR TIED.
MM INDICATES DATA IS MISSING.
T  INDICATES TRACE AMOUNT.

$$





U.S. Dept. of Commerce
NOAA National Weather Service
1325 East West Highway
Silver Spring, MD 20910
E-mail: w-nws.webmaster@noaa.gov
Page last modified: May 16, 2007
NATIONAL WEATHER SERVICE: for Safety, for Work, for Fun - FOR LIFE