607
CXUS54 KSJT 011442
CLMABI


CLIMATE REPORT
NATIONAL WEATHER SERVICE SAN ANGELO TX
940 AM CDT TUE JUL 1 2014

...................................

...THE ABILENE CLIMATE SUMMARY FOR THE MONTH OF JUNE 2014...

CLIMATE NORMAL PERIOD 1981 TO 2010
CLIMATE RECORD PERIOD 1886 TO 2014

WEATHER         OBSERVED          NORMAL  DEPART  LAST YEAR`S
                 VALUE   DATE(S)  VALUE   FROM    VALUE  DATE(S)
                                          NORMAL
................................................................
TEMPERATURE (F)
RECORD
 HIGH             110   06/30/1907
 LOW               44   06/03/1919
HIGHEST            98   06/04        MM      MM      104  06/28
LOWEST             59   06/12        MM      MM       62  06/07
                                                          06/02
AVG. MAXIMUM     90.4              90.5    -0.1     94.1
AVG. MINIMUM     70.2              68.5     1.7     70.4
MEAN             80.3              79.5     0.8     82.2
DAYS MAX >= 90     20              17.4     2.6       24
DAYS MAX <= 32      0               0.0     0.0        0
DAYS MIN <= 32      0               0.0     0.0        0
DAYS MIN <= 0       0               0.0     0.0        0

PRECIPITATION (INCHES)
RECORD
 MAXIMUM         9.60   1961
 MINIMUM            T   1994
                        1901
TOTALS           3.75              3.56    0.19     5.13
DAILY AVG.       0.12              0.12    0.00     0.17
DAYS >= .01         8               7.0     1.0        8
DAYS >= .10         6               4.7     1.3        6
DAYS >= .50         3               2.6     0.4        4
DAYS >= 1.00        1               1.2    -0.2        1
GREATEST
 24 HR. TOTAL    1.29   06/11 TO 06/12

SNOWFALL (INCHES)
RECORDS
 TOTAL
TOTALS              T               0.0     0.0        T
SINCE 7/1         3.1               4.7    -1.6      1.1
SNOWDEPTH AVG.      0                MM      MM        0
DAYS >= 1.0         0               0.0     0.0        0
GREATEST
 SNOW DEPTH         0   MM                             0  MM
 24 HR TOTAL        T   06/12 TO 06/12

DEGREE_DAYS
HEATING TOTAL       0                 1      -1        0
 SINCE 7/1       2821              2559     262     2301
COOLING TOTAL     467               435      32      524
 SINCE 1/1        981               832     149     1005
.................................................................

WIND (MPH)
AVERAGE WIND SPEED              14.3
HIGHEST WIND SPEED/DIRECTION    44/350    DATE  06/09
HIGHEST GUST SPEED/DIRECTION    60/020    DATE  06/12

SKY COVER
AVERAGE SKY COVER           0.20

AVERAGE RH (PERCENT)     64

WEATHER CONDITIONS. NUMBER OF DAYS WITH
THUNDERSTORM              8     MIXED PRECIP               0
HEAVY RAIN                4     RAIN                       6
LIGHT RAIN                9     FREEZING RAIN              0
LT FREEZING RAIN          0     HAIL                       1
HEAVY SNOW                0     SNOW                       0
LIGHT SNOW                0     SLEET                      0
FOG                       5     FOG W/VIS <= 1/4 MILE      0
HAZE                      4

-  INDICATES NEGATIVE NUMBERS.
R  INDICATES RECORD WAS SET OR TIED.
MM INDICATES DATA IS MISSING.
T  INDICATES TRACE AMOUNT.

$$





U.S. Dept. of Commerce
NOAA National Weather Service
1325 East West Highway
Silver Spring, MD 20910
E-mail: w-nws.webmaster@noaa.gov
Page last modified: May 16, 2007
NATIONAL WEATHER SERVICE: for Safety, for Work, for Fun - FOR LIFE