240
CXUS54 KSJT 011514
CLMABI


CLIMATE REPORT
NATIONAL WEATHER SERVICE SAN ANGELO TX
1013 AM CDT FRI AUG 1 2014

...................................

...THE ABILENE CLIMATE SUMMARY FOR THE MONTH OF JULY 2014...

CLIMATE NORMAL PERIOD 1981 TO 2010
CLIMATE RECORD PERIOD 1886 TO 2014

WEATHER         OBSERVED          NORMAL  DEPART  LAST YEAR`S
                 VALUE   DATE(S)  VALUE   FROM    VALUE  DATE(S)
                                          NORMAL
................................................................
TEMPERATURE (F)
RECORD
 HIGH             110   07/17/1978
                        07/18/1886
 LOW               54   07/31/1911
HIGHEST           101   07/27        MM      MM      102  07/13
                        07/14
LOWEST             65   07/19        MM      MM       57  07/02
AVG. MAXIMUM     94.4              94.2     0.2     92.7
AVG. MINIMUM     72.5              72.0     0.5     71.7
MEAN             83.5              83.1     0.4     82.2
DAYS MAX >= 90     27              25.1     1.9       25
DAYS MAX <= 32      0               0.0     0.0        0
DAYS MIN <= 32      0               0.0     0.0        0
DAYS MIN <= 0       0               0.0     0.0        0

PRECIPITATION (INCHES)
RECORD
 MAXIMUM         8.04   2002
 MINIMUM            T   2011
                        1970
                        1946
TOTALS           2.46              1.87    0.59     4.44
DAILY AVG.       0.08              0.06    0.02     0.14
DAYS >= .01         5               5.1    -0.1        5
DAYS >= .10         3               3.3    -0.3        4
DAYS >= .50         1               1.0     0.0        3
DAYS >= 1.00        1               0.4     0.6        3
GREATEST
 24 HR. TOTAL    1.82   07/16 TO 07/17

SNOWFALL (INCHES)
RECORDS
 TOTAL
TOTALS            0.0               0.0     0.0      0.0
SINCE 7/1         0.0               0.0     0.0      0.0
SNOWDEPTH AVG.      0                MM      MM        0
DAYS >= 1.0         0               0.0     0.0        0
GREATEST
 SNOW DEPTH         0   MM                             0  MM
 24 HR TOTAL      0.0   07/31 TO 07/31

DEGREE_DAYS
HEATING TOTAL       0                 0       0        0
 SINCE 7/1          0                 0       0        0
COOLING TOTAL     581               561      20      541
 SINCE 1/1       1562              1393     169     1546
.................................................................

WIND (MPH)
AVERAGE WIND SPEED              10.1
HIGHEST WIND SPEED/DIRECTION    26/060    DATE  07/28
HIGHEST GUST SPEED/DIRECTION    38/020    DATE  07/28

SKY COVER
AVERAGE SKY COVER           0.20

AVERAGE RH (PERCENT)     56

WEATHER CONDITIONS. NUMBER OF DAYS WITH
THUNDERSTORM              3     MIXED PRECIP               0
HEAVY RAIN                2     RAIN                       2
LIGHT RAIN                6     FREEZING RAIN              0
LT FREEZING RAIN          0     HAIL                       0
HEAVY SNOW                0     SNOW                       0
LIGHT SNOW                0     SLEET                      0
FOG                       5     FOG W/VIS <= 1/4 MILE      0
HAZE                      6

-  INDICATES NEGATIVE NUMBERS.
R  INDICATES RECORD WAS SET OR TIED.
MM INDICATES DATA IS MISSING.
T  INDICATES TRACE AMOUNT.

$$





U.S. Dept. of Commerce
NOAA National Weather Service
1325 East West Highway
Silver Spring, MD 20910
E-mail: w-nws.webmaster@noaa.gov
Page last modified: May 16, 2007
NATIONAL WEATHER SERVICE: for Safety, for Work, for Fun - FOR LIFE