901
CXUS54 KSJT 011818
CLMABI


CLIMATE REPORT
NATIONAL WEATHER SERVICE SAN ANGELO TX
1203 PM CST THU JAN 1 2015

...................................

...THE ABILENE CLIMATE SUMMARY FOR THE MONTH OF DECEMBER 2014...

CLIMATE NORMAL PERIOD 1981 TO 2010
CLIMATE RECORD PERIOD 1886 TO 2014

WEATHER         OBSERVED          NORMAL  DEPART  LAST YEAR`S
                 VALUE   DATE(S)  VALUE   FROM    VALUE  DATE(S)
                                          NORMAL
................................................................
TEMPERATURE (F)
RECORD
 HIGH              89   12/24/1955
                        12/04/1954
 LOW               -7   12/23/1989
HIGHEST            78   12/05        MM      MM       83  12/03
LOWEST             15   12/31        MM      MM       14  12/10
                                                          12/07
AVG. MAXIMUM     58.9              56.9     2.0     54.4
AVG. MINIMUM     41.2              33.7     7.5     30.2
MEAN             50.1              45.3     4.8     42.3
DAYS MAX >= 90      0               0.0     0.0        0
DAYS MAX <= 32      1               1.0     0.0        2
DAYS MIN <= 32      6              13.6    -7.6       20
DAYS MIN <= 0       0               0.0     0.0        0

PRECIPITATION (INCHES)
RECORD
 MAXIMUM         6.69   1926
 MINIMUM         0.00   1908
TOTALS           0.53              1.23   -0.70     1.11
DAILY AVG.       0.02              0.04   -0.02     0.04
DAYS >= .01         6               5.1     0.9        4
DAYS >= .10         2               2.5    -0.5        3
DAYS >= .50         0               0.8    -0.8        1
DAYS >= 1.00        0               0.2    -0.2        0
GREATEST
 24 HR. TOTAL    0.26   12/23 TO 12/23


SNOWFALL (INCHES)
RECORDS
 TOTAL             7.0  1898
TOTALS              T               1.1    -1.1      0.8
SINCE 7/1         0.1               1.8    -1.7      1.3
SNOWDEPTH AVG.      0                MM      MM        0
DAYS >= 1.0         0               0.4    -0.4        0
GREATEST
 SNOW DEPTH         0   MM                             1  12/08
                                                          12/07
                                                          12/06
 24 HR TOTAL        T   12/31 TO 12/31

DEGREE_DAYS
HEATING TOTAL     453               612    -159      698
 SINCE 7/1        870              1045    -175     1170
COOLING TOTAL       0                 1      -1        1
 SINCE 1/1       2819              2409     410     2723
.................................................................

WIND (MPH)
AVERAGE WIND SPEED              10.6
HIGHEST WIND SPEED/DIRECTION    38/190    DATE  12/25
HIGHEST GUST SPEED/DIRECTION    47/180    DATE  12/25

SKY COVER
AVERAGE SKY COVER           0.50

AVERAGE RH (PERCENT)     67

WEATHER CONDITIONS. NUMBER OF DAYS WITH
THUNDERSTORM              0     MIXED PRECIP               0
HEAVY RAIN                0     RAIN                       1
LIGHT RAIN                7     FREEZING RAIN              0
LT FREEZING RAIN          3     HAIL                       0
HEAVY SNOW                0     SNOW                       0
LIGHT SNOW                3     SLEET                      3
FOG                      10     FOG W/VIS <= 1/4 MILE      0
HAZE                      0

-  INDICATES NEGATIVE NUMBERS.
R  INDICATES RECORD WAS SET OR TIED.
MM INDICATES DATA IS MISSING.
T  INDICATES TRACE AMOUNT.

$$






U.S. Dept. of Commerce
NOAA National Weather Service
1325 East West Highway
Silver Spring, MD 20910
E-mail: w-nws.webmaster@noaa.gov
Page last modified: May 16, 2007
NATIONAL WEATHER SERVICE: for Safety, for Work, for Fun - FOR LIFE