939
CXUS54 KSJT 011546 CCA
CLMABI

CLIMATE REPORT...CORRECTED
NATIONAL WEATHER SERVICE SAN ANGELO TX
1046 AM CDT WED OCT 1 2014

...................................

...THE ABILENE CLIMATE SUMMARY FOR THE MONTH OF SEPTEMBER 2014...

CLIMATE NORMAL PERIOD 1981 TO 2010
CLIMATE RECORD PERIOD 1886 TO 2014

WEATHER         OBSERVED          NORMAL  DEPART  LAST YEAR`S
                 VALUE   DATE(S)  VALUE   FROM    VALUE  DATE(S)
                                          NORMAL
................................................................
TEMPERATURE (F)
RECORD
 HIGH             107   09/05/2000
 LOW               38   09/24/1989
HIGHEST           103   09/10                        102  09/01
LOWEST             52   09/13                         54  09/22
AVG. MAXIMUM     88.2              86.8     1.4     90.4
AVG. MINIMUM     67.4              64.2     3.2     66.8
MEAN             77.8              75.5     2.3     78.6
DAYS MAX >= 90     11              10.7     0.3       19
DAYS MAX <= 32      0               0.0     0.0        0
DAYS MIN <= 32      0               0.0     0.0        0
DAYS MIN <= 0       0               0.0     0.0        0

PRECIPITATION (INCHES)
RECORD
 MAXIMUM        11.03   1974
 MINIMUM            T   1956
TOTALS           0.77              2.24   -1.47     3.18
DAILY AVG.       0.03              0.07   -0.04     0.11
DAYS >= .01         8               5.8     2.2        4
DAYS >= .10         2               3.5    -1.5        3
DAYS >= .50         0               1.6    -1.6        3
DAYS >= 1.00        0               0.6    -0.6        1
GREATEST
 24 HR. TOTAL    0.45   09/17 TO 09/18

SNOWFALL (INCHES)
RECORDS
 TOTAL            0.0
TOTALS            0.0               0.0     0.0      0.0
SINCE 7/1         0.0               0.0     0.0      0.0
SNOWDEPTH AVG.      0                MM      MM        0
DAYS >= 1.0         0               0.0     0.0        0
GREATEST
 SNOW DEPTH         0   MM                             0  MM
 24 HR TOTAL      0.0   09/30 TO 09/30

DEGREE_DAYS
HEATING TOTAL       5                11      -6        0
 SINCE 7/1          5                11      -6        0
COOLING TOTAL     398               326      72      415
 SINCE 1/1       2582              2271     311     2569
.................................................................

WIND (MPH)
AVERAGE WIND SPEED              9.2
HIGHEST WIND SPEED/DIRECTION    29/210    DATE  09/10
HIGHEST GUST SPEED/DIRECTION    37/210    DATE  09/10

SKY COVER
AVERAGE SKY COVER           0.30

AVERAGE RH (PERCENT)     63

WEATHER CONDITIONS. NUMBER OF DAYS WITH
THUNDERSTORM              0     MIXED PRECIP               0
HEAVY RAIN                1     RAIN                       3
LIGHT RAIN               11     FREEZING RAIN              0
LT FREEZING RAIN          0     HAIL                       0
HEAVY SNOW                0     SNOW                       0
LIGHT SNOW                0     SLEET                      0
FOG                       8     FOG W/VIS <= 1/4 MILE      0
HAZE                      3



$$











U.S. Dept. of Commerce
NOAA National Weather Service
1325 East West Highway
Silver Spring, MD 20910
E-mail: w-nws.webmaster@noaa.gov
Page last modified: May 16, 2007
NATIONAL WEATHER SERVICE: for Safety, for Work, for Fun - FOR LIFE