526
CXUS54 KSJT 011657 CCA
CLMABI

CLIMATE REPORT...CORRECTED
NATIONAL WEATHER SERVICE SAN ANGELO TX
1057 AM CST MON DEC 1 2014

...................................

...THE ABILENE CLIMATE SUMMARY FOR THE MONTH OF NOVEMBER 2014...

CLIMATE NORMAL PERIOD 1981 TO 2010
CLIMATE RECORD PERIOD 1886 TO 2014

WEATHER         OBSERVED          NORMAL  DEPART  LAST YEAR`S
                 VALUE   DATE(S)  VALUE   FROM    VALUE  DATE(S)
                                          NORMAL
................................................................
TEMPERATURE (F)
RECORD
 HIGH              92   11/08/1980
 LOW               13   11/27/1887
HIGHEST            84   11/10        MM      MM       84  11/17
LOWEST             21   11/17        MM      MM       21  11/13
AVG. MAXIMUM     64.3              66.3    -2.0     63.9
AVG. MINIMUM     39.9              43.0    -3.1     40.4
MEAN             52.1              54.6    -2.5     52.2
DAYS MAX >= 90      0               0.1    -0.1        0
DAYS MAX <= 32      0               0.1    -0.1        0
DAYS MIN <= 32      9               4.4     4.6       10
DAYS MIN <= 0       0               0.0     0.0        0

PRECIPITATION (INCHES)
RECORD
 MAXIMUM         5.82   1913
 MINIMUM         0.00   1949
TOTALS           2.44              1.41    1.03     1.17
DAILY AVG.       0.08              0.05    0.03     0.04
DAYS >= .01         4               4.6    -0.6        6
DAYS >= .10         2               2.5    -0.5        3
DAYS >= .50         1               1.0     0.0        1
DAYS >= 1.00        1               0.2     0.8        0
GREATEST
 24 HR. TOTAL    2.00   11/04 TO 11/05

SNOWFALL (INCHES)
RECORDS
 TOTAL            8.2   1918
                        0
                        0
TOTALS            0.1               0.7    -0.6      0.5
SINCE 7/1         0.1               0.7    -0.6      0.5
SNOWDEPTH AVG.      0                MM      MM        0
DAYS >= 1.0         0               0.2    -0.2        0
GREATEST
 SNOW DEPTH         0   MM                             0  MM
 24 HR TOTAL      0.1   11/16/2014

DEGREE_DAYS
HEATING TOTAL     390               329      61      393
 SINCE 7/1        417               433     -16      472
COOLING TOTAL       9                19     -10       13
 SINCE 1/1       2819              2408     411     2722
.................................................................

WIND (MPH)
AVERAGE WIND SPEED              12.3
HIGHEST WIND SPEED/DIRECTION    37/350    DATE  11/11
HIGHEST GUST SPEED/DIRECTION    46/180    DATE  11/02

SKY COVER
AVERAGE SKY COVER           0.20

AVERAGE RH (PERCENT)     59

WEATHER CONDITIONS. NUMBER OF DAYS WITH
THUNDERSTORM              1     MIXED PRECIP               0
HEAVY RAIN                1     RAIN                       2
LIGHT RAIN                4     FREEZING RAIN              0
LT FREEZING RAIN          1     HAIL                       0
HEAVY SNOW                0     SNOW                       0
LIGHT SNOW                1     SLEET                      1
FOG                       5     FOG W/VIS <= 1/4 MILE      1
HAZE                      1

-  INDICATES NEGATIVE NUMBERS.
R  INDICATES RECORD WAS SET OR TIED.
MM INDICATES DATA IS MISSING.
T  INDICATES TRACE AMOUNT.

$$









U.S. Dept. of Commerce
NOAA National Weather Service
1325 East West Highway
Silver Spring, MD 20910
E-mail: w-nws.webmaster@noaa.gov
Page last modified: May 16, 2007
NATIONAL WEATHER SERVICE: for Safety, for Work, for Fun - FOR LIFE