781
CXUS51 KPHI 011246
CLMABE


CLIMATE REPORT
NATIONAL WEATHER SERVICE MOUNT HOLLY NJ
746 AM EST MON DEC 1 2014

...................................

...THE ALLENTOWN CLIMATE SUMMARY FOR THE MONTH OF NOVEMBER 2014...

CLIMATE NORMAL PERIOD 1981 TO 2010
CLIMATE RECORD PERIOD 1922 TO 2014

WEATHER         OBSERVED          NORMAL  DEPART  LAST YEAR`S
                 VALUE   DATE(S)  VALUE   FROM    VALUE  DATE(S)
                                          NORMAL
................................................................
TEMPERATURE (F)
RECORD
 HIGH              81   11/01/1950
 LOW                3   11/26/1938
HIGHEST            71                70       1       70
LOWEST             15                20      -5       16
AVG. MAXIMUM     48.7              52.5    -3.8     50.2
AVG. MINIMUM     29.7              32.9    -3.2     30.8
MEAN             39.2              42.7    -3.5     40.5
DAYS MAX >= 90      0               0.0     0.0        0
DAYS MAX <= 32      2               0.2     1.8        1
DAYS MIN <= 32     18              14.6     3.4       22
DAYS MIN <= 0       0               0.0     0.0        0

PRECIPITATION (INCHES)
RECORD
 MAXIMUM         9.69   1972
 MINIMUM         0.43   1931
TOTALS           3.12              3.50   -0.38     2.58
DAILY AVG.       0.10              0.12   -0.02     0.09
DAYS >= .01         8               9.8    -1.8        7
DAYS >= .10         6               6.2    -0.2        5
DAYS >= .50         2               2.4    -0.4        2
DAYS >= 1.00        1               0.9     0.1        1
GREATEST
 24 HR. TOTAL    1.06   11/26 TO 11/27              1.86

SNOWFALL (INCHES)
RECORDS
 TOTAL             MM   5
 24 HR TOTAL       MM
TOTALS            5.7               0.7     5.0        T
SINCE 7/1         5.7               0.7     5.0        T
SNOWDEPTH AVG.      0                MM      MM        0
DAYS >= 1.0         1               0.3     0.7        0
GREATEST
 SNOW DEPTH         3   11/30                          0  MM
                        11/29
                        11/28
 24 HR TOTAL      4.9   MM                             T

DEGREE_DAYS
HEATING TOTAL     766               669      97      727
 SINCE 7/1       1135              1180     -45     1159
COOLING TOTAL       0                 0       0        0
 SINCE 1/1        807               757      50      927
.................................................................

WIND (MPH)
AVERAGE WIND SPEED              6.8
HIGHEST WIND SPEED/DIRECTION    31/340    DATE  11/02
HIGHEST GUST SPEED/DIRECTION    41/270    DATE  11/18

SKY COVER
POSSIBLE SUNSHINE (PERCENT)   MM
AVERAGE SKY COVER           0.50
NUMBER OF DAYS FAIR           12
NUMBER OF DAYS PC             12
NUMBER OF DAYS CLOUDY          6

AVERAGE RH (PERCENT)     62

WEATHER CONDITIONS. NUMBER OF DAYS WITH
THUNDERSTORM              0     MIXED PRECIP               0
HEAVY RAIN                1     RAIN                       4
LIGHT RAIN               12     FREEZING RAIN              0
LT FREEZING RAIN          0     HEAVY SNOW                 0
SNOW                      1     LIGHT SNOW                 6
SLEET                     0     FOG                       13
FOG W/VIS <= 1/4 MILE     0     HAZE                       4

-  INDICATES NEGATIVE NUMBERS.
R  INDICATES RECORD WAS SET OR TIED.
MM INDICATES DATA IS MISSING.
T  INDICATES TRACE AMOUNT.

$$




U.S. Dept. of Commerce
NOAA National Weather Service
1325 East West Highway
Silver Spring, MD 20910
E-mail: w-nws.webmaster@noaa.gov
Page last modified: May 16, 2007
NATIONAL WEATHER SERVICE: for Safety, for Work, for Fun - FOR LIFE