430
CXUS51 KPHI 011201
CLMABE


CLIMATE REPORT
NATIONAL WEATHER SERVICE MOUNT HOLLY NJ
801 AM EDT TUE JUL 1 2014

...................................

...THE ALLENTOWN CLIMATE SUMMARY FOR THE MONTH OF JUNE 2014...

CLIMATE NORMAL PERIOD 1981 TO 2010
CLIMATE RECORD PERIOD 1922 TO 2014

WEATHER         OBSERVED          NORMAL  DEPART  LAST YEAR`S
                 VALUE   DATE(S)  VALUE   FROM    VALUE  DATE(S)
                                          NORMAL
................................................................
TEMPERATURE (F)
RECORD
 HIGH             100   06/27/1966
                        06/06/1925
                        06/20/1923
 LOW               39   06/11/1972
                        06/01/1945
                        06/08/1932
HIGHEST            90                93      -3       92
LOWEST             49                46       3       48
AVG. MAXIMUM     81.7              80.1     1.6     81.3
AVG. MINIMUM     59.8              58.1     1.7     60.4
MEAN             70.7              69.1     1.6     70.9
DAYS MAX >= 90      2               2.2    -0.2        3
DAYS MAX <= 32      0               0.0     0.0        0
DAYS MIN <= 32      0               0.0     0.0        0
DAYS MIN <= 0       0               0.0     0.0        0

PRECIPITATION (INCHES)
RECORD
 MAXIMUM        10.51   1938
 MINIMUM         0.34   1949
TOTALS           5.40              4.31    1.09     6.83
DAILY AVG.       0.18              0.14    0.04     0.23
DAYS >= .01        10              11.4    -1.4       13
DAYS >= .10         7               7.4    -0.4        8
DAYS >= .50         5               2.9     2.1        4
DAYS >= 1.00        1               1.2    -0.2        3
GREATEST
 24 HR. TOTAL    2.28   06/12 TO 06/13              1.86

SNOWFALL (INCHES)
RECORDS
 TOTAL             MM   5
 24 HR TOTAL       MM
TOTALS            0.0               0.0     0.0      0.0
SINCE 7/1        68.1              32.9    35.2     21.4
SNOWDEPTH AVG.      0                MM      MM        0
DAYS >= 1.0         0               0.0     0.0        0
GREATEST
 SNOW DEPTH         0   MM                             0  MM
 24 HR TOTAL      0.0   06/30 TO 06/30               0.0

DEGREE_DAYS
HEATING TOTAL       4                33     -29        9
 SINCE 7/1       6157              5801     356     5404
COOLING TOTAL     182               155      27      191
 SINCE 1/1        221               200      21      263
.................................................................

WIND (MPH)
AVERAGE WIND SPEED              5.9
HIGHEST WIND SPEED/DIRECTION    29/230    DATE  06/13
HIGHEST GUST SPEED/DIRECTION    38/240    DATE  06/13

SKY COVER
POSSIBLE SUNSHINE (PERCENT)   MM
AVERAGE SKY COVER           0.40
NUMBER OF DAYS FAIR           17
NUMBER OF DAYS PC              7
NUMBER OF DAYS CLOUDY          6

AVERAGE RH (PERCENT)     67

WEATHER CONDITIONS. NUMBER OF DAYS WITH
THUNDERSTORM              0     MIXED PRECIP               0
HEAVY RAIN                5     RAIN                       5
LIGHT RAIN               14     FREEZING RAIN              0
LT FREEZING RAIN          0     HEAVY SNOW                 0
SNOW                      0     LIGHT SNOW                 0
SLEET                     0     FOG                       12
FOG W/VIS <= 1/4 MILE     1     HAZE                      11

-  INDICATES NEGATIVE NUMBERS.
R  INDICATES RECORD WAS SET OR TIED.
MM INDICATES DATA IS MISSING.
T  INDICATES TRACE AMOUNT.

$$




U.S. Dept. of Commerce
NOAA National Weather Service
1325 East West Highway
Silver Spring, MD 20910
E-mail: w-nws.webmaster@noaa.gov
Page last modified: May 16, 2007
NATIONAL WEATHER SERVICE: for Safety, for Work, for Fun - FOR LIFE