487
CXUS52 KTAE 011249
CLMAAF

MIACLMAAF 000
TTAA00 KTAE 011249


CLIMATE REPORT
NATIONAL WEATHER SERVICE TALLAHASSEE FL
745 AM EST SUN FEB 1 2015

...................................

...THE APALACHICOLA CLIMATE SUMMARY FOR THE MONTH OF JANUARY 2015...

CLIMATE NORMAL PERIOD 1981 TO 2010
CLIMATE RECORD PERIOD 1931 TO 2015

WEATHER         OBSERVED                   LAST YEAR`S
                 VALUE   DATE(S)           VALUE  DATE(S)

.........................................................
TEMPERATURE (F)
HIGHEST            73   01/18                  72  01/11
                        01/04
                        01/03
LOWEST             27   01/08                  24  01/07
AVG. MAXIMUM     65.8                        59.9
AVG. MINIMUM     46.0                        40.3
MEAN             55.9                        50.1
DAYS MAX >= 90      0                           0
DAYS MAX <= 32      0                           0
DAYS MIN <= 32      2                           7
DAYS MIN <= 0       0                           0

PRECIPITATION (INCHES)
TOTALS           4.93                        5.48
DAILY AVG.       0.16                        0.18
DAYS >= .01         4                          14
DAYS >= .10         3                          11
DAYS >= .50         2                           4
DAYS >= 1.00        2                           2
GREATEST
 24 HR. TOTAL    3.14   01/23 TO 01/23       1.33

DEGREE_DAYS
HEATING TOTAL     274                         454
 SINCE 7/1        689                         755
COOLING TOTAL      10                           1
 SINCE 1/1         10                           1
..........................................................

WIND (MPH)
AVERAGE WIND SPEED              7.5
HIGHEST WIND SPEED/DIRECTION    32/160    DATE  01/23
HIGHEST GUST SPEED/DIRECTION    39/010    DATE  01/07

SKY COVER
AVERAGE SKY COVER           0.40

AVERAGE RH (PERCENT)     67

WEATHER CONDITIONS. NUMBER OF DAYS WITH
THUNDERSTORM              0     MIXED PRECIP               0
HEAVY RAIN                2     RAIN                       4
LIGHT RAIN                4     FREEZING RAIN              0
LT FREEZING RAIN          0     HAIL                       0
HEAVY SNOW                0     SNOW                       0
LIGHT SNOW                0     SLEET                      0
FOG                      11     FOG W/VIS <= 1/4 MILE      5
HAZE                     12

-  INDICATES NEGATIVE NUMBERS.
R  INDICATES RECORD WAS SET OR TIED.
MM INDICATES DATA IS MISSING.
T  INDICATES TRACE AMOUNT.

$$







U.S. Dept. of Commerce
NOAA National Weather Service
1325 East West Highway
Silver Spring, MD 20910
E-mail: w-nws.webmaster@noaa.gov
Page last modified: May 16, 2007
NATIONAL WEATHER SERVICE: for Safety, for Work, for Fun - FOR LIFE