341
CXUS52 KTAE 021324
CLMAAF

CLIMATE REPORT
NATIONAL WEATHER SERVICE TALLAHASSEE FL
924 AM EDT TUE SEP 2 2014

...................................

...THE APALACHICOLA CLIMATE SUMMARY FOR THE MONTH OF AUGUST 2014...

CLIMATE NORMAL PERIOD 1981 TO 2010
CLIMATE RECORD PERIOD 1931 TO 2014

WEATHER         OBSERVED                   LAST YEAR`S
                 VALUE   DATE(S)           VALUE  DATE(S)

.........................................................
TEMPERATURE (F)
HIGHEST           102   08/24                  95  08/06
LOWEST             65   08/01                  72  08/28
                                                   08/26
AVG. MAXIMUM     91.5                        89.0
AVG. MINIMUM     74.8                        75.5
MEAN             83.2                        82.3
DAYS MAX >= 90     24                          13
DAYS MAX <= 32      0                           0
DAYS MIN <= 32      0                           0
DAYS MIN <= 0       0                           0

PRECIPITATION (INCHES)
TOTALS           3.95                        7.91
DAILY AVG.       0.13                        0.26
DAYS >= .01        10                          21
DAYS >= .10         6                          12
DAYS >= .50         4                           5
DAYS >= 1.00        1                           3
GREATEST
 24 HR. TOTAL    1.46   08/04 TO 08/04       1.96

DEGREE_DAYS
HEATING TOTAL       0                           0
 SINCE 7/1          0                           0
COOLING TOTAL     571                         541
 SINCE 1/1       1980                        1920
..........................................................

WIND (MPH)
AVERAGE WIND SPEED              5.9
HIGHEST WIND SPEED/DIRECTION    29/240    DATE  08/24
HIGHEST GUST SPEED/DIRECTION    42/340    DATE  08/22

SKY COVER
AVERAGE SKY COVER           0.10

AVERAGE RH (PERCENT)     74

WEATHER CONDITIONS. NUMBER OF DAYS WITH
THUNDERSTORM              0     MIXED PRECIP               0
HEAVY RAIN                6     RAIN                       6
LIGHT RAIN               11     FREEZING RAIN              0
LT FREEZING RAIN          0     HAIL                       0
HEAVY SNOW                0     SNOW                       0
LIGHT SNOW                0     SLEET                      0
FOG                      10     FOG W/VIS <= 1/4 MILE      1
HAZE                      4

-  INDICATES NEGATIVE NUMBERS.
R  INDICATES RECORD WAS SET OR TIED.
MM INDICATES DATA IS MISSING.
T  INDICATES TRACE AMOUNT.

$$







U.S. Dept. of Commerce
NOAA National Weather Service
1325 East West Highway
Silver Spring, MD 20910
E-mail: w-nws.webmaster@noaa.gov
Page last modified: May 16, 2007
NATIONAL WEATHER SERVICE: for Safety, for Work, for Fun - FOR LIFE