235
CXUS52 KTAE 011900
CLMAAF

CLIMATE REPORT
NATIONAL WEATHER SERVICE TALLAHASSEE FL
305 PM EDT FRI AUG 1 2014

...................................

...THE APALACHICOLA CLIMATE SUMMARY FOR THE MONTH OF JULY 2014...

CLIMATE NORMAL PERIOD 1981 TO 2010
CLIMATE RECORD PERIOD 1931 TO 2014

WEATHER         OBSERVED                   LAST YEAR`S
                 VALUE   DATE(S)           VALUE  DATE(S)

.........................................................
TEMPERATURE (F)
HIGHEST            94   07/02                  92  07/26
                        07/01
LOWEST             63R  07/31                  72  07/13
AVG. MAXIMUM     89.5                        86.5
AVG. MINIMUM     73.6                        74.8
MEAN             81.5                        80.6
DAYS MAX >= 90     15                           3
DAYS MAX <= 32      0                           0
DAYS MIN <= 32      0                           0
DAYS MIN <= 0       0                           0

PRECIPITATION (INCHES)
TOTALS           4.61                       12.31
DAILY AVG.       0.15                        0.40
DAYS >= .01        11                          17
DAYS >= .10         7                          12
DAYS >= .50         4                          11
DAYS >= 1.00        1                           4
GREATEST
 24 HR. TOTAL    2.37   07/19 TO 07/20       3.18

DEGREE_DAYS
HEATING TOTAL       0                           0
 SINCE 7/1          0                           0
COOLING TOTAL     522                         492
 SINCE 1/1       1409                        1379
..........................................................

WIND (MPH)
AVERAGE WIND SPEED              6.3
HIGHEST WIND SPEED/DIRECTION    25/320    DATE  07/19
HIGHEST GUST SPEED/DIRECTION    34/320    DATE  07/19

SKY COVER
AVERAGE SKY COVER           0.10

AVERAGE RH (PERCENT)     74

WEATHER CONDITIONS. NUMBER OF DAYS WITH
THUNDERSTORM              0     MIXED PRECIP               0
HEAVY RAIN                6     RAIN                       9
LIGHT RAIN               14     FREEZING RAIN              0
LT FREEZING RAIN          0     HAIL                       0
HEAVY SNOW                0     SNOW                       0
LIGHT SNOW                0     SLEET                      0
FOG                       9     FOG W/VIS <= 1/4 MILE      0
HAZE                      4

-  INDICATES NEGATIVE NUMBERS.
R  INDICATES RECORD WAS SET OR TIED.
MM INDICATES DATA IS MISSING.
T  INDICATES TRACE AMOUNT.

$$






U.S. Dept. of Commerce
NOAA National Weather Service
1325 East West Highway
Silver Spring, MD 20910
E-mail: w-nws.webmaster@noaa.gov
Page last modified: May 16, 2007
NATIONAL WEATHER SERVICE: for Safety, for Work, for Fun - FOR LIFE