789
CXUS53 KABR 062119 CCA
CLM8D3

CLIMATE REPORT
NATIONAL WEATHER SERVICE ABERDEEN SD
900 AM CDT FRI AUG 1 2014

...................................

...THE SISSETON SD CLIMATE SUMMARY FOR THE MONTH OF JULY 2014...

CLIMATE NORMAL PERIOD 1981 TO 2010
CLIMATE RECORD PERIOD 1900 TO 2014

WEATHER         OBSERVED          NORMAL  DEPART  LAST YEAR`S
                 VALUE   DATE(S)  VALUE   FROM    VALUE  DATE(S)
                                          NORMAL
................................................................
TEMPERATURE (F)
RECORD
 HIGH             113   07/06/1936
 LOW               40   07/29/1952
                        07/13/1950
HIGHEST            89   07/20        84       5       91  07/18
                        07/11                             07/12
                        07/05
LOWEST             49   07/16        MM      MM       42  07/28
AVG. MAXIMUM     79.2              82.9    -3.7     82.0
AVG. MINIMUM     57.4              59.5    -2.1     59.2
MEAN             68.3              71.2    -2.9     70.6
DAYS MAX >= 90      0               4.2    -4.2        2
DAYS MAX <= 32      0               0.0     0.0        0
DAYS MIN <= 32      0               0.0     0.0        0
DAYS MIN <= 0       0               0.0     0.0        0

PRECIPITATION (INCHES)
RECORD
 MAXIMUM         8.13   1962
 MINIMUM         0.32   1975
TOTALS           1.74              3.58   -1.84     2.80
DAYS >= .01         8                MM      MM        8
DAYS >= .10         6                MM      MM        6
DAYS >= .50         1                MM      MM        1
DAYS >= 1.00        0                MM      MM        1

SNOWFALL (INCHES)
RECORDS
 TOTAL             MM   MM
 SNOW DEPTH        MM   MM
TOTALS            0.0                MM      MM      0.0
SINCE 7/1         0.0                MM      MM      0.0
SNOWDEPTH AVG.      0                MM      MM        0
DAYS >= TRACE       0                MM      MM        0
DAYS >= 1.0         0                MM      MM        0
GREATEST
 SNOW DEPTH         0   MM                             0  MM

DEGREE_DAYS
HEATING TOTAL      20                13       7       26
 SINCE 7/1         20                13       7       26
COOLING TOTAL     130               205     -75      206
 SINCE 1/1        279               322     -43      348

FREEZE DATES
RECORD
 EARLIEST     MM
 LATEST       MM
EARLIEST                        MM
LATEST                          MM
.................................................................

WIND (MPH)
AVERAGE WIND SPEED              9.3
RESULTANT WIND SPEED/DIRECTION   3/311
HIGHEST WIND SPEED/DIRECTION    53/320    DATE  07/21
HIGHEST GUST SPEED/DIRECTION    66/320    DATE  07/21

SKY COVER
POSSIBLE SUNSHINE (PERCENT)   MM
AVERAGE SKY COVER           0.00
NUMBER OF DAYS FAIR           31
NUMBER OF DAYS PC              0
NUMBER OF DAYS CLOUDY          0

AVERAGE RH (PERCENT)     72

WEATHER CONDITIONS. NUMBER OF DAYS WITH
THUNDERSTORM              0     MIXED PRECIP               0
HEAVY RAIN                0     RAIN                       0
LIGHT RAIN                1     FREEZING RAIN              0
LT FREEZING RAIN          0     HAIL                       0
HEAVY SNOW                0     SNOW                       0
LIGHT SNOW                0     SLEET                      0
FOG                       0     FOG W/VIS <= 1/4 MILE      0
HAZE                      0

-  INDICATES NEGATIVE NUMBERS.
R  INDICATES RECORD WAS SET OR TIED.
MM INDICATES DATA IS MISSING.
T  INDICATES TRACE AMOUNT.

$$








U.S. Dept. of Commerce
NOAA National Weather Service
1325 East West Highway
Silver Spring, MD 20910
E-mail: w-nws.webmaster@noaa.gov
Page last modified: May 16, 2007
NATIONAL WEATHER SERVICE: for Safety, for Work, for Fun - FOR LIFE