599
CXUS53 KABR 011439
CLM8D3


CLIMATE REPORT
NATIONAL WEATHER SERVICE ABERDEEN SD
836 AM CST THU JAN 1 2015

...................................

...THE SISSETON SD CLIMATE SUMMARY FOR THE MONTH OF DECEMBER 2014...

CLIMATE NORMAL PERIOD 1981 TO 2010
CLIMATE RECORD PERIOD 1900 TO 2014

WEATHER         OBSERVED          NORMAL  DEPART  LAST YEAR`S
                 VALUE   DATE(S)  VALUE   FROM    VALUE  DATE(S)
                                          NORMAL
................................................................
TEMPERATURE (F)
RECORD
 HIGH              70   12/06/1939
 LOW              -30   12/19/1983
HIGHEST            53   12/13        MM      MM       44  12/28
                                                          12/18
LOWEST            -12   12/01        MM      MM      -20  12/23
AVG. MAXIMUM     28.6              26.1     2.5     17.1
AVG. MINIMUM     15.2               7.9     7.3     -0.3
MEAN             21.9              17.0     4.9      8.4
DAYS MAX >= 90      0               0.0     0.0        0
DAYS MAX <= 32     18              20.1    -2.1       25
DAYS MIN <= 32     29              30.8    -1.8       31
DAYS MIN <= 0       6               9.4    -3.4       19

PRECIPITATION (INCHES)
RECORD
 MAXIMUM         2.33   2010
 MINIMUM            T   1989
TOTALS           0.60              0.39    0.21     1.14
DAYS >= .01         4                MM      MM       11
DAYS >= .10         3                MM      MM        4
DAYS >= .50         0                MM      MM        0
DAYS >= 1.00        0                MM      MM        0

SNOWFALL (INCHES)
RECORDS
 TOTAL           33.0   2010
 SNOW DEPTH        25   12/31/2009
                        12/30/2009
                        12/29/2009
TOTALS            4.7                MM      MM     12.1
SINCE 7/1        13.1                MM      MM     13.1
SNOWDEPTH AVG.      1                MM      MM        3
DAYS >= TRACE       4                MM      MM       13
DAYS >= 1.0         2                MM      MM        4
GREATEST
 SNOW DEPTH         3   12/18                          6  12/27
                        12/17                             12/26
                        12/16                             12/25

DEGREE_DAYS
HEATING TOTAL    1330              1488    -158     1747
 SINCE 7/1       3310              3339     -29     3579
COOLING TOTAL       0                 0       0        0
 SINCE 1/1        442               527     -85      625

FREEZE DATES
RECORD
 EARLIEST     MM
 LATEST       MM
EARLIEST                        MM
LATEST                          MM
.................................................................

WIND (MPH)
AVERAGE WIND SPEED              12.3
RESULTANT WIND SPEED/DIRECTION   2/291
HIGHEST WIND SPEED/DIRECTION    43/270    DATE  12/31
HIGHEST GUST SPEED/DIRECTION    52/270    DATE  12/31

SKY COVER
POSSIBLE SUNSHINE (PERCENT)   MM
AVERAGE SKY COVER           0.00
NUMBER OF DAYS FAIR           31
NUMBER OF DAYS PC              0
NUMBER OF DAYS CLOUDY          0

AVERAGE RH (PERCENT)     84

WEATHER CONDITIONS. NUMBER OF DAYS WITH
THUNDERSTORM              0     MIXED PRECIP               0
HEAVY RAIN                0     RAIN                       0
LIGHT RAIN                1     FREEZING RAIN              0
LT FREEZING RAIN          1     HAIL                       0
HEAVY SNOW                0     SNOW                       1
LIGHT SNOW                4     SLEET                      0
FOG                       1     FOG W/VIS <= 1/4 MILE      0
HAZE                      0

-  INDICATES NEGATIVE NUMBERS.
R  INDICATES RECORD WAS SET OR TIED.
MM INDICATES DATA IS MISSING.
T  INDICATES TRACE AMOUNT.

$$





U.S. Dept. of Commerce
NOAA National Weather Service
1325 East West Highway
Silver Spring, MD 20910
E-mail: w-nws.webmaster@noaa.gov
Page last modified: May 16, 2007
NATIONAL WEATHER SERVICE: for Safety, for Work, for Fun - FOR LIFE