086
CDUS41 KPBZ 231321
CLIZZV


CLIMATE REPORT
NATIONAL WEATHER SERVICE PITTSBURGH PA
821 AM EST SUN NOV 23 2014


...................................

...THE ZANESVILLE OH CLIMATE SUMMARY FOR NOVEMBER 23 2014...
VALID AS OF 0800 AM LOCAL TIME.

CLIMATE NORMAL PERIOD 1981 TO 2010
CLIMATE RECORD PERIOD 1946 TO 2014


WEATHER ITEM   OBSERVED TIME   RECORD YEAR NORMAL DEPARTURE LAST
                VALUE   (LST)  VALUE       VALUE  FROM      YEAR
                                                  NORMAL
..................................................................
TEMPERATURE (F)
 TODAY
  MINIMUM         43    525 AM   7    1956  31     12       21

PRECIPITATION (IN)
  TODAY            0.01         MM      MM   0.11  -0.10      T
  MONTH TO DATE    1.08                      2.40  -1.32     2.62
  SINCE JUN 1     18.75                     19.08  -0.33    23.73
  SINCE JAN 1     33.08                     34.54  -1.46    34.32

DEGREE DAYS
 HEATING
  TODAY           19

 COOLING
  TODAY            0
..................................................................







THE ZANESVILLE OH CLIMATE NORMALS FOR TOMORROW
                         NORMAL    RECORD    YEAR
 MAXIMUM TEMPERATURE (F)   49        70      2001
 MINIMUM TEMPERATURE (F)   31         6      1956


SUNRISE AND SUNSET
NOVEMBER 23 2014......SUNRISE   722 AM EST   SUNSET   506 PM EST
NOVEMBER 24 2014......SUNRISE   723 AM EST   SUNSET   506 PM EST


-  INDICATES NEGATIVE NUMBERS.
R  INDICATES RECORD WAS SET OR TIED.
MM INDICATES DATA IS MISSING.
T  INDICATES TRACE AMOUNT.




$$





U.S. Dept. of Commerce
NOAA National Weather Service
1325 East West Highway
Silver Spring, MD 20910
E-mail: w-nws.webmaster@noaa.gov
Page last modified: May 16, 2007
NATIONAL WEATHER SERVICE: for Safety, for Work, for Fun - FOR LIFE