738
CDUS41 KPBZ 310743
CLIZZV


CLIMATE REPORT
NATIONAL WEATHER SERVICE PITTSBURGH PA
342 AM EDT THU JUL 31 2014


...................................

...THE ZANESVILLE OH CLIMATE SUMMARY FOR JULY 30 2014...

CLIMATE NORMAL PERIOD 1981 TO 2010
CLIMATE RECORD PERIOD 1946 TO 2014


WEATHER ITEM   OBSERVED TIME   RECORD YEAR NORMAL DEPARTURE LAST
                VALUE   (LST)  VALUE       VALUE  FROM      YEAR
                                                  NORMAL
..................................................................
TEMPERATURE (F)
 YESTERDAY
  MAXIMUM         75    211 PM  99    1999  83     -8       79
  MINIMUM         55   1244 AM  49    1981  62     -7       54
  AVERAGE         65                        73     -8       67

PRECIPITATION (IN)
  YESTERDAY        0.37         MM      MM   0.10   0.27     0.00
  MONTH TO DATE    3.61                      3.69  -0.08     6.42
  SINCE JUN 1     10.35                      7.73   2.62    12.67
  SINCE JAN 1     24.68                     23.19   1.49    23.26

DEGREE DAYS
 HEATING
  YESTERDAY        0                         0      0        0
  MONTH TO DATE   12                         0     12        0
  SINCE JUN 1     22                        32    -10       18
  SINCE JUL 1     12                         0     12        0

 COOLING
  YESTERDAY        0                         8     -8        2
  MONTH TO DATE  159                       240    -81      269
  SINCE JUN 1    355                       398    -43      425
  SINCE JAN 1    437                       452    -15      533
..................................................................


WIND (MPH)
  HIGHEST WIND SPEED    18   HIGHEST WIND DIRECTION     W (280)
  HIGHEST GUST SPEED    27   HIGHEST GUST DIRECTION     W (250)
  AVERAGE WIND SPEED     4.6


SKY COVER
  POSSIBLE SUNSHINE  MM
  AVERAGE SKY COVER 0.5


WEATHER CONDITIONS
 THE FOLLOWING WEATHER WAS RECORDED YESTERDAY.
  THUNDERSTORM
  HEAVY RAIN
  LIGHT RAIN
  FOG


RELATIVE HUMIDITY (PERCENT)
 HIGHEST    93          1200 AM
 LOWEST     50           200 PM
 AVERAGE    72

..........................................................


THE ZANESVILLE OH CLIMATE NORMALS FOR TODAY
                         NORMAL    RECORD    YEAR
 MAXIMUM TEMPERATURE (F)   83       100      1999
 MINIMUM TEMPERATURE (F)   62        50      1965


SUNRISE AND SUNSET
JULY 31 2014..........SUNRISE   625 AM EDT   SUNSET   842 PM EDT
AUGUST  1 2014........SUNRISE   626 AM EDT   SUNSET   841 PM EDT


-  INDICATES NEGATIVE NUMBERS.
R  INDICATES RECORD WAS SET OR TIED.
MM INDICATES DATA IS MISSING.
T  INDICATES TRACE AMOUNT.




$$





U.S. Dept. of Commerce
NOAA National Weather Service
1325 East West Highway
Silver Spring, MD 20910
E-mail: w-nws.webmaster@noaa.gov
Page last modified: May 16, 2007
NATIONAL WEATHER SERVICE: for Safety, for Work, for Fun - FOR LIFE