560
CDUS41 KPBZ 260703
CLIZZV


CLIMATE REPORT
NATIONAL WEATHER SERVICE PITTSBURGH PA
303 AM EDT SUN OCT 26 2014


...................................

...THE ZANESVILLE OH CLIMATE SUMMARY FOR OCTOBER 25 2014...

CLIMATE NORMAL PERIOD 1981 TO 2010
CLIMATE RECORD PERIOD 1946 TO 2014


WEATHER ITEM   OBSERVED TIME   RECORD YEAR NORMAL DEPARTURE LAST
                VALUE   (LST)  VALUE       VALUE  FROM      YEAR
                                                  NORMAL
..................................................................
TEMPERATURE (F)
 YESTERDAY
  MAXIMUM         68    444 PM  81    1963  62      6       49
  MINIMUM         36    406 AM  21    1960  39     -3       29
  AVERAGE         52                        50      2       39

PRECIPITATION (IN)
  YESTERDAY        0.00         MM      MM   0.08  -0.08     0.00
  MONTH TO DATE    2.35                      2.10   0.25     2.19
  SINCE JUN 1     17.30                     16.17   1.13    20.89
  SINCE JAN 1     31.63                     31.63   0.00    31.48

DEGREE DAYS
 HEATING
  YESTERDAY       13                        15     -2       26
  MONTH TO DATE  280                       284     -4      221
  SINCE SEP 1    380                       382     -2      311
  SINCE JUL 1    401                       393      8      320

 COOLING
  YESTERDAY        0                         0      0        0
  MONTH TO DATE    4                         7     -3       33
  SINCE SEP 1     86                        89     -3      123
  SINCE JAN 1    727                       766    -39      856
..................................................................


WIND (MPH)
  HIGHEST WIND SPEED    17   HIGHEST WIND DIRECTION    NW (310)
  HIGHEST GUST SPEED    25   HIGHEST GUST DIRECTION     W (250)
  AVERAGE WIND SPEED     7.3


SKY COVER
  POSSIBLE SUNSHINE  MM
  AVERAGE SKY COVER 0.3


WEATHER CONDITIONS
 THE FOLLOWING WEATHER WAS RECORDED YESTERDAY.
  FOG
  HAZE


RELATIVE HUMIDITY (PERCENT)
 HIGHEST    92           100 AM
 LOWEST     39          1000 PM
 AVERAGE    66

..........................................................


THE ZANESVILLE OH CLIMATE NORMALS FOR TODAY
                         NORMAL    RECORD    YEAR
 MAXIMUM TEMPERATURE (F)   61        84      1963
 MINIMUM TEMPERATURE (F)   39        22      1952


SUNRISE AND SUNSET
OCTOBER 26 2014.......SUNRISE   750 AM EDT   SUNSET   633 PM EDT
OCTOBER 27 2014.......SUNRISE   751 AM EDT   SUNSET   631 PM EDT


-  INDICATES NEGATIVE NUMBERS.
R  INDICATES RECORD WAS SET OR TIED.
MM INDICATES DATA IS MISSING.
T  INDICATES TRACE AMOUNT.




$$





U.S. Dept. of Commerce
NOAA National Weather Service
1325 East West Highway
Silver Spring, MD 20910
E-mail: w-nws.webmaster@noaa.gov
Page last modified: May 16, 2007
NATIONAL WEATHER SERVICE: for Safety, for Work, for Fun - FOR LIFE