784
CDUS41 KPBZ 162200
CLIZZV


CLIMATE REPORT
NATIONAL WEATHER SERVICE PITTSBURGH PA
600 PM EDT WED APR 16 2014


...................................

...THE ZANESVILLE OH CLIMATE SUMMARY FOR APRIL 16 2014...
VALID TODAY AS OF 0500 PM LOCAL TIME.

CLIMATE NORMAL PERIOD 1981 TO 2010
CLIMATE RECORD PERIOD 1946 TO 2014


WEATHER ITEM   OBSERVED TIME   RECORD YEAR NORMAL DEPARTURE LAST
                VALUE   (LST)  VALUE       VALUE  FROM      YEAR
                                                  NORMAL
..................................................................
TEMPERATURE (F)
 TODAY
  MAXIMUM         46    359 PM  86    2002  64    -18       80
  MINIMUM         21R   620 AM  22    1950  40    -19       55
  AVERAGE         34                        52    -18       68

PRECIPITATION (IN)
  TODAY            0.00         MM      MM   0.11  -0.11     0.49
  MONTH TO DATE    2.96                      1.83   1.13     0.99
  SINCE JUN 1     35.67                     32.06   3.61    30.96
  SINCE JAN 1      7.36                      9.66  -2.30     7.65

DEGREE DAYS
 HEATING
  TODAY           31                        13     18        0
  MONTH TO DATE  224                       255    -31      220
  SINCE MAR 1   1125                      1008    117     1106
  SINCE JUL 1   5682                      5199    483     5237

 COOLING
  TODAY            0                         0      0        3
  MONTH TO DATE    5                         0      5       11
  SINCE MAR 1      5                         1      4       11
  SINCE JAN 1      5                         1      4       11
..................................................................


WIND (MPH)
  HIGHEST WIND SPEED    15   HIGHEST WIND DIRECTION    SE (120)
  HIGHEST GUST SPEED    19   HIGHEST GUST DIRECTION    SE (120)
  AVERAGE WIND SPEED     4.1


SKY COVER
  POSSIBLE SUNSHINE  MM
  AVERAGE SKY COVER 0.0


WEATHER CONDITIONS
 THE FOLLOWING WEATHER WAS RECORDED TODAY.
  NO SIGNIFICANT WEATHER WAS OBSERVED.


RELATIVE HUMIDITY (PERCENT)
 HIGHEST    84           600 AM
 LOWEST     28           400 PM
 AVERAGE    56

..........................................................


THE ZANESVILLE OH CLIMATE NORMALS FOR TOMORROW
                         NORMAL    RECORD    YEAR
 MAXIMUM TEMPERATURE (F)   64        85      1976
 MINIMUM TEMPERATURE (F)   40        22      1962


SUNRISE AND SUNSET
APRIL 16 2014.........SUNRISE   648 AM EDT   SUNSET   807 PM EDT
APRIL 17 2014.........SUNRISE   647 AM EDT   SUNSET   808 PM EDT


-  INDICATES NEGATIVE NUMBERS.
R  INDICATES RECORD WAS SET OR TIED.
MM INDICATES DATA IS MISSING.
T  INDICATES TRACE AMOUNT.




$$





U.S. Dept. of Commerce
NOAA National Weather Service
1325 East West Highway
Silver Spring, MD 20910
E-mail: w-nws.webmaster@noaa.gov
Page last modified: May 16, 2007
NATIONAL WEATHER SERVICE: for Safety, for Work, for Fun - FOR LIFE