647
CDUS41 KCLE 230534
CLIYNG


CLIMATE REPORT
NATIONAL WEATHER SERVICE CLEVELAND OH
133 AM EDT WED APR 23 2014


...................................

...THE YOUNGSTOWN OH CLIMATE SUMMARY FOR APRIL 22 2014...

CLIMATE NORMAL PERIOD 1981 TO 2010
CLIMATE RECORD PERIOD 1897 TO 2014


WEATHER ITEM   OBSERVED TIME   RECORD YEAR NORMAL DEPARTURE LAST
                VALUE   (LST)  VALUE       VALUE  FROM      YEAR
                                                  NORMAL
..................................................................
TEMPERATURE (F)
 YESTERDAY
  MAXIMUM         66   1244 AM  83    1985  62      4       63
  MINIMUM         39   1159 PM  20    1975  40     -1       35
  AVERAGE         53                        51      2       49

PRECIPITATION (IN)
  YESTERDAY        0.17                      0.11   0.06     0.00
  MONTH TO DATE    2.66                      2.51   0.15     1.95
  SINCE MAR 1      4.60                      5.45  -0.85     4.66
  SINCE JAN 1      9.29                     10.15  -0.86     8.96

SNOWFALL (IN)
  YESTERDAY        0.0                       0.0    0.0      0.0
  MONTH TO DATE    1.2                       2.8   -1.6      0.6
  SINCE MAR 1      9.1                      13.7   -4.6     20.5
  SINCE JUL 1     90.1                      62.5   27.6     80.9
  SNOW DEPTH       0

DEGREE DAYS
 HEATING
  YESTERDAY       12                        14     -2       16
  MONTH TO DATE  340                       398    -58      394
  SINCE MAR 1   1418                      1274    144     1368
  SINCE JUL 1   6486                      5922    564     5810

 COOLING
  YESTERDAY        0                         0      0        0
  MONTH TO DATE    0                         0      0        7
  SINCE MAR 1      0                         1     -1        7
  SINCE JAN 1      0                         1     -1        7
..................................................................


WIND (MPH)
  HIGHEST WIND SPEED    23   HIGHEST WIND DIRECTION     N (340)
  HIGHEST GUST SPEED    29   HIGHEST GUST DIRECTION    NW (310)
  AVERAGE WIND SPEED    12.4


SKY COVER
  POSSIBLE SUNSHINE  MM
  AVERAGE SKY COVER 1.0


WEATHER CONDITIONS
 THE FOLLOWING WEATHER WAS RECORDED YESTERDAY.
  LIGHT RAIN
  FOG


RELATIVE HUMIDITY (PERCENT)
 HIGHEST    93           600 AM
 LOWEST     44          1200 AM
 AVERAGE    69

..........................................................


THE YOUNGSTOWN OH CLIMATE NORMALS FOR TODAY
                         NORMAL    RECORD    YEAR
 MAXIMUM TEMPERATURE (F)   62        85      1985
 MINIMUM TEMPERATURE (F)   40        25      1986


SUNRISE AND SUNSET
APRIL 23 2014.........SUNRISE   631 AM EDT   SUNSET   811 PM EDT
APRIL 24 2014.........SUNRISE   630 AM EDT   SUNSET   812 PM EDT


-  INDICATES NEGATIVE NUMBERS.
R  INDICATES RECORD WAS SET OR TIED.
MM INDICATES DATA IS MISSING.
T  INDICATES TRACE AMOUNT.




$$





U.S. Dept. of Commerce
NOAA National Weather Service
1325 East West Highway
Silver Spring, MD 20910
E-mail: w-nws.webmaster@noaa.gov
Page last modified: May 16, 2007
NATIONAL WEATHER SERVICE: for Safety, for Work, for Fun - FOR LIFE