373
CDUS41 KCLE 220526
CLIYNG


CLIMATE REPORT
NATIONAL WEATHER SERVICE CLEVELAND OH
1226 AM EST MON DEC 22 2014


...................................

...THE YOUNGSTOWN OH CLIMATE SUMMARY FOR DECEMBER 21 2014...

CLIMATE NORMAL PERIOD 1981 TO 2010
CLIMATE RECORD PERIOD 1897 TO 2014


WEATHER ITEM   OBSERVED TIME   RECORD YEAR NORMAL DEPARTURE LAST
                VALUE   (LST)  VALUE       VALUE  FROM      YEAR
                                                  NORMAL
..................................................................
TEMPERATURE (F)
 YESTERDAY
  MAXIMUM         31    349 PM  64    1967  35     -4       61
  MINIMUM         24   1124 PM -10    1941  22      2       44
  AVERAGE         28                        28      0       53

PRECIPITATION (IN)
  YESTERDAY        0.00                      0.09  -0.09     1.04
  MONTH TO DATE    1.69                      2.06  -0.37     2.49
  SINCE DEC 1      1.69                      2.06  -0.37     2.49
  SINCE JAN 1     38.64                     37.98   0.66    38.10

SNOWFALL (IN)
  YESTERDAY        0.0                       0.5   -0.5      0.0
  MONTH TO DATE    0.7                       9.9   -9.2     14.4
  SINCE DEC 1      0.7                       9.9   -9.2     14.4
  SINCE JUL 1     12.3                      14.3   -2.0     28.5
  SNOW DEPTH       0

DEGREE DAYS
 HEATING
  YESTERDAY       37                        37      0       12
  MONTH TO DATE  642                       700    -58      720
  SINCE DEC 1    642                       700    -58      720
  SINCE JUL 1   2052                      2029     23     2102

 COOLING
  YESTERDAY        0                         0      0        0
  MONTH TO DATE    0                         0      0        0
  SINCE DEC 1      0                         0      0        0
  SINCE JAN 1    533                       544    -11      630
..................................................................


WIND (MPH)
  HIGHEST WIND SPEED     9   HIGHEST WIND DIRECTION    SE (120)
  HIGHEST GUST SPEED    12   HIGHEST GUST DIRECTION     E (110)
  AVERAGE WIND SPEED     3.1


SKY COVER
  POSSIBLE SUNSHINE  MM
  AVERAGE SKY COVER 0.9


WEATHER CONDITIONS
 THE FOLLOWING WEATHER WAS RECORDED YESTERDAY.
  HAZE


RELATIVE HUMIDITY (PERCENT)
 HIGHEST    81          1100 PM
 LOWEST     63           100 PM
 AVERAGE    72

..........................................................


THE YOUNGSTOWN OH CLIMATE NORMALS FOR TODAY
                         NORMAL    RECORD    YEAR
 MAXIMUM TEMPERATURE (F)   35        64      2013
 MINIMUM TEMPERATURE (F)   22       -12      1989


SUNRISE AND SUNSET
DECEMBER 22 2014......SUNRISE   745 AM EST   SUNSET   457 PM EST
DECEMBER 23 2014......SUNRISE   746 AM EST   SUNSET   458 PM EST


-  INDICATES NEGATIVE NUMBERS.
R  INDICATES RECORD WAS SET OR TIED.
MM INDICATES DATA IS MISSING.
T  INDICATES TRACE AMOUNT.




$$





U.S. Dept. of Commerce
NOAA National Weather Service
1325 East West Highway
Silver Spring, MD 20910
E-mail: w-nws.webmaster@noaa.gov
Page last modified: May 16, 2007
NATIONAL WEATHER SERVICE: for Safety, for Work, for Fun - FOR LIFE