028
CDUS41 KCLE 210527
CLIYNG


CLIMATE REPORT
NATIONAL WEATHER SERVICE CLEVELAND OH
125 AM EDT THU AUG 21 2014


...................................

...THE YOUNGSTOWN OH CLIMATE SUMMARY FOR AUGUST 20 2014...

CLIMATE NORMAL PERIOD 1981 TO 2010
CLIMATE RECORD PERIOD 1897 TO 2014


WEATHER ITEM   OBSERVED TIME   RECORD YEAR NORMAL DEPARTURE LAST
                VALUE   (LST)  VALUE       VALUE  FROM      YEAR
                                                  NORMAL
..................................................................
TEMPERATURE (F)
 YESTERDAY
  MAXIMUM         80    127 PM  93    1955  80      0       83
  MINIMUM         65    800 AM  45    1998  58      7       58
                                      1992
                                      1949
  AVERAGE         73                        69      4       71

PRECIPITATION (IN)
  YESTERDAY        1.71                      0.10   1.61     0.00
  MONTH TO DATE    5.62                      2.07   3.55     1.19
  SINCE JUN 1     13.83                     10.26   3.57    14.01
  SINCE JAN 1     28.92                     25.05   3.87    25.78

SNOWFALL (IN)
  YESTERDAY        0.0                       0.0    0.0      0.0
  MONTH TO DATE    0.0                       0.0    0.0      0.0
  SINCE JUN 1      0.0                       0.0    0.0       T
  SINCE JUL 1      0.0                       0.0    0.0      0.0
  SNOW DEPTH       0

DEGREE DAYS
 HEATING
  YESTERDAY        0                         1     -1        0
  MONTH TO DATE   17                        15      2       25
  SINCE JUN 1     73                        97    -24       94
  SINCE JUL 1     45                        28     17       38

 COOLING
  YESTERDAY        8                         5      3        6
  MONTH TO DATE   68                       108    -40       45
  SINCE JUN 1    351                       403    -52      383
  SINCE JAN 1    406                       442    -36      471
..................................................................


WIND (MPH)
  HIGHEST WIND SPEED    22   HIGHEST WIND DIRECTION     W (260)
  HIGHEST GUST SPEED    29   HIGHEST GUST DIRECTION    NW (320)
  AVERAGE WIND SPEED     7.7


SKY COVER
  POSSIBLE SUNSHINE  MM
  AVERAGE SKY COVER 0.9


WEATHER CONDITIONS
 THE FOLLOWING WEATHER WAS RECORDED YESTERDAY.
  THUNDERSTORM
  HEAVY RAIN
  RAIN
  LIGHT RAIN
  FOG


RELATIVE HUMIDITY (PERCENT)
 HIGHEST    93          1200 AM
 LOWEST     67           100 PM
 AVERAGE    80

..........................................................


THE YOUNGSTOWN OH CLIMATE NORMALS FOR TODAY
                         NORMAL    RECORD    YEAR
 MAXIMUM TEMPERATURE (F)   80        93      1955
                                             1937
 MINIMUM TEMPERATURE (F)   58        42      1992


SUNRISE AND SUNSET
AUGUST 21 2014........SUNRISE   638 AM EDT   SUNSET   813 PM EDT
AUGUST 22 2014........SUNRISE   639 AM EDT   SUNSET   811 PM EDT


-  INDICATES NEGATIVE NUMBERS.
R  INDICATES RECORD WAS SET OR TIED.
MM INDICATES DATA IS MISSING.
T  INDICATES TRACE AMOUNT.




$$





U.S. Dept. of Commerce
NOAA National Weather Service
1325 East West Highway
Silver Spring, MD 20910
E-mail: w-nws.webmaster@noaa.gov
Page last modified: May 16, 2007
NATIONAL WEATHER SERVICE: for Safety, for Work, for Fun - FOR LIFE