420
CDUS41 KCLE 210545
CLIYNG


CLIMATE REPORT
NATIONAL WEATHER SERVICE CLEVELAND OH
145 AM EDT TUE OCT 21 2014


...................................

...THE YOUNGSTOWN OH CLIMATE SUMMARY FOR OCTOBER 20 2014...

CLIMATE NORMAL PERIOD 1981 TO 2010
CLIMATE RECORD PERIOD 1897 TO 2014


WEATHER ITEM   OBSERVED TIME   RECORD YEAR NORMAL DEPARTURE LAST
                VALUE   (LST)  VALUE       VALUE  FROM      YEAR
                                                  NORMAL
..................................................................
TEMPERATURE (F)
 YESTERDAY
  MAXIMUM         57   1205 PM  78    1939  59     -2       57
  MINIMUM         43    226 AM  22    1972  40      3       38
  AVERAGE         50                        50      0       48

PRECIPITATION (IN)
  YESTERDAY        0.27                      0.09   0.18     0.00
  MONTH TO DATE    2.25                      1.82   0.43     2.25
  SINCE SEP 1      4.15                      5.57  -1.42     4.46
  SINCE JAN 1     33.71                     31.79   1.92    31.68

SNOWFALL (IN)
  YESTERDAY        0.0                       0.0    0.0      0.0
  MONTH TO DATE    T                         0.3   -0.3      0.0
  SINCE SEP 1      T                         0.3   -0.3      0.0
  SINCE JUL 1      T                         0.3   -0.3      0.0
  SNOW DEPTH       0

DEGREE DAYS
 HEATING
  YESTERDAY       15                        15      0       17
  MONTH TO DATE  227                       252    -25      145
  SINCE SEP 1    368                       397    -29      296
  SINCE JUL 1    420                       435    -15      334

 COOLING
  YESTERDAY        0                         0      0        0
  MONTH TO DATE    3                         3      0       21
  SINCE SEP 1     56                        55      1       78
  SINCE JAN 1    533                       541     -8      630
..................................................................


WIND (MPH)
  HIGHEST WIND SPEED    16   HIGHEST WIND DIRECTION     S (190)
  HIGHEST GUST SPEED    20   HIGHEST GUST DIRECTION     S (200)
  AVERAGE WIND SPEED     7.7


SKY COVER
  POSSIBLE SUNSHINE  MM
  AVERAGE SKY COVER 1.0


WEATHER CONDITIONS
 THE FOLLOWING WEATHER WAS RECORDED YESTERDAY.
  RAIN
  LIGHT RAIN
  FOG


RELATIVE HUMIDITY (PERCENT)
 HIGHEST    93          1000 PM
 LOWEST     66          1000 AM
 AVERAGE    80

..........................................................


THE YOUNGSTOWN OH CLIMATE NORMALS FOR TODAY
                         NORMAL    RECORD    YEAR
 MAXIMUM TEMPERATURE (F)   59        80      2007
                                             1979
                                             1947
 MINIMUM TEMPERATURE (F)   40        21      1952


SUNRISE AND SUNSET
OCTOBER 21 2014.......SUNRISE   741 AM EDT   SUNSET   633 PM EDT
OCTOBER 22 2014.......SUNRISE   742 AM EDT   SUNSET   631 PM EDT


-  INDICATES NEGATIVE NUMBERS.
R  INDICATES RECORD WAS SET OR TIED.
MM INDICATES DATA IS MISSING.
T  INDICATES TRACE AMOUNT.




$$





U.S. Dept. of Commerce
NOAA National Weather Service
1325 East West Highway
Silver Spring, MD 20910
E-mail: w-nws.webmaster@noaa.gov
Page last modified: May 16, 2007
NATIONAL WEATHER SERVICE: for Safety, for Work, for Fun - FOR LIFE