636
CDUS46 KPDT 290839
CLIYKM

CLIMATE REPORT
NATIONAL WEATHER SERVICE PENDLETON OR
128 AM PDT TUE JUL 29 2014


...................................

...THE YAKIMA WA CLIMATE SUMMARY FOR JULY 28 2014...

CLIMATE NORMAL PERIOD 1981 TO 2010
CLIMATE RECORD PERIOD 1946 TO 2014


WEATHER ITEM   OBSERVED TIME   RECORD YEAR NORMAL DEPARTURE LAST
                VALUE   (LST)  VALUE       VALUE  FROM      YEAR
                                                  NORMAL
..................................................................
TEMPERATURE (F)
 YESTERDAY
  MAXIMUM        104    418 PM 105    1998  90     14       91
                                      1971
  MINIMUM         61    528 AM  42    1955  55      6       54
                                      1954
  AVERAGE         83                        72     11       73

PRECIPITATION (IN)
  YESTERDAY        0.00          0.36 1993   0.00   0.00     0.00
  MONTH TO DATE    0.06                      0.20  -0.14      T
  SINCE OCT 1      3.89                      7.61  -3.72     7.97
  SINCE JAN 1      3.06                      4.49  -1.43     4.17

SNOWFALL (IN)
  YESTERDAY        0.0           0.0  2002   0.0    0.0      0.0
                                      2001
                                      2000
  MONTH TO DATE    0.0                       0.0    0.0      0.0
  SINCE JAN 1     19.9                       8.6   11.3      1.1
  SINCE JUL 1      0.0                       0.0    0.0      0.0
  SNOW DEPTH       0

DEGREE DAYS
 HEATING
  YESTERDAY        0                         0      0        0
  MONTH TO DATE    5                        19    -14        0
  SINCE JUN 1     35                       117    -82       39
  SINCE JUL 1      5                        19    -14        0

 COOLING
  YESTERDAY       18                         7     11        8
  MONTH TO DATE  348                       169    179      364
  SINCE JUN 1    450                       234    216      480
  SINCE JAN 1    473                       254    219      532
..................................................................


WIND (MPH)
  HIGHEST WIND SPEED    16   HIGHEST WIND DIRECTION    NW (310)
  HIGHEST GUST SPEED    21   HIGHEST GUST DIRECTION    NW (300)
  AVERAGE WIND SPEED     6.1


SKY COVER
  POSSIBLE SUNSHINE  MM
  AVERAGE SKY COVER 0.0


WEATHER CONDITIONS
 THE FOLLOWING WEATHER WAS RECORDED YESTERDAY.
  HAZE


RELATIVE HUMIDITY (PERCENT)
 HIGHEST    64           500 AM
 LOWEST     12           300 PM
 AVERAGE    38

..........................................................


THE YAKIMA WA CLIMATE NORMALS FOR TODAY
                         NORMAL    RECORD    YEAR
 MAXIMUM TEMPERATURE (F)   90       102      2003
                                             1982
                                             1973
 MINIMUM TEMPERATURE (F)   55        44      1970


SUNRISE AND SUNSET
JULY 29 2014..........SUNRISE   539 AM PDT   SUNSET   837 PM PDT
JULY 30 2014..........SUNRISE   541 AM PDT   SUNSET   836 PM PDT


-  INDICATES NEGATIVE NUMBERS.
R  INDICATES RECORD WAS SET OR TIED.
MM INDICATES DATA IS MISSING.
T  INDICATES TRACE AMOUNT.




$$








U.S. Dept. of Commerce
NOAA National Weather Service
1325 East West Highway
Silver Spring, MD 20910
E-mail: w-nws.webmaster@noaa.gov
Page last modified: May 16, 2007
NATIONAL WEATHER SERVICE: for Safety, for Work, for Fun - FOR LIFE