617
CDUS46 KPDT 220846
CLIYKM

CLIMATE REPORT
NATIONAL WEATHER SERVICE PENDLETON OR
143 AM PDT WED OCT 22 2014


...................................

...THE YAKIMA WA CLIMATE SUMMARY FOR OCTOBER 21 2014...

CLIMATE NORMAL PERIOD 1981 TO 2010
CLIMATE RECORD PERIOD 1946 TO 2014


WEATHER ITEM   OBSERVED TIME   RECORD YEAR NORMAL DEPARTURE LAST
                VALUE   (LST)  VALUE       VALUE  FROM      YEAR
                                                  NORMAL
..................................................................
TEMPERATURE (F)
 YESTERDAY
  MAXIMUM         67    148 PM  83    2003  61      6       73
  MINIMUM         37    516 AM  21    1987  33      4       35
                                      1984
  AVERAGE         52                        47      5       54

PRECIPITATION (IN)
  YESTERDAY        T             0.37 1982   0.02  -0.02     0.00
  MONTH TO DATE    0.12                      0.31  -0.19     0.01
  SINCE OCT 1      0.12                      0.31  -0.19     0.01
  SINCE JAN 1      4.54                      5.44  -0.90     4.67

SNOWFALL (IN)
  YESTERDAY       MM             0.0  2002   0.0   MM        0.0
                                      2001
                                      1999
  MONTH TO DATE    0.0                       0.0    0.0      0.0
  SINCE JAN 1     19.9                       8.6   11.3      1.1
  SINCE JUL 1      0.0                       0.0    0.0      0.0
  SNOW DEPTH       0

DEGREE DAYS
 HEATING
  YESTERDAY       13                        18     -5       11
  MONTH TO DATE  147                       295   -148      316
  SINCE SEP 1    217                       455   -238      441
  SINCE JUL 1    223                       503   -280      441

 COOLING
  YESTERDAY        0                         0      0        0
  MONTH TO DATE    8                         0      8        0
  SINCE SEP 1     44                        32     12      135
  SINCE JAN 1    871                       472    399      970
..................................................................


WIND (MPH)
  HIGHEST WIND SPEED    22   HIGHEST WIND DIRECTION     S (200)
  HIGHEST GUST SPEED    28   HIGHEST GUST DIRECTION     S (190)
  AVERAGE WIND SPEED     5.3


SKY COVER
  POSSIBLE SUNSHINE  MM
  AVERAGE SKY COVER 0.2


WEATHER CONDITIONS
THE FOLLOWING WEATHER WAS RECORDED YESTERDAY.
  LIGHT RAIN
  FOG


RELATIVE HUMIDITY (PERCENT)
 HIGHEST   100           800 AM
 LOWEST     44           200 PM
 AVERAGE    72

..........................................................


THE YAKIMA WA CLIMATE NORMALS FOR TODAY
                         NORMAL    RECORD    YEAR
 MAXIMUM TEMPERATURE (F)   61        76      1952
 MINIMUM TEMPERATURE (F)   32        20      1984


SUNRISE AND SUNSET
OCTOBER 22 2014.......SUNRISE   730 AM PDT   SUNSET   603 PM PDT
OCTOBER 23 2014.......SUNRISE   731 AM PDT   SUNSET   601 PM PDT


-  INDICATES NEGATIVE NUMBERS.
R  INDICATES RECORD WAS SET OR TIED.
MM INDICATES DATA IS MISSING.
T  INDICATES TRACE AMOUNT.




$$








U.S. Dept. of Commerce
NOAA National Weather Service
1325 East West Highway
Silver Spring, MD 20910
E-mail: w-nws.webmaster@noaa.gov
Page last modified: May 16, 2007
NATIONAL WEATHER SERVICE: for Safety, for Work, for Fun - FOR LIFE