826
CDUS46 KPDT 250900
CLIYKM

CLIMATE REPORT
NATIONAL WEATHER SERVICE PENDLETON OR
200 AM PDT SAT OCT 25 2014


...................................

...THE YAKIMA WA CLIMATE SUMMARY FOR OCTOBER 24 2014...

CLIMATE NORMAL PERIOD 1981 TO 2010
CLIMATE RECORD PERIOD 1946 TO 2014


WEATHER ITEM   OBSERVED TIME   RECORD YEAR NORMAL DEPARTURE LAST
                VALUE   (LST)  VALUE       VALUE  FROM      YEAR
                                                  NORMAL
..................................................................
TEMPERATURE (F)
 YESTERDAY
  MAXIMUM         54    237 PM  75    1959  60     -6       70
  MINIMUM         39    712 AM  20    2002  32      7       34
  AVERAGE         47                        46      1       52

PRECIPITATION (IN)
  YESTERDAY        0.20          0.42 1979   0.02   0.18     0.00
  MONTH TO DATE    0.34                      0.37  -0.03     0.01
  SINCE OCT 1      0.34                      0.37  -0.03     0.01
  SINCE JAN 1      4.76                      5.50  -0.74     4.67

SNOWFALL (IN)
  YESTERDAY        0.0           0.0  2002   0.0    0.0      0.0
                                      2001
                                      1999
  MONTH TO DATE    0.0                       0.0    0.0      0.0
  SINCE JAN 1     19.9                       8.6   11.3      1.1
  SINCE JUL 1      0.0                       0.0    0.0      0.0
  SNOW DEPTH       0

DEGREE DAYS
 HEATING
  YESTERDAY       18                        19     -1       13
  MONTH TO DATE  189                       351   -162      351
  SINCE SEP 1    259                       511   -252      476
  SINCE JUL 1    265                       559   -294      476

 COOLING
  YESTERDAY        0                         0      0        0
  MONTH TO DATE    8                         0      8        0
  SINCE SEP 1     44                        32     12      135
  SINCE JAN 1    871                       472    399      970
..................................................................


WIND (MPH)
  HIGHEST WIND SPEED     9   HIGHEST WIND DIRECTION     W (250)
  HIGHEST GUST SPEED    17   HIGHEST GUST DIRECTION    NW (310)
  AVERAGE WIND SPEED     4.1


SKY COVER
  POSSIBLE SUNSHINE  MM
  AVERAGE SKY COVER 0.5


WEATHER CONDITIONS
 THE FOLLOWING WEATHER WAS RECORDED YESTERDAY.
  RAIN
  LIGHT RAIN
  FOG


RELATIVE HUMIDITY (PERCENT)
 HIGHEST    93           600 PM
 LOWEST     59          1200 PM
 AVERAGE    76

..........................................................


THE YAKIMA WA CLIMATE NORMALS FOR TODAY
                         NORMAL    RECORD    YEAR
 MAXIMUM TEMPERATURE (F)   59        71      1984
 MINIMUM TEMPERATURE (F)   32        19      2002


SUNRISE AND SUNSET
OCTOBER 25 2014.......SUNRISE   734 AM PDT   SUNSET   558 PM PDT
OCTOBER 26 2014.......SUNRISE   735 AM PDT   SUNSET   556 PM PDT


-  INDICATES NEGATIVE NUMBERS.
R  INDICATES RECORD WAS SET OR TIED.
MM INDICATES DATA IS MISSING.
T  INDICATES TRACE AMOUNT.




$$








U.S. Dept. of Commerce
NOAA National Weather Service
1325 East West Highway
Silver Spring, MD 20910
E-mail: w-nws.webmaster@noaa.gov
Page last modified: May 16, 2007
NATIONAL WEATHER SERVICE: for Safety, for Work, for Fun - FOR LIFE