578
CDUS46 KPDT 180902
CLIYKM

CLIMATE REPORT
NATIONAL WEATHER SERVICE PENDLETON OR
202 AM PDT THU SEP 18 2014


...................................

...THE YAKIMA WA CLIMATE SUMMARY FOR SEPTEMBER 17 2014...

CLIMATE NORMAL PERIOD 1981 TO 2010
CLIMATE RECORD PERIOD 1946 TO 2014


WEATHER ITEM   OBSERVED TIME   RECORD YEAR NORMAL DEPARTURE LAST
                VALUE   (LST)  VALUE       VALUE  FROM      YEAR
                                                  NORMAL
..................................................................
TEMPERATURE (F)
 YESTERDAY
  MAXIMUM         85    237 PM  95    1981  78      7       72
  MINIMUM         54    457 AM  30    1965  43     11       49
  AVERAGE         70                        60     10       61

PRECIPITATION (IN)
  YESTERDAY        T             0.26 1986   0.01  -0.01     0.00
  MONTH TO DATE    T                         0.19  -0.19     0.11
  SINCE OCT 1      4.79                      8.08  -3.29     8.27
  SINCE JAN 1      3.96                      4.96  -1.00     4.47

SNOWFALL (IN)
  YESTERDAY        0.0           0.0  2002   0.0    0.0      0.0
                                      2001
                                      1999
  MONTH TO DATE    0.0                       0.0    0.0      0.0
  SINCE JAN 1     19.9                       8.6   11.3      1.1
  SINCE JUL 1      0.0                       0.0    0.0      0.0
  SNOW DEPTH       0

DEGREE DAYS
 HEATING
  YESTERDAY        0                         5     -5        4
  MONTH TO DATE   40                        60    -20        8
  SINCE SEP 1     40                        60    -20        8
  SINCE JUL 1     46                       108    -62        8

 COOLING
  YESTERDAY        5                         1      4        0
  MONTH TO DATE   17                        26     -9      135
  SINCE SEP 1     17                        26     -9      135
  SINCE JAN 1    844                       466    378      970
..................................................................


WIND (MPH)
  HIGHEST WIND SPEED    12   HIGHEST WIND DIRECTION     W (250)
  HIGHEST GUST SPEED    14   HIGHEST GUST DIRECTION    NW (310)
  AVERAGE WIND SPEED     3.9


SKY COVER
  POSSIBLE SUNSHINE  MM
  AVERAGE SKY COVER 0.0


WEATHER CONDITIONS
THE FOLLOWING WEATHER WAS RECORDED YESTERDAY.
  LIGHT RAIN


RELATIVE HUMIDITY (PERCENT)
 HIGHEST    83           500 AM
 LOWEST     23           300 PM
 AVERAGE    53

..........................................................


THE YAKIMA WA CLIMATE NORMALS FOR TODAY
                         NORMAL    RECORD    YEAR
 MAXIMUM TEMPERATURE (F)   77        92      1952
 MINIMUM TEMPERATURE (F)   43        30      1988


SUNRISE AND SUNSET
SEPTEMBER 18 2014.....SUNRISE   644 AM PDT   SUNSET   708 PM PDT
SEPTEMBER 19 2014.....SUNRISE   645 AM PDT   SUNSET   706 PM PDT


-  INDICATES NEGATIVE NUMBERS.
R  INDICATES RECORD WAS SET OR TIED.
MM INDICATES DATA IS MISSING.
T  INDICATES TRACE AMOUNT.

$$








U.S. Dept. of Commerce
NOAA National Weather Service
1325 East West Highway
Silver Spring, MD 20910
E-mail: w-nws.webmaster@noaa.gov
Page last modified: May 16, 2007
NATIONAL WEATHER SERVICE: for Safety, for Work, for Fun - FOR LIFE