476
CDUS46 KPDT 260059
CLIYKM

CLIMATE REPORT
NATIONAL WEATHER SERVICE PENDLETON OR
429 PM PST TUE NOV 25 2014


...................................

...THE YAKIMA WA CLIMATE SUMMARY FOR NOVEMBER 25 2014...
VALID TODAY AS OF 0400 PM LOCAL TIME.

CLIMATE NORMAL PERIOD 1981 TO 2010
CLIMATE RECORD PERIOD 1946 TO 2014


WEATHER ITEM   OBSERVED TIME   RECORD YEAR NORMAL DEPARTURE LAST
                VALUE   (LST)  VALUE       VALUE  FROM      YEAR
                                                  NORMAL
..................................................................
TEMPERATURE (F)
 TODAY
  MAXIMUM         54   1200 PM  64    1949  43     11       45
  MINIMUM         30    130 AM  -7    1985  25      5       15
  AVERAGE         42                        34      8       30

PRECIPITATION (IN)
  TODAY            0.01          0.27 1971   0.04  -0.03     0.00
  MONTH TO DATE    0.32                      0.84  -0.52     0.38
  SINCE OCT 1      1.18                      1.38  -0.20     0.51
  SINCE JAN 1      5.60                      6.51  -0.91     5.17

SNOWFALL (IN)
  TODAY           MM             1.3  2005   0.1   MM        0.0
  MONTH TO DATE    0.1                       2.3   -2.2      0.0
  SINCE JAN 1     20.0                      11.0    9.0      1.1
  SINCE JUL 1      0.1                       2.4   -2.3      0.0
  SNOW DEPTH       0

DEGREE DAYS
 HEATING
  TODAY           23                        31     -8       35
  MONTH TO DATE  687                       668     19      624
  SINCE SEP 1   1050                      1324   -274     1240
  SINCE JUL 1   1056                      1372   -316     1240

 COOLING
  TODAY            0                         0      0        0
  MONTH TO DATE    0                         0      0        0
  SINCE SEP 1     44                        32     12      135
  SINCE JAN 1    871                       472    399      970
..................................................................


WIND (MPH)
  HIGHEST WIND SPEED    12   HIGHEST WIND DIRECTION     S (170)
  HIGHEST GUST SPEED    13   HIGHEST GUST DIRECTION     W (280)
  AVERAGE WIND SPEED     3.9


SKY COVER
  POSSIBLE SUNSHINE  MM
  AVERAGE SKY COVER 0.6


WEATHER CONDITIONS
 THE FOLLOWING WEATHER WAS RECORDED TODAY.
  LIGHT RAIN
  FOG


RELATIVE HUMIDITY (PERCENT)
 HIGHEST    89           600 AM
 LOWEST     71          1200 PM
 AVERAGE    80

..........................................................


THE YAKIMA WA CLIMATE NORMALS FOR TOMORROW
                         NORMAL    RECORD    YEAR
 MAXIMUM TEMPERATURE (F)   42        64      1949
 MINIMUM TEMPERATURE (F)   24        -5      1985


SUNRISE AND SUNSET
NOVEMBER 25 2014......SUNRISE   718 AM PST   SUNSET   420 PM PST
NOVEMBER 26 2014......SUNRISE   719 AM PST   SUNSET   419 PM PST


-  INDICATES NEGATIVE NUMBERS.
R  INDICATES RECORD WAS SET OR TIED.
MM INDICATES DATA IS MISSING.
T  INDICATES TRACE AMOUNT.




$$








U.S. Dept. of Commerce
NOAA National Weather Service
1325 East West Highway
Silver Spring, MD 20910
E-mail: w-nws.webmaster@noaa.gov
Page last modified: May 16, 2007
NATIONAL WEATHER SERVICE: for Safety, for Work, for Fun - FOR LIFE