816
CDUS46 KPDT 300829
CLIYKM

CLIMATE REPORT
NATIONAL WEATHER SERVICE PENDLETON OR
127 AM PDT TUE SEP 30 2014


...................................

...THE YAKIMA WA CLIMATE SUMMARY FOR SEPTEMBER 29 2014...

CLIMATE NORMAL PERIOD 1981 TO 2010
CLIMATE RECORD PERIOD 1946 TO 2014


WEATHER ITEM   OBSERVED TIME   RECORD YEAR NORMAL DEPARTURE LAST
                VALUE   (LST)  VALUE       VALUE  FROM      YEAR
                                                  NORMAL
..................................................................
TEMPERATURE (F)
 YESTERDAY
  MAXIMUM         81    229 PM  86    1996  73      8       62
                                      1976
                                      1963
  MINIMUM         45    627 AM  24    1985  39      6       45
  AVERAGE         63                        56      7       54

PRECIPITATION (IN)
  YESTERDAY        T             0.10 1951   0.02  -0.02     0.08
  MONTH TO DATE    0.46                      0.35   0.11     0.30
  SINCE OCT 1      5.25                      8.24  -2.99     8.46
  SINCE JAN 1      4.42                      5.12  -0.70     4.66

SNOWFALL (IN)
  YESTERDAY       MM             0.0  2002   0.0   MM        0.0
                                      2001
                                      1999
  MONTH TO DATE    0.0                       0.0    0.0      0.0
  SINCE JAN 1     19.9                       8.6   11.3      1.1
  SINCE JUL 1      0.0                       0.0    0.0      0.0
  SNOW DEPTH       0

DEGREE DAYS
 HEATING
  YESTERDAY        2                         9     -7       11
  MONTH TO DATE   63                       150    -87      112
  SINCE SEP 1     63                       150    -87      112
  SINCE JUL 1     69                       198   -129      112

 COOLING
  YESTERDAY        0                         0      0        0
  MONTH TO DATE   36                        31      5      135
  SINCE SEP 1     36                        31      5      135
  SINCE JAN 1    863                       471    392      970
..................................................................


WIND (MPH)
  HIGHEST WIND SPEED    24   HIGHEST WIND DIRECTION    NW (300)
  HIGHEST GUST SPEED    30   HIGHEST GUST DIRECTION    NW (300)
  AVERAGE WIND SPEED     8.3


SKY COVER
  POSSIBLE SUNSHINE  MM
  AVERAGE SKY COVER 0.2


WEATHER CONDITIONS
THE FOLLOWING WEATHER WAS RECORDED YESTERDAY.
  LIGHT RAIN


RELATIVE HUMIDITY (PERCENT)
 HIGHEST    93           500 AM
 LOWEST     29           200 PM
 AVERAGE    61

..........................................................


THE YAKIMA WA CLIMATE NORMALS FOR TODAY
                         NORMAL    RECORD    YEAR
 MAXIMUM TEMPERATURE (F)   72        85      2008
                                             1993
                                             1976
 MINIMUM TEMPERATURE (F)   39        26      1985


SUNRISE AND SUNSET
SEPTEMBER 30 2014.....SUNRISE   700 AM PDT   SUNSET   644 PM PDT
OCTOBER  1 2014.......SUNRISE   701 AM PDT   SUNSET   642 PM PDT


-  INDICATES NEGATIVE NUMBERS.
R  INDICATES RECORD WAS SET OR TIED.
MM INDICATES DATA IS MISSING.
T  INDICATES TRACE AMOUNT.




$$








U.S. Dept. of Commerce
NOAA National Weather Service
1325 East West Highway
Silver Spring, MD 20910
E-mail: w-nws.webmaster@noaa.gov
Page last modified: May 16, 2007
NATIONAL WEATHER SERVICE: for Safety, for Work, for Fun - FOR LIFE