603
CDAK47 PAYA 210919
CLIYAK

CLIMATE REPORT
NATIONAL WEATHER SERVICE YAKUTAT, AK
119 AM AKDT TUE OCT 21 2014

...................................
...THE YAKUTAT AP CLIMATE SUMMARY FOR OCTOBER 20 2014...

CLIMATE NORMAL PERIOD  1981 TO  2010
CLIMATE RECORD PERIOD  1948 TO  2014

WEATHER ITEM   OBSERVED TIME    RECORD YEAR NORMAL DEPARTURE LAST
               VALUE    (LST)   VALUE       VALUE  FROM      YEAR
                                                   NORMAL
...................................................................
TEMPERATURE
YESTERDAY
 MAXIMUM            50  0246 PM    53  2005     46       4     50
 MINIMUM            32  1145 PM     7  1996     34      -2     39
 AVERAGE            41                          40       1     45

PRECIPITATION
(INCHES)
 YESTERDAY        0.43           1.99  1977   0.67   -0.24   0.21
 MONTH TO DATE   12.09                       15.33   -3.24  14.61
 SINCE SEP 1     31.92                       36.44   -4.52  33.14
 SINCE JAN 1    110.72                      117.74   -7.02 110.77

SNOWFALL
(INCHES)
 YESTERDAY         0.0            8.3  1971    0.1    -0.1    0.0
 MONTH TO DATE     0.0                         0.7    -0.7    0.0
 SINCE SEP 1       0.0                         0.7    -0.7    0.0
 SINCE JUL 1       0.0                         0.7    -0.7    0.0
 SNOW DEPTH (IN)     0                                          0

DEGREE DAYS
 HEATING
  YESTERDAY         24                          25      -1     20
  MONTH TO DATE    427                         443     -16    385
  SINCE SEP 1      839                         941    -102    791
  SINCE JUL 1     1466                        1619    -153   1355

 COOLING
  YESTERDAY          0                           0       0      0
  MONTH TO DATE      0                           0       0      0
  SINCE SEP 1        0                           0       0      0
  SINCE JAN 1        0                           0       0      0
...................................................................

WIND (MPH)
 HIGHEST WIND SPEED    23     HIGHEST WIND DIRECTION    100
 HIGHEST GUST SPEED    34     HIGHEST GUST DIRECTION    110
 AVERAGE WIND SPEED   6.0

SKY COVER
  POSSIBLE SUNSHINE    MM          AVERAGE SKY COVER     MM

WEATHER CONDITIONS
 THE FOLLOWING WEATHER WAS RECORDED YESTERDAY.
  FOG
RAIN


RELATIVE HUMIDITY
 HIGHEST RH     MM PERCENT       MM
 LOWEST  RH     MM PERCENT       MM
 AVERAGE RH     MM PERCENT       MM
...................................................................

THE YAKUTAT CLIMATE NORMALS FOR TODAY
                           NORMAL    RECORD   YEAR
 MAXIMUM TEMPERATURE (F)     46        63     2006
 MINIMUM TEMPERATURE (F)     33         7     1996

SUNRISE AND SUNSET
 OCT 21 2014..........SUNRISE  8:13 AM      SUNSET  5:54 PM
 OCT 22 2014..........SUNRISE  8:15 AM      SUNSET  5:51 PM

-  INDICATES NEGATIVE NUMBERS.
R  INDICATES RECORD HAS BEEN SET OR TIED.
MM INDICATES DATA IS MISSING.
T  INDICATES TRACE OF PRECIPITATION.

&&
-------------------------------------------------------------------

AMOUNT OF DAYLIGHT TODAY  (HOUR:MIN)........9 HOURS 41 MINUTES
GAIN/LOSS SINCE YESTERDAY (HOUR:MIN:SEC)....-0:05:13

$$
*** OCT 14





U.S. Dept. of Commerce
NOAA National Weather Service
1325 East West Highway
Silver Spring, MD 20910
E-mail: w-nws.webmaster@noaa.gov
Page last modified: May 16, 2007
NATIONAL WEATHER SERVICE: for Safety, for Work, for Fun - FOR LIFE