058
CDAK47 PAYA 211205
CLIYAK

CLIMATE REPORT
NATIONAL WEATHER SERVICE YAKUTAT, AK
405 AM AKDT MON APR 21 2014

...................................
...THE YAKUTAT AP CLIMATE SUMMARY FOR APRIL 20 2014...

CLIMATE NORMAL PERIOD  1981 TO  2010
CLIMATE RECORD PERIOD  1948 TO  2014

WEATHER ITEM   OBSERVED TIME    RECORD YEAR NORMAL DEPARTURE LAST
               VALUE    (LST)   VALUE       VALUE  FROM      YEAR
                                                   NORMAL
...................................................................
TEMPERATURE
YESTERDAY
 MAXIMUM            52  0556 PM    58  1989     47       5     42
 MINIMUM            28  1155 PM     5  1972     31      -3     20
 AVERAGE            40                          39       1     31

PRECIPITATION
(INCHES)
 YESTERDAY           T           1.96  2000   0.29   -0.29   0.00
 MONTH TO DATE    3.15                        6.28   -3.13   5.68
 SINCE MAR 1      7.20                       17.32   -10.12  11.61
 SINCE JAN 1     34.26                       41.84   -7.58  38.26

SNOWFALL
(INCHES)
 YESTERDAY         0.0            3.4  1950    0.2    -0.2    0.0
 MONTH TO DATE     5.8                         8.6    -2.8   19.7
 SINCE MAR 1      13.6                        35.8   -22.2   55.0
 SINCE JUL 1     109.0                       138.0   -29.0  170.9
 SNOW DEPTH (IN)     T                                         27

DEGREE DAYS
 HEATING
  YESTERDAY         25                          26      -1     34
  MONTH TO DATE    578                         567      11    654
  SINCE MAR 1     1657                        1589      68   1765
  SINCE JUL 1     7470                        7718    -248   8010

 COOLING
  YESTERDAY          0                           0       0      0
  MONTH TO DATE      0                           0       0      0
  SINCE MAR 1        0                           0       0      0
  SINCE JAN 1        0                           0       0      0
...................................................................

WIND (MPH)
 HIGHEST WIND SPEED    23     HIGHEST WIND DIRECTION    130
 HIGHEST GUST SPEED    38     HIGHEST GUST DIRECTION    120
 AVERAGE WIND SPEED   8.9

WEATHER CONDITIONS
 THE FOLLOWING WEATHER WAS RECORDED YESTERDAY.
  RAIN

...................................................................

THE YAKUTAT CLIMATE NORMALS FOR TODAY
                           NORMAL    RECORD   YEAR
 MAXIMUM TEMPERATURE (F)     47        62     1994
 MINIMUM TEMPERATURE (F)     31        16     1972

SUNRISE AND SUNSET
 APR 21 2014..........SUNRISE  5:46 AM      SUNSET  8:51 PM
 APR 22 2014..........SUNRISE  5:43 AM      SUNSET  8:53 PM

-  INDICATES NEGATIVE NUMBERS.
R  INDICATES RECORD HAS BEEN SET OR TIED.
MM INDICATES DATA IS MISSING.
T  INDICATES TRACE OF PRECIPITATION.

&&
-------------------------------------------------------------------

AMOUNT OF DAYLIGHT TODAY  (HOUR:MIN)........15 HOURS 5 MINUTES
GAIN/LOSS SINCE YESTERDAY (HOUR:MIN:SEC)....+0:05:14

$$
TR APR 14





U.S. Dept. of Commerce
NOAA National Weather Service
1325 East West Highway
Silver Spring, MD 20910
E-mail: w-nws.webmaster@noaa.gov
Page last modified: May 16, 2007
NATIONAL WEATHER SERVICE: for Safety, for Work, for Fun - FOR LIFE