516
CDAK47 PAYA 210912
CLIYAK

CLIMATE REPORT
NATIONAL WEATHER SERVICE YAKUTAT, AK
112 AM AKDT THU AUG 21 2014

...................................
...THE YAKUTAT AP CLIMATE SUMMARY FOR AUGUST 20 2014...

CLIMATE NORMAL PERIOD  1981 TO  2010
CLIMATE RECORD PERIOD  1948 TO  2014

WEATHER ITEM   OBSERVED TIME    RECORD YEAR NORMAL DEPARTURE LAST
               VALUE    (LST)   VALUE       VALUE  FROM      YEAR
                                                   NORMAL
...................................................................
TEMPERATURE
YESTERDAY
 MAXIMUM            63  0355 PM    77  1977     61       2     61
 MINIMUM            44  0411 AM    35  1986     47      -3     43
 AVERAGE            54                          54       0     52

PRECIPITATION
(INCHES)
 YESTERDAY        0.00           2.94  2002   0.47   -0.47   0.80
 MONTH TO DATE   18.33                        8.41    9.92   3.62
 SINCE JUN 1     34.85                       22.68   12.17  13.51
 SINCE JAN 1     73.96                       75.64   -1.68  71.70

SNOWFALL
(INCHES)
 YESTERDAY         0.0            0.0  2014    0.0     0.0    0.0
 MONTH TO DATE     0.0                         0.0     0.0    0.0
 SINCE JUN 1       0.0                         0.0     0.0    0.0
 SINCE JUL 1       0.0                         0.0     0.0    0.0
 SNOW DEPTH (IN)     0                                          0

DEGREE DAYS
 HEATING
  YESTERDAY         11                          11       0     13
  MONTH TO DATE    178                         207     -29    179
  SINCE JUN 1      937                         965     -28    818
  SINCE JUL 1      491                         539     -48    476

 COOLING
  YESTERDAY          0                           0       0      0
  MONTH TO DATE      0                           0       0      0
  SINCE JUN 1        0                           0       0      0
  SINCE JAN 1        0                           0       0      0
...................................................................

WIND (MPH)
 HIGHEST WIND SPEED     9     HIGHEST WIND DIRECTION    270
 HIGHEST GUST SPEED    13     HIGHEST GUST DIRECTION    250
 AVERAGE WIND SPEED   2.8

SKY COVER
  POSSIBLE SUNSHINE    MM          AVERAGE SKY COVER     MM

WEATHER CONDITIONS
 THE FOLLOWING WEATHER WAS RECORDED YESTERDAY.
  FOG


RELATIVE HUMIDITY
 HIGHEST RH     MM PERCENT       MM
 LOWEST  RH     MM PERCENT       MM
 AVERAGE RH     MM PERCENT       MM
...................................................................

THE YAKUTAT CLIMATE NORMALS FOR TODAY
                           NORMAL    RECORD   YEAR
 MAXIMUM TEMPERATURE (F)     60        72     2001
 MINIMUM TEMPERATURE (F)     46        34     1986

SUNRISE AND SUNSET
 AUG 21 2014..........SUNRISE  5:50 AM      SUNSET  8:53 PM
 AUG 22 2014..........SUNRISE  5:53 AM      SUNSET  8:50 PM

-  INDICATES NEGATIVE NUMBERS.
R  INDICATES RECORD HAS BEEN SET OR TIED.
MM INDICATES DATA IS MISSING.
T  INDICATES TRACE OF PRECIPITATION.

&&
-------------------------------------------------------------------

AMOUNT OF DAYLIGHT TODAY  (HOUR:MIN)........15 HOURS 3 MINUTES
GAIN/LOSS SINCE YESTERDAY (HOUR:MIN:SEC)....-0:05:10

$$
*** AUG 14





U.S. Dept. of Commerce
NOAA National Weather Service
1325 East West Highway
Silver Spring, MD 20910
E-mail: w-nws.webmaster@noaa.gov
Page last modified: May 16, 2007
NATIONAL WEATHER SERVICE: for Safety, for Work, for Fun - FOR LIFE