165
CDUS45 KRIW 310740
CLIWRL


CLIMATE REPORT
NATIONAL WEATHER SERVICE RIVERTON WY
139 AM MDT THU JUL 31 2014


...................................

...THE WORLAND WY CLIMATE SUMMARY FOR JULY 30 2014...

CLIMATE NORMAL PERIOD 1981 TO 2010
CLIMATE RECORD PERIOD 1947 TO 2014


WEATHER ITEM   OBSERVED TIME   RECORD YEAR NORMAL DEPARTURE LAST
                VALUE   (LST)  VALUE       VALUE  FROM      YEAR
                                                  NORMAL
..................................................................
TEMPERATURE (F)
 YESTERDAY
  MAXIMUM         84    401 PM 102    1988  90     -6       84
  MINIMUM         54    516 AM  41    2009  56     -2       58
  AVERAGE         69                        73     -4       71

PRECIPITATION (IN)
  YESTERDAY        0.00          0.13 1985   0.03  -0.03     0.10
  MONTH TO DATE    0.25                      0.69  -0.44     0.30
  SINCE JUN 1      1.87                      1.84   0.03     0.39
  SINCE JAN 1      4.08                      5.00  -0.92     3.08

DEGREE DAYS
 HEATING
  YESTERDAY        0                         0      0        0
  MONTH TO DATE    1                        10     -9        0
  SINCE JUN 1     91                       103    -12       45
  SINCE JUL 1      1                        10     -9        0

 COOLING
  YESTERDAY        4                         8     -4        6
  MONTH TO DATE  273                       220     53      328
  SINCE JUN 1    302                       304     -2      461
  SINCE JAN 1    332                       316     16      478
..................................................................


WIND (MPH)
  HIGHEST WIND SPEED    12   HIGHEST WIND DIRECTION     S (160)
  HIGHEST GUST SPEED    25   HIGHEST GUST DIRECTION    SE (150)
  AVERAGE WIND SPEED     4.5


SKY COVER
  POSSIBLE SUNSHINE  MM
  AVERAGE SKY COVER 0.1


WEATHER CONDITIONS
 THE FOLLOWING WEATHER WAS RECORDED YESTERDAY.
  FOG


RELATIVE HUMIDITY (PERCENT)
 HIGHEST   100           200 AM
 LOWEST     23           300 PM
 AVERAGE    62

..........................................................


THE WORLAND WY CLIMATE NORMALS FOR TODAY
                         NORMAL    RECORD    YEAR
 MAXIMUM TEMPERATURE (F)   90       103      1989
 MINIMUM TEMPERATURE (F)   56        45      1968


SUNRISE AND SUNSET
JULY 31 2014..........SUNRISE   559 AM MDT   SUNSET   837 PM MDT
AUGUST  1 2014........SUNRISE   600 AM MDT   SUNSET   835 PM MDT


-  INDICATES NEGATIVE NUMBERS.
R  INDICATES RECORD WAS SET OR TIED.
MM INDICATES DATA IS MISSING.
T  INDICATES TRACE AMOUNT.




$$






U.S. Dept. of Commerce
NOAA National Weather Service
1325 East West Highway
Silver Spring, MD 20910
E-mail: w-nws.webmaster@noaa.gov
Page last modified: May 16, 2007
NATIONAL WEATHER SERVICE: for Safety, for Work, for Fun - FOR LIFE