384
CDUS45 KRIW 020736
CLIWRL


CLIMATE REPORT
NATIONAL WEATHER SERVICE RIVERTON WY
134 AM MDT TUE SEP 2 2014


...................................

...THE WORLAND WY CLIMATE SUMMARY FOR SEPTEMBER 1 2014...

CLIMATE NORMAL PERIOD 1981 TO 2010
CLIMATE RECORD PERIOD 1947 TO 2014


WEATHER ITEM   OBSERVED TIME   RECORD YEAR NORMAL DEPARTURE LAST
                VALUE   (LST)  VALUE       VALUE  FROM      YEAR
                                                  NORMAL
..................................................................
TEMPERATURE (F)
 YESTERDAY
  MAXIMUM         73    435 PM 100    1983  82     -9       93
  MINIMUM         48   1150 PM  36    1965  49     -1       50
  AVERAGE         61                        65     -4       72

PRECIPITATION (IN)
  YESTERDAY        0.03          0.73 2008   0.02   0.01     0.00
  MONTH TO DATE    0.03                      0.02   0.01     0.00
  SINCE SEP 1      0.03                      0.02   0.01     0.00
  SINCE JAN 1      5.62                      5.47   0.15     3.21

DEGREE DAYS
 HEATING
  YESTERDAY        4                         2      2        0
  MONTH TO DATE    4                         2      2        0
  SINCE SEP 1      4                         2      2        0
  SINCE JUL 1     38                        38      0        0

 COOLING
  YESTERDAY        0                         3     -3        7
  MONTH TO DATE    0                         3     -3        7
  SINCE SEP 1      0                         3     -3        7
  SINCE JAN 1    509                       509      0      768
..................................................................


WIND (MPH)
  HIGHEST WIND SPEED    14   HIGHEST WIND DIRECTION     S (170)
  HIGHEST GUST SPEED    18   HIGHEST GUST DIRECTION     S (160)
  AVERAGE WIND SPEED     4.9


SKY COVER
  POSSIBLE SUNSHINE  MM
  AVERAGE SKY COVER 0.3


WEATHER CONDITIONS
 THE FOLLOWING WEATHER WAS RECORDED YESTERDAY.
  LIGHT RAIN
  FOG


RELATIVE HUMIDITY (PERCENT)
 HIGHEST    93           700 AM
 LOWEST     29           500 PM
 AVERAGE    61

..........................................................


THE WORLAND WY CLIMATE NORMALS FOR TODAY
                         NORMAL    RECORD    YEAR
 MAXIMUM TEMPERATURE (F)   82        98      1976
 MINIMUM TEMPERATURE (F)   48        32      1974


SUNRISE AND SUNSET
SEPTEMBER  2 2014.....SUNRISE   636 AM MDT   SUNSET   746 PM MDT
SEPTEMBER  3 2014.....SUNRISE   637 AM MDT   SUNSET   744 PM MDT


-  INDICATES NEGATIVE NUMBERS.
R  INDICATES RECORD WAS SET OR TIED.
MM INDICATES DATA IS MISSING.
T  INDICATES TRACE AMOUNT.




$$






U.S. Dept. of Commerce
NOAA National Weather Service
1325 East West Highway
Silver Spring, MD 20910
E-mail: w-nws.webmaster@noaa.gov
Page last modified: May 16, 2007
NATIONAL WEATHER SERVICE: for Safety, for Work, for Fun - FOR LIFE