337
CDUS45 KRIW 220741
CLIWRL


CLIMATE REPORT
NATIONAL WEATHER SERVICE RIVERTON WY
1241 AM MST MON DEC 22 2014


...................................

...THE WORLAND WY CLIMATE SUMMARY FOR DECEMBER 21 2014...

CLIMATE NORMAL PERIOD 1981 TO 2010
CLIMATE RECORD PERIOD 1947 TO 2014


WEATHER ITEM   OBSERVED TIME   RECORD YEAR NORMAL DEPARTURE LAST
                VALUE   (LST)  VALUE       VALUE  FROM      YEAR
                                                  NORMAL
..................................................................
TEMPERATURE (F)
 YESTERDAY
  MAXIMUM         37    839 PM  54    1969  29      8       24
  MINIMUM          8    230 AM -50    1990   3      5        5
  AVERAGE         23                        16      7       15

PRECIPITATION (IN)
  YESTERDAY        0.07          0.18 1960   0.01   0.06     0.01
  MONTH TO DATE    0.39                      0.16   0.23     0.03
  SINCE DEC 1      0.39                      0.16   0.23     0.03
  SINCE JAN 1      7.95                      7.50   0.45     7.77

DEGREE DAYS
 HEATING
  YESTERDAY       42                        49     -7       50
  MONTH TO DATE  865                       980   -115     1086
  SINCE DEC 1    865                       980   -115     1086
  SINCE JUL 1   2781                      2872    -91     2942

 COOLING
  YESTERDAY        0                         0      0        0
  MONTH TO DATE    0                         0      0        0
  SINCE DEC 1      0                         0      0        0
  SINCE JAN 1    543                       535      8      852
..................................................................


WIND (MPH)
  HIGHEST WIND SPEED    24   HIGHEST WIND DIRECTION    NE (30)
  HIGHEST GUST SPEED    33   HIGHEST GUST DIRECTION    NE (40)
  AVERAGE WIND SPEED     5.8


SKY COVER
  POSSIBLE SUNSHINE  MM
  AVERAGE SKY COVER 0.5


WEATHER CONDITIONS
 THE FOLLOWING WEATHER WAS RECORDED YESTERDAY.
  RAIN
  LIGHT RAIN
  FOG


RELATIVE HUMIDITY (PERCENT)
 HIGHEST   100           500 PM
 LOWEST     72           100 PM
 AVERAGE    86

..........................................................


THE WORLAND WY CLIMATE NORMALS FOR TODAY
                         NORMAL    RECORD    YEAR
 MAXIMUM TEMPERATURE (F)   29        55      1964
 MINIMUM TEMPERATURE (F)    3       -45      1990


SUNRISE AND SUNSET
DECEMBER 22 2014......SUNRISE   744 AM MST   SUNSET   437 PM MST
DECEMBER 23 2014......SUNRISE   744 AM MST   SUNSET   438 PM MST


-  INDICATES NEGATIVE NUMBERS.
R  INDICATES RECORD WAS SET OR TIED.
MM INDICATES DATA IS MISSING.
T  INDICATES TRACE AMOUNT.




$$





U.S. Dept. of Commerce
NOAA National Weather Service
1325 East West Highway
Silver Spring, MD 20910
E-mail: w-nws.webmaster@noaa.gov
Page last modified: May 16, 2007
NATIONAL WEATHER SERVICE: for Safety, for Work, for Fun - FOR LIFE