203
CDUS45 KRIW 180731
CLIWRL


CLIMATE REPORT
NATIONAL WEATHER SERVICE RIVERTON WY
130 AM MDT FRI APR 18 2014


...................................

...THE WORLAND WY CLIMATE SUMMARY FOR APRIL 17 2014...

CLIMATE NORMAL PERIOD 1981 TO 2010
CLIMATE RECORD PERIOD 1947 TO 2014


WEATHER ITEM   OBSERVED TIME   RECORD YEAR NORMAL DEPARTURE LAST
                VALUE   (LST)  VALUE       VALUE  FROM      YEAR
                                                  NORMAL
..................................................................
TEMPERATURE (F)
 YESTERDAY
  MAXIMUM         64    437 PM  84    1987  60      4       36
  MINIMUM         30    537 AM  18    2008  31     -1       21
                                      1982
  AVERAGE         47                        46      1       29

PRECIPITATION (IN)
  YESTERDAY        0.00          0.45 1977   0.03  -0.03      T
  MONTH TO DATE    0.27                      0.37  -0.10     0.33
  SINCE MAR 1      0.67                      0.83  -0.16     0.53
  SINCE JAN 1      1.05                      1.25  -0.20     0.92

DEGREE DAYS
 HEATING
  YESTERDAY       18                        19     -1       36
  MONTH TO DATE  379                       361     18      432
  SINCE MAR 1   1319                      1246     73     1305
  SINCE JUL 1   7699                      7247    452     6887

 COOLING
  YESTERDAY        0                         0      0        0
  MONTH TO DATE    0                         0      0        0
  SINCE MAR 1      0                         0      0        0
  SINCE JAN 1      0                         0      0        0
..................................................................


WIND (MPH)
  HIGHEST WIND SPEED    15   HIGHEST WIND DIRECTION    SE (140)
  HIGHEST GUST SPEED    19   HIGHEST GUST DIRECTION    SE (150)
  AVERAGE WIND SPEED     7.2


SKY COVER
  POSSIBLE SUNSHINE  MM
  AVERAGE SKY COVER 0.0


WEATHER CONDITIONS
 THE FOLLOWING WEATHER WAS RECORDED YESTERDAY.
  NO SIGNIFICANT WEATHER WAS OBSERVED.


RELATIVE HUMIDITY (PERCENT)
 HIGHEST    92           300 AM
 LOWEST     20           300 PM
 AVERAGE    56

..........................................................


THE WORLAND WY CLIMATE NORMALS FOR TODAY
                         NORMAL    RECORD    YEAR
 MAXIMUM TEMPERATURE (F)   61        83      2001
 MINIMUM TEMPERATURE (F)   32        17      2013


SUNRISE AND SUNSET
APRIL 18 2014.........SUNRISE   624 AM MDT   SUNSET   759 PM MDT
APRIL 19 2014.........SUNRISE   622 AM MDT   SUNSET   801 PM MDT


-  INDICATES NEGATIVE NUMBERS.
R  INDICATES RECORD WAS SET OR TIED.
MM INDICATES DATA IS MISSING.
T  INDICATES TRACE AMOUNT.




$$





U.S. Dept. of Commerce
NOAA National Weather Service
1325 East West Highway
Silver Spring, MD 20910
E-mail: w-nws.webmaster@noaa.gov
Page last modified: May 16, 2007
NATIONAL WEATHER SERVICE: for Safety, for Work, for Fun - FOR LIFE