121
CDUS45 KRIW 310733
CLIWRL


CLIMATE REPORT
NATIONAL WEATHER SERVICE RIVERTON WY
126 AM MDT FRI OCT 31 2014


...................................

...THE WORLAND WY CLIMATE SUMMARY FOR OCTOBER 30 2014...

CLIMATE NORMAL PERIOD 1981 TO 2010
CLIMATE RECORD PERIOD 1947 TO 2014


WEATHER ITEM   OBSERVED TIME   RECORD YEAR NORMAL DEPARTURE LAST
                VALUE   (LST)  VALUE       VALUE  FROM      YEAR
                                                  NORMAL
..................................................................
TEMPERATURE (F)
 YESTERDAY
  MAXIMUM         63    316 PM  75    1990  54      9       47
  MINIMUM         26    422 AM   1    1971  25      1       28
  AVERAGE         45                        40      5       38

PRECIPITATION (IN)
  YESTERDAY        0.00          0.59 1963   0.02  -0.02      T
  MONTH TO DATE    0.27                      0.68  -0.41     1.78
  SINCE SEP 1      1.40                      1.53  -0.13     4.41
  SINCE JAN 1      6.99                      6.98   0.01     7.62

DEGREE DAYS
 HEATING
  YESTERDAY       20                        25     -5       27
  MONTH TO DATE  421                       579   -158      661
  SINCE SEP 1    599                       800   -201      807
  SINCE JUL 1    633                       836   -203      807

 COOLING
  YESTERDAY        0                         0      0        0
  MONTH TO DATE    0                         0      0        0
  SINCE SEP 1     34                        29      5       91
  SINCE JAN 1    543                       535      8      852
..................................................................


WIND (MPH)
  HIGHEST WIND SPEED    13   HIGHEST WIND DIRECTION     S (180)
  HIGHEST GUST SPEED    13   HIGHEST GUST DIRECTION     S (180)
  AVERAGE WIND SPEED     4.2


SKY COVER
  POSSIBLE SUNSHINE  MM
  AVERAGE SKY COVER 0.0


WEATHER CONDITIONS
 THE FOLLOWING WEATHER WAS RECORDED YESTERDAY.
  NO SIGNIFICANT WEATHER WAS OBSERVED.


RELATIVE HUMIDITY (PERCENT)
 HIGHEST    69           400 AM
 LOWEST     23           300 PM
 AVERAGE    46

..........................................................


THE WORLAND WY CLIMATE NORMALS FOR TODAY
                         NORMAL    RECORD    YEAR
 MAXIMUM TEMPERATURE (F)   54        77      1999
 MINIMUM TEMPERATURE (F)   25        -3      1991


SUNRISE AND SUNSET
OCTOBER 31 2014.......SUNRISE   747 AM MDT   SUNSET   603 PM MDT
NOVEMBER  1 2014......SUNRISE   748 AM MDT   SUNSET   602 PM MDT


-  INDICATES NEGATIVE NUMBERS.
R  INDICATES RECORD WAS SET OR TIED.
MM INDICATES DATA IS MISSING.
T  INDICATES TRACE AMOUNT.




$$





U.S. Dept. of Commerce
NOAA National Weather Service
1325 East West Highway
Silver Spring, MD 20910
E-mail: w-nws.webmaster@noaa.gov
Page last modified: May 16, 2007
NATIONAL WEATHER SERVICE: for Safety, for Work, for Fun - FOR LIFE