908
CDUS45 KRIW 180035
CLIWRL


CLIMATE REPORT
NATIONAL WEATHER SERVICE RIVERTON WY
632 PM MDT WED SEP 17 2014


...................................

...THE WORLAND WY CLIMATE SUMMARY FOR SEPTEMBER 17 2014...
VALID TODAY AS OF 0500 PM LOCAL TIME.

CLIMATE NORMAL PERIOD 1981 TO 2010
CLIMATE RECORD PERIOD 1947 TO 2014


WEATHER ITEM   OBSERVED TIME   RECORD YEAR NORMAL DEPARTURE LAST
                VALUE   (LST)  VALUE       VALUE  FROM      YEAR
                                                  NORMAL
..................................................................
TEMPERATURE (F)
 TODAY
  MAXIMUM         87        MM  94    1964  74     13       89
  MINIMUM         48        MM  27    1965  42      6       52
  AVERAGE         68                        58     10       71

PRECIPITATION (IN)
  TODAY            0.00          0.44 2013   0.03  -0.03     0.44
  MONTH TO DATE    0.68                      0.42   0.26     0.81
  SINCE SEP 1      0.68                      0.42   0.26     0.81
  SINCE JAN 1      6.27                      5.87   0.40     4.02

DEGREE DAYS
 HEATING
  TODAY            0                         8     -8        0
  MONTH TO DATE  132                        82     50       17
  SINCE SEP 1    132                        82     50       17
  SINCE JUL 1    166                       118     48       17

 COOLING
  TODAY            3                         1      2        6
  MONTH TO DATE   10                        27    -17       90
  SINCE SEP 1     10                        27    -17       90
  SINCE JAN 1    519                       533    -14      851
..................................................................


WIND (MPH)
  HIGHEST WIND SPEED     7   HIGHEST WIND DIRECTION     S (190)
  HIGHEST GUST SPEED    MM   HIGHEST GUST DIRECTION    MM
  AVERAGE WIND SPEED     3.7


SKY COVER
  POSSIBLE SUNSHINE  MM
  AVERAGE SKY COVER 0.0


WEATHER CONDITIONS
 THE FOLLOWING WEATHER WAS RECORDED TODAY.
  NO SIGNIFICANT WEATHER WAS OBSERVED.


RELATIVE HUMIDITY (PERCENT)
 HIGHEST    86           600 AM
 LOWEST     23           400 PM
 AVERAGE    55

..........................................................


THE WORLAND WY CLIMATE NORMALS FOR TOMORROW
                         NORMAL    RECORD    YEAR
 MAXIMUM TEMPERATURE (F)   73        93      1998
 MINIMUM TEMPERATURE (F)   42        21      1965


SUNRISE AND SUNSET
SEPTEMBER 17 2014.....SUNRISE   653 AM MDT   SUNSET   718 PM MDT
SEPTEMBER 18 2014.....SUNRISE   654 AM MDT   SUNSET   716 PM MDT


-  INDICATES NEGATIVE NUMBERS.
R  INDICATES RECORD WAS SET OR TIED.
MM INDICATES DATA IS MISSING.
T  INDICATES TRACE AMOUNT.




$$





U.S. Dept. of Commerce
NOAA National Weather Service
1325 East West Highway
Silver Spring, MD 20910
E-mail: w-nws.webmaster@noaa.gov
Page last modified: May 16, 2007
NATIONAL WEATHER SERVICE: for Safety, for Work, for Fun - FOR LIFE