743
CDUS45 KRIW 260039
CLIWRL


CLIMATE REPORT
NATIONAL WEATHER SERVICE RIVERTON WY
629 PM MDT SAT OCT 25 2014


...................................

...THE WORLAND WY CLIMATE SUMMARY FOR OCTOBER 25 2014...
VALID TODAY AS OF 0500 PM LOCAL TIME.

CLIMATE NORMAL PERIOD 1981 TO 2010
CLIMATE RECORD PERIOD 1947 TO 2014


WEATHER ITEM   OBSERVED TIME   RECORD YEAR NORMAL DEPARTURE LAST
                VALUE   (LST)  VALUE       VALUE  FROM      YEAR
                                                  NORMAL
..................................................................
TEMPERATURE (F)
 TODAY
  MAXIMUM         81R       MM  79    1979  57     24       64
  MINIMUM         28        MM  16    2001  27      1       29
  AVERAGE         55                        42     13       47

PRECIPITATION (IN)
  TODAY            0.00          0.20 1996   0.01  -0.01     0.00
  MONTH TO DATE    0.27                      0.60  -0.33     1.65
  SINCE SEP 1      1.40                      1.45  -0.05     4.28
  SINCE JAN 1      6.99                      6.90   0.09     7.49

DEGREE DAYS
 HEATING
  TODAY           10                        23    -13       18
  MONTH TO DATE  312                       458   -146      552
  SINCE SEP 1    490                       679   -189      698
  SINCE JUL 1    524                       715   -191      698

 COOLING
  TODAY            0                         0      0        0
  MONTH TO DATE    0                         0      0        0
  SINCE SEP 1     34                        29      5       91
  SINCE JAN 1    543                       535      8      852
..................................................................


WIND (MPH)
  HIGHEST WIND SPEED    17   HIGHEST WIND DIRECTION     S (180)
  HIGHEST GUST SPEED    27   HIGHEST GUST DIRECTION     S (180)
  AVERAGE WIND SPEED     6.4


SKY COVER
  POSSIBLE SUNSHINE  MM
  AVERAGE SKY COVER 0.0


WEATHER CONDITIONS
 THE FOLLOWING WEATHER WAS RECORDED TODAY.
  NO SIGNIFICANT WEATHER WAS OBSERVED.


RELATIVE HUMIDITY (PERCENT)
 HIGHEST    92           500 AM
 LOWEST     11           300 PM
 AVERAGE    52

..........................................................


THE WORLAND WY CLIMATE NORMALS FOR TOMORROW
                         NORMAL    RECORD    YEAR
 MAXIMUM TEMPERATURE (F)   56        79      1999
 MINIMUM TEMPERATURE (F)   27        17      2012


SUNRISE AND SUNSET
OCTOBER 25 2014.......SUNRISE   739 AM MDT   SUNSET   612 PM MDT
OCTOBER 26 2014.......SUNRISE   740 AM MDT   SUNSET   610 PM MDT


-  INDICATES NEGATIVE NUMBERS.
R  INDICATES RECORD WAS SET OR TIED.
MM INDICATES DATA IS MISSING.
T  INDICATES TRACE AMOUNT.




$$





U.S. Dept. of Commerce
NOAA National Weather Service
1325 East West Highway
Silver Spring, MD 20910
E-mail: w-nws.webmaster@noaa.gov
Page last modified: May 16, 2007
NATIONAL WEATHER SERVICE: for Safety, for Work, for Fun - FOR LIFE