181
CDUS41 KALY 021505
CLIWRK


CLIMATE REPORT
NATIONAL WEATHER SERVICE ALBANY NY
1104 AM EDT THU OCT 2 2014


...................................

...THE POUGHKEEPSIE NY CLIMATE SUMMARY FOR OCTOBER 1 2014...

CLIMATE NORMAL PERIOD 1981 TO 2010
CLIMATE RECORD PERIOD 1949 TO 2014


WEATHER ITEM   OBSERVED TIME   RECORD YEAR NORMAL DEPARTURE LAST
                VALUE   (LST)  VALUE       VALUE  FROM      YEAR
                                                  NORMAL
..................................................................
TEMPERATURE (F)
 YESTERDAY
  MAXIMUM         65    351 PM  83    1954  69     -4       79
  MINIMUM         58    156 AM  28    1992  45     13       43
  AVERAGE         62                        57      5       61

PRECIPITATION (IN)
  YESTERDAY        0.14          2.31 1966   0.15  -0.01     0.00
  MONTH TO DATE    0.14                      0.15  -0.01     0.00
  SINCE SEP 1      0.66                      4.43  -3.77     2.32
  SINCE JAN 1     25.33                     35.21  -9.88    32.54

DEGREE DAYS
 HEATING
  YESTERDAY        3                         9     -6        4
  MONTH TO DATE    3                         9     -6        4
  SINCE SEP 1     92                       132    -40      144
  SINCE JUL 1     97                       149    -52      147

 COOLING
  YESTERDAY        0                         0      0        0
  MONTH TO DATE    0                         0      0        0
  SINCE SEP 1     86                        64     22       64
  SINCE JAN 1    683                       668     15      821
..................................................................


WIND (MPH)
  HIGHEST WIND SPEED    12   HIGHEST WIND DIRECTION     N (20)
  HIGHEST GUST SPEED    14   HIGHEST GUST DIRECTION     N (20)
  AVERAGE WIND SPEED     3.7


SKY COVER
  AVERAGE SKY COVER 1.0



RELATIVE HUMIDITY (PERCENT)
 HIGHEST    93           100 AM
 LOWEST     84          1200 AM
 AVERAGE    89

..........................................................


THE POUGHKEEPSIE NY CLIMATE NORMALS FOR TODAY
                         NORMAL    RECORD    YEAR
 MAXIMUM TEMPERATURE (F)   68        84      2002
 MINIMUM TEMPERATURE (F)   44        31      1960


SUNRISE AND SUNSET
OCTOBER  2 2014.......SUNRISE   653 AM EDT   SUNSET   636 PM EDT
OCTOBER  3 2014.......SUNRISE   654 AM EDT   SUNSET   634 PM EDT


-  INDICATES NEGATIVE NUMBERS.
R  INDICATES RECORD WAS SET OR TIED.
MM INDICATES DATA IS MISSING.
T  INDICATES TRACE AMOUNT.




$$






U.S. Dept. of Commerce
NOAA National Weather Service
1325 East West Highway
Silver Spring, MD 20910
E-mail: w-nws.webmaster@noaa.gov
Page last modified: May 16, 2007
NATIONAL WEATHER SERVICE: for Safety, for Work, for Fun - FOR LIFE