156
CDUS41 KALY 290623
CLIWRK


CLIMATE REPORT
NATIONAL WEATHER SERVICE ALBANY NY
222 AM EDT MON SEP 29 2014


...................................

...THE POUGHKEEPSIE NY CLIMATE SUMMARY FOR SEPTEMBER 28 2014...

CLIMATE NORMAL PERIOD 1981 TO 2010
CLIMATE RECORD PERIOD 1949 TO 2014


WEATHER ITEM   OBSERVED TIME   RECORD YEAR NORMAL DEPARTURE LAST
                VALUE   (LST)  VALUE       VALUE  FROM      YEAR
                                                  NORMAL
..................................................................
TEMPERATURE (F)
 YESTERDAY
  MAXIMUM         86R   319 PM  83    1959  70     16       73
  MINIMUM         50    508 AM  28    1965  46      4       44
  AVERAGE         68                        58     10       59

PRECIPITATION (IN)
  YESTERDAY        0.00          2.37 2004   0.16  -0.16     0.00
  MONTH TO DATE    0.52                      3.97  -3.45     2.32
  SINCE SEP 1      0.52                      3.97  -3.45     2.32
  SINCE JAN 1     25.19                     34.75  -9.56    32.54

DEGREE DAYS
 HEATING
  YESTERDAY        0                         8     -8        6
  MONTH TO DATE   89                       108    -19      130
  SINCE SEP 1     89                       108    -19      130
  SINCE JUL 1     94                       125    -31      133

 COOLING
  YESTERDAY        3                         1      2        0
  MONTH TO DATE   82                        64     18       64
  SINCE SEP 1     82                        64     18       64
  SINCE JAN 1    679                       668     11      821
..................................................................


WIND (MPH)
  HIGHEST WIND SPEED     8   HIGHEST WIND DIRECTION    SW (240)
  HIGHEST GUST SPEED    10   HIGHEST GUST DIRECTION     W (270)
  AVERAGE WIND SPEED     0.8


SKY COVER
  AVERAGE SKY COVER 0.1



RELATIVE HUMIDITY (PERCENT)
 HIGHEST    96           300 AM
 LOWEST     35           300 PM
 AVERAGE    66

..........................................................


THE POUGHKEEPSIE NY CLIMATE NORMALS FOR TODAY
                         NORMAL    RECORD    YEAR
 MAXIMUM TEMPERATURE (F)   70        84      1959
 MINIMUM TEMPERATURE (F)   46        27      1957


SUNRISE AND SUNSET
SEPTEMBER 29 2014.....SUNRISE   650 AM EDT   SUNSET   641 PM EDT
SEPTEMBER 30 2014.....SUNRISE   651 AM EDT   SUNSET   639 PM EDT


-  INDICATES NEGATIVE NUMBERS.
R  INDICATES RECORD WAS SET OR TIED.
MM INDICATES DATA IS MISSING.
T  INDICATES TRACE AMOUNT.




$$





U.S. Dept. of Commerce
NOAA National Weather Service
1325 East West Highway
Silver Spring, MD 20910
E-mail: w-nws.webmaster@noaa.gov
Page last modified: May 16, 2007
NATIONAL WEATHER SERVICE: for Safety, for Work, for Fun - FOR LIFE