455
CDUS41 KALY 230624
CLIWRK


CLIMATE REPORT
NATIONAL WEATHER SERVICE ALBANY NY
223 AM EDT WED APR 23 2014


...................................

...THE POUGHKEEPSIE NY CLIMATE SUMMARY FOR APRIL 22 2014...

CLIMATE NORMAL PERIOD 1981 TO 2010
CLIMATE RECORD PERIOD 1949 TO 2014


WEATHER ITEM   OBSERVED TIME   RECORD YEAR NORMAL DEPARTURE LAST
                VALUE   (LST)  VALUE       VALUE  FROM      YEAR
                                                  NORMAL
..................................................................
TEMPERATURE (F)
 YESTERDAY
  MAXIMUM         73   1256 PM  87    1985  64      9       59
  MINIMUM         44    442 AM  24    1981  39      5       32
  AVERAGE         59                        51      8       46

PRECIPITATION (IN)
  YESTERDAY        T             1.30 2012   0.12  -0.12     0.00
  MONTH TO DATE    1.72                      2.77  -1.05     1.32
  SINCE MAR 1      4.47                      6.34  -1.87     2.80
  SINCE JAN 1      8.75                     12.08  -3.33     6.46

DEGREE DAYS
 HEATING
  YESTERDAY        6                        14     -8       19
  MONTH TO DATE  349                       393    -44      372
  SINCE MAR 1   1376                      1267    109     1240
  SINCE JUL 1   6079                      5838    241     5361

 COOLING
  YESTERDAY        0                         0      0        0
  MONTH TO DATE    6                         0      6        0
  SINCE MAR 1      6                         0      6        0
  SINCE JAN 1      6                         0      6        0
..................................................................


WIND (MPH)
  HIGHEST WIND SPEED    16   HIGHEST WIND DIRECTION     W (260)
  HIGHEST GUST SPEED    20   HIGHEST GUST DIRECTION     W (250)
  AVERAGE WIND SPEED     4.4


SKY COVER
  AVERAGE SKY COVER 0.3



RELATIVE HUMIDITY (PERCENT)
 HIGHEST    89          1100 PM
 LOWEST     33           100 PM
 AVERAGE    61

..........................................................


THE POUGHKEEPSIE NY CLIMATE NORMALS FOR TODAY
                         NORMAL    RECORD    YEAR
 MAXIMUM TEMPERATURE (F)   64        86      2007
 MINIMUM TEMPERATURE (F)   39        21      1989


SUNRISE AND SUNSET
APRIL 23 2014.........SUNRISE   604 AM EDT   SUNSET   745 PM EDT
APRIL 24 2014.........SUNRISE   602 AM EDT   SUNSET   746 PM EDT


-  INDICATES NEGATIVE NUMBERS.
R  INDICATES RECORD WAS SET OR TIED.
MM INDICATES DATA IS MISSING.
T  INDICATES TRACE AMOUNT.




$$





U.S. Dept. of Commerce
NOAA National Weather Service
1325 East West Highway
Silver Spring, MD 20910
E-mail: w-nws.webmaster@noaa.gov
Page last modified: May 16, 2007
NATIONAL WEATHER SERVICE: for Safety, for Work, for Fun - FOR LIFE