351
CDUS41 KALY 020628
CLIWRK


CLIMATE REPORT
NATIONAL WEATHER SERVICE ALBANY NY
227 AM EDT TUE SEP 2 2014


...................................

...THE POUGHKEEPSIE NY CLIMATE SUMMARY FOR SEPTEMBER 1 2014...

CLIMATE NORMAL PERIOD 1981 TO 2010
CLIMATE RECORD PERIOD 1949 TO 2014


WEATHER ITEM   OBSERVED TIME   RECORD YEAR NORMAL DEPARTURE LAST
                VALUE   (LST)  VALUE       VALUE  FROM      YEAR
                                                  NORMAL
..................................................................
TEMPERATURE (F)
 YESTERDAY
  MAXIMUM         87    350 PM  98    1953  80      7       82
  MINIMUM         69    536 AM  44    2009  56     13       70
  AVERAGE         78                        68     10       76

PRECIPITATION (IN)
  YESTERDAY        0.00          2.50 1952   0.13  -0.13     0.21
  MONTH TO DATE    0.00                      0.13  -0.13     0.21
  SINCE SEP 1      0.00                      0.13  -0.13     0.21
  SINCE JAN 1     24.67                     30.91  -6.24    30.43

DEGREE DAYS
 HEATING
  YESTERDAY        0                         1     -1        0
  MONTH TO DATE    0                         1     -1        0
  SINCE SEP 1      0                         1     -1        0
  SINCE JUL 1      5                        18    -13        3

 COOLING
  YESTERDAY       13                         4      9       11
  MONTH TO DATE   13                         4      9       11
  SINCE SEP 1     13                         4      9       11
  SINCE JAN 1    610                       608      2      768
..................................................................


WIND (MPH)
  HIGHEST WIND SPEED    12   HIGHEST WIND DIRECTION    SW (230)
  HIGHEST GUST SPEED    16   HIGHEST GUST DIRECTION    SW (210)
  AVERAGE WIND SPEED     2.9


SKY COVER
  AVERAGE SKY COVER 0.5



RELATIVE HUMIDITY (PERCENT)
 HIGHEST    97           500 AM
 LOWEST     55           200 PM
 AVERAGE    76

..........................................................


THE POUGHKEEPSIE NY CLIMATE NORMALS FOR TODAY
                         NORMAL    RECORD    YEAR
 MAXIMUM TEMPERATURE (F)   80       101      1953
 MINIMUM TEMPERATURE (F)   56        41      1991


SUNRISE AND SUNSET
SEPTEMBER  2 2014.....SUNRISE   622 AM EDT   SUNSET   727 PM EDT
SEPTEMBER  3 2014.....SUNRISE   623 AM EDT   SUNSET   725 PM EDT


-  INDICATES NEGATIVE NUMBERS.
R  INDICATES RECORD WAS SET OR TIED.
MM INDICATES DATA IS MISSING.
T  INDICATES TRACE AMOUNT.




$$





U.S. Dept. of Commerce
NOAA National Weather Service
1325 East West Highway
Silver Spring, MD 20910
E-mail: w-nws.webmaster@noaa.gov
Page last modified: May 16, 2007
NATIONAL WEATHER SERVICE: for Safety, for Work, for Fun - FOR LIFE