538
CDUS41 KALY 202045
CLIWRK


CLIMATE REPORT
NATIONAL WEATHER SERVICE ALBANY NY
444 PM EDT SAT SEP 20 2014


...................................

...THE POUGHKEEPSIE NY CLIMATE SUMMARY FOR SEPTEMBER 20 2014...
VALID TODAY AS OF 0400 PM LOCAL TIME.

CLIMATE NORMAL PERIOD 1981 TO 2010
CLIMATE RECORD PERIOD 1949 TO 2014


WEATHER ITEM   OBSERVED TIME   RECORD YEAR NORMAL DEPARTURE LAST
                VALUE   (LST)  VALUE       VALUE  FROM      YEAR
                                                  NORMAL
..................................................................
TEMPERATURE (F)
 TODAY
  MAXIMUM         75    303 PM  92    1983  74      1       80
  MINIMUM         50    159 AM  34    1979  49      1       45
  AVERAGE         63                        61      2       63

PRECIPITATION (IN)
  TODAY            0.00          1.16 1963   0.14  -0.14     0.00
  MONTH TO DATE    0.50                      2.78  -2.28     1.63
  SINCE SEP 1      0.50                      2.78  -2.28     1.63
  SINCE JAN 1     25.17                     33.56  -8.39    31.85

DEGREE DAYS
 HEATING
  TODAY            2                         5     -3        2
  MONTH TO DATE   60                        56      4       72
  SINCE SEP 1     60                        56      4       72
  SINCE JUL 1     65                        73     -8       75

 COOLING
  TODAY            0                         1     -1        0
  MONTH TO DATE   73                        56     17       64
  SINCE SEP 1     73                        56     17       64
  SINCE JAN 1    670                       660     10      821
..................................................................


WIND (MPH)
  HIGHEST WIND SPEED    15   HIGHEST WIND DIRECTION     S (170)
  HIGHEST GUST SPEED    21   HIGHEST GUST DIRECTION     S (160)
  AVERAGE WIND SPEED     5.2


SKY COVER
  AVERAGE SKY COVER 0.7



RELATIVE HUMIDITY (PERCENT)
 HIGHEST    86           700 AM
 LOWEST     53           100 PM
 AVERAGE    70

..........................................................


THE POUGHKEEPSIE NY CLIMATE NORMALS FOR TOMORROW
                         NORMAL    RECORD    YEAR
 MAXIMUM TEMPERATURE (F)   73        89      1965
 MINIMUM TEMPERATURE (F)   49        30      1962


SUNRISE AND SUNSET
SEPTEMBER 20 2014.....SUNRISE   641 AM EDT   SUNSET   656 PM EDT
SEPTEMBER 21 2014.....SUNRISE   642 AM EDT   SUNSET   655 PM EDT


-  INDICATES NEGATIVE NUMBERS.
R  INDICATES RECORD WAS SET OR TIED.
MM INDICATES DATA IS MISSING.
T  INDICATES TRACE AMOUNT.




$$






U.S. Dept. of Commerce
NOAA National Weather Service
1325 East West Highway
Silver Spring, MD 20910
E-mail: w-nws.webmaster@noaa.gov
Page last modified: May 16, 2007
NATIONAL WEATHER SERVICE: for Safety, for Work, for Fun - FOR LIFE